{"id":5667,"date":"2025-04-28T12:38:00","date_gmt":"2025-04-28T12:38:00","guid":{"rendered":"https:\/\/www.djurskyddet.se\/adalen\/?page_id=5667"},"modified":"2025-04-28T12:38:01","modified_gmt":"2025-04-28T12:38:01","slug":"styrelsen-2","status":"publish","type":"page","link":"https:\/\/www.djurskyddet.se\/adalen\/styrelsen-2\/","title":{"rendered":"Styrelsen"},"content":{"rendered":"\n<p><strong>Styrelsens konstitution 2025:<\/strong><\/p>\n\n\n\n<p>Ordf\u00f6rande<br><em>Ewa-Britt Gerhardsson<\/em><\/p>\n\n\n\n<p>Vice ordf\u00f6rande<br><em>Hassie Fr\u00f6lander<\/em><\/p>\n\n\n\n<p>Kass\u00f6r<br><em>Lars \u00c5hman<\/em><\/p>\n\n\n\n<p>Sekreterare<br><em>Eva-Lotta Strahl<\/em><\/p>\n\n\n\n<p>Ledamot<br><em>Isabelle Sj\u00f6berg<\/em><\/p>\n\n\n\n<p>Suppleanter<br><em>Carina Wahlberg &amp; Ammi Kilpel\u00e4inen<\/em><\/p>\n","protected":false},"excerpt":{"rendered":"<p>Styrelsens konstitution 2025: Ordf\u00f6randeEwa-Britt Gerhardsson Vice ordf\u00f6randeHassie Fr\u00f6lander Kass\u00f6rLars \u00c5hman SekreterareEva-Lotta Strahl LedamotIsabelle Sj\u00f6berg SuppleanterCarina Wahlberg &amp; Ammi Kilpel\u00e4inen<\/p>\n","protected":false},"author":3,"featured_media":0,"parent":0,"menu_order":0,"comment_status":"closed","ping_status":"closed","template":"","meta":{"_acf_changed":false,"footnotes":""},"class_list":["post-5667","page","type-page","status-publish","hentry"],"acf":[],"_links":{"self":[{"href":"https:\/\/www.djurskyddet.se\/adalen\/wp-json\/wp\/v2\/pages\/5667","targetHints":{"allow":["GET"]}}],"collection":[{"href":"https:\/\/www.djurskyddet.se\/adalen\/wp-json\/wp\/v2\/pages"}],"about":[{"href":"https:\/\/www.djurskyddet.se\/adalen\/wp-json\/wp\/v2\/types\/page"}],"author":[{"embeddable":true,"href":"https:\/\/www.djurskyddet.se\/adalen\/wp-json\/wp\/v2\/users\/3"}],"replies":[{"embeddable":true,"href":"https:\/\/www.djurskyddet.se\/adalen\/wp-json\/wp\/v2\/comments?post=5667"}],"version-history":[{"count":1,"href":"https:\/\/www.djurskyddet.se\/adalen\/wp-json\/wp\/v2\/pages\/5667\/revisions"}],"predecessor-version":[{"id":5668,"href":"https:\/\/www.djurskyddet.se\/adalen\/wp-json\/wp\/v2\/pages\/5667\/revisions\/5668"}],"wp:attachment":[{"href":"https:\/\/www.djurskyddet.se\/adalen\/wp-json\/wp\/v2\/media?parent=5667"}],"curies":[{"name":"wp","href":"https:\/\/api.w.org\/{rel}","templated":true}]}}

<p><strong>Styrelsens konstitution 2025:</strong></p>



<p>Ordförande<br><em>Ewa-Britt Gerhardsson</em></p>



<p>Vice ordförande<br><em>Hassie Frölander</em></p>



<p>Kassör<br><em>Lars Åhman</em></p>



<p>Sekreterare<br><em>Eva-Lotta Strahl</em></p>



<p>Ledamot<br><em>Isabelle Sjöberg</em></p>



<p>Suppleanter<br><em>Carina Wahlberg &amp; Ammi Kilpeläinen</em></p>

<p>Styrelsens konstitution 2025: OrdförandeEwa-Britt Gerhardsson Vice ordförandeHassie Frölander KassörLars Åhman SekreterareEva-Lotta Strahl LedamotIsabelle Sjöberg SuppleanterCarina Wahlberg &amp; Ammi Kilpeläinen</p>
