{"id":5585,"date":"2020-01-15T10:09:11","date_gmt":"2020-01-15T10:09:11","guid":{"rendered":"https:\/\/www.djurskyddet.se\/asele\/?page_id=5585"},"modified":"2022-09-16T21:19:29","modified_gmt":"2022-09-16T21:19:29","slug":"om-oss","status":"publish","type":"page","link":"https:\/\/www.djurskyddet.se\/asele\/om-oss\/","title":{"rendered":"Om oss"},"content":{"rendered":"\n<p>Vid ett m\u00f6te den 21 januari 2011 uts\u00e5gs en interimsstyrelse f\u00f6r den nya f\u00f6reningen som s\u00e5 sm\u00e5ningom, den 21 maj 2011, blev Djurskyddet \u00c5sele Katthem&nbsp;Kurrlyan.<\/p>\n\n\n\n<p>Vi vill genom opinionsbildning och information g\u00f6ra skillnad f\u00f6r djuren och sprida kunskap.<\/p>\n\n\n\n<p>Vi \u00e4r en av m\u00e5nga lokalf\u00f6reningar som jobbar med att ta hand om \u00f6vergivna djur som beh\u00f6ver nya k\u00e4rleksfulla hem. Allt arbete \u00e4r helt ideellt.<\/p>\n\n\n\n<p>F\u00f6r oss \u00e4r det en sj\u00e4lvklarhet att inte acceptera att djur \u00f6verges eller far illa av andra anledningar. Djur m\u00e5ste f\u00e5 h\u00f6gre status och h\u00f6gre krav ska st\u00e4llas p\u00e5 djur\u00e4gare.<\/p>\n\n\n\n<p>Vi vill att alla m\u00e4nniskor ska f\u00f6rst\u00e5 vilket stort ansvar det inneb\u00e4r att bli djur\u00e4gare, oavsett om det g\u00e4ller en kanin, katt eller hund. Detta g\u00f6r vi genom att sprida kunskap om djurs behov.<\/p>\n\n\n\n<p>Djurskyddet arbetar s\u00e4rskilt h\u00e5rt f\u00f6r att h\u00f6ja katters status och f\u00f6r att hindra m\u00e4nniskor fr\u00e5n att \u00f6verge dem.<\/p>\n\n\n\n<p>Vi vill ocks\u00e5 att djur som f\u00f6ds upp f\u00f6r att ge eller bli mat ska f\u00e5 leva ett gott liv och kunna utf\u00f6ra sina naturliga beteenden.&nbsp;<\/p>\n\n\n\n<p><\/p>\n","protected":false},"excerpt":{"rendered":"<p>Vid ett m\u00f6te den 21 januari 2011 uts\u00e5gs en interimsstyrelse f\u00f6r den nya f\u00f6reningen som s\u00e5 sm\u00e5ningom, den 21 maj 2011, blev Djurskyddet \u00c5sele Katthem&nbsp;Kurrlyan. Vi vill genom opinionsbildning och information g\u00f6ra skillnad f\u00f6r djuren och sprida kunskap. Vi \u00e4r en av m\u00e5nga lokalf\u00f6reningar som jobbar med att ta hand om \u00f6vergivna djur som beh\u00f6ver nya k\u00e4rleksfulla hem. Allt arbete \u00e4r helt ideellt. F\u00f6r oss \u00e4r det en sj\u00e4lvklarhet att&hellip;<\/p>\n<p><a class=\"more-link\" href=\"https:\/\/www.djurskyddet.se\/asele\/om-oss\/\" title=\"Continue reading &lsquo;Om oss&rsquo;\">L&auml;s mer<span class=\"meta-nav\">&raquo;<\/span><\/a><\/p>\n","protected":false},"author":3,"featured_media":0,"parent":0,"menu_order":0,"comment_status":"closed","ping_status":"closed","template":"left-sidebar.php","meta":{"_acf_changed":false,"footnotes":""},"class_list":["post-5585","page","type-page","status-publish","hentry"],"acf":[],"_links":{"self":[{"href":"https:\/\/www.djurskyddet.se\/asele\/wp-json\/wp\/v2\/pages\/5585","targetHints":{"allow":["GET"]}}],"collection":[{"href":"https:\/\/www.djurskyddet.se\/asele\/wp-json\/wp\/v2\/pages"}],"about":[{"href":"https:\/\/www.djurskyddet.se\/asele\/wp-json\/wp\/v2\/types\/page"}],"author":[{"embeddable":true,"href":"https:\/\/www.djurskyddet.se\/asele\/wp-json\/wp\/v2\/users\/3"}],"replies":[{"embeddable":true,"href":"https:\/\/www.djurskyddet.se\/asele\/wp-json\/wp\/v2\/comments?post=5585"}],"version-history":[{"count":2,"href":"https:\/\/www.djurskyddet.se\/asele\/wp-json\/wp\/v2\/pages\/5585\/revisions"}],"predecessor-version":[{"id":5850,"href":"https:\/\/www.djurskyddet.se\/asele\/wp-json\/wp\/v2\/pages\/5585\/revisions\/5850"}],"wp:attachment":[{"href":"https:\/\/www.djurskyddet.se\/asele\/wp-json\/wp\/v2\/media?parent=5585"}],"curies":[{"name":"wp","href":"https:\/\/api.w.org\/{rel}","templated":true}]}}

<p>Vid ett möte den 21 januari 2011 utsågs en interimsstyrelse för den nya föreningen som så småningom, den 21 maj 2011, blev Djurskyddet Åsele Katthem&nbsp;Kurrlyan.</p>



<p>Vi vill genom opinionsbildning och information göra skillnad för djuren och sprida kunskap.</p>



<p>Vi är en av många lokalföreningar som jobbar med att ta hand om övergivna djur som behöver nya kärleksfulla hem. Allt arbete är helt ideellt.</p>



<p>För oss är det en självklarhet att inte acceptera att djur överges eller far illa av andra anledningar. Djur måste få högre status och högre krav ska ställas på djurägare.</p>



<p>Vi vill att alla människor ska förstå vilket stort ansvar det innebär att bli djurägare, oavsett om det gäller en kanin, katt eller hund. Detta gör vi genom att sprida kunskap om djurs behov.</p>



<p>Djurskyddet arbetar särskilt hårt för att höja katters status och för att hindra människor från att överge dem.</p>



<p>Vi vill också att djur som föds upp för att ge eller bli mat ska få leva ett gott liv och kunna utföra sina naturliga beteenden.&nbsp;</p>



<p></p>

<p>Vid ett möte den 21 januari 2011 utsågs en interimsstyrelse för den nya föreningen som så småningom, den 21 maj 2011, blev Djurskyddet Åsele Katthem&nbsp;Kurrlyan. Vi vill genom opinionsbildning och information göra skillnad för djuren och sprida kunskap. Vi är en av många lokalföreningar som jobbar med att ta hand om övergivna djur som behöver nya kärleksfulla hem. Allt arbete är helt ideellt. För oss är det en självklarhet att&hellip;</p>
<p><a class="more-link" href="https://www.djurskyddet.se/asele/om-oss/" title="Continue reading &lsquo;Om oss&rsquo;">L&auml;s mer<span class="meta-nav">&raquo;</span></a></p>
