{"id":5587,"date":"2020-01-15T10:11:19","date_gmt":"2020-01-15T10:11:19","guid":{"rendered":"https:\/\/www.djurskyddet.se\/asele\/?page_id=5587"},"modified":"2022-09-17T15:07:37","modified_gmt":"2022-09-17T15:07:37","slug":"fatt-nytt-hem","status":"publish","type":"page","link":"https:\/\/www.djurskyddet.se\/asele\/fatt-nytt-hem\/","title":{"rendered":"Kaniner"},"content":{"rendered":"\n<p><a href=\"https:\/\/business.facebook.com\/djurskyddet.asele\/photos\/a.2416685291739451\/7949157451825513\/?type=3&amp;av=262994037108598&amp;eav=AfaEix-Lo9PyRiImWftO1FoQZI6ao3Nz-QcLZEglsOmj5Nkfq8VCWF9hCy5j2ZZsiCo&amp;__cft__[0]=AZVCpCHC_QDjoikdJFpbyxCP_oO4b8zu8yVGYelGifpXE2_tLUHNXQhNOsHSsWU3uf6cnuuEiF2GjZ7SKFvsfhmzb1xa7B6kEPjyUDS2Hf13EF35W9OXEofHzzZTCDE81nOk4x0kaTQCBgV0JBstSiQ5H4hZ8ylnbNYoz0wT0qESsQ&amp;__tn__=EH-R\"><\/a><\/p>\n\n\n\n<figure class=\"wp-block-image\"><a href=\"https:\/\/business.facebook.com\/djurskyddet.asele\/photos\/a.2416685291739451\/7949157451825513\/?type=3&amp;av=262994037108598&amp;eav=AfaEix-Lo9PyRiImWftO1FoQZI6ao3Nz-QcLZEglsOmj5Nkfq8VCWF9hCy5j2ZZsiCo&amp;__cft__[0]=AZVCpCHC_QDjoikdJFpbyxCP_oO4b8zu8yVGYelGifpXE2_tLUHNXQhNOsHSsWU3uf6cnuuEiF2GjZ7SKFvsfhmzb1xa7B6kEPjyUDS2Hf13EF35W9OXEofHzzZTCDE81nOk4x0kaTQCBgV0JBstSiQ5H4hZ8ylnbNYoz0wT0qESsQ&amp;__tn__=EH-R\"><img decoding=\"async\" src=\"https:\/\/scontent.fume1-1.fna.fbcdn.net\/v\/t39.30808-6\/306401082_7949157651825493_860462053095403921_n.jpg?stp=dst-jpg_p526x296&amp;_nc_cat=100&amp;ccb=1-7&amp;_nc_sid=8bfeb9&amp;_nc_ohc=n5kbdXmLFEgAX8rFC87&amp;_nc_ht=scontent.fume1-1.fna&amp;oh=00_AT8RS8rvBumOMmwN_WiPNlfwjrDC3u9JPqNi5_QlBcDqHQ&amp;oe=632A2C9B\" alt=\"Kan vara en bild av kanin\" \/><\/a><figcaption>Kaninerna Sn\u00f6vit (tjej p\u00e5 6 m\u00e5n) och Einar (kille p\u00e5 4m\u00e5n) s\u00f6ker nytt hem. B\u00e5da har h\u00e4rstamningsbevis. Kan bo inne eller ute. Ring f\u00f6r mer info, 073-042 60 70<\/figcaption><\/figure>\n\n\n\n<p>_________________________________________________________________<\/p>\n\n\n\n<p><a href=\"https:\/\/business.facebook.com\/djurskyddet.asele\/photos\/a.2416685291739451\/7949231258484799\/?type=3&amp;av=262994037108598&amp;eav=AfbLc98_106Nx3vpfdAc1DuA1wE9oZPMzX8O43Ty9myiF33ECYjECb9-afwsQpyPneo&amp;__cft__[0]=AZUECPezoCsazcjsVZsKqiiRskRHq1I24ess2syfPuqTSKwdD5yFqe6tKt3g9iBWRNo12J-DWqLynzTAC3-HXC5f63a9qdyN_vuUXRmVY4yLJ5kO1iHrFxPjSQF0MzuPHxutX0HjwXfv7yg-al4bsrGrjdQ0UQujViFnZIhGQgg7lw&amp;__tn__=EH-R\"><\/a><\/p>\n\n\n\n<figure class=\"wp-block-image\"><a href=\"https:\/\/business.facebook.com\/djurskyddet.asele\/photos\/a.2416685291739451\/7949231258484799\/?type=3&amp;av=262994037108598&amp;eav=AfbLc98_106Nx3vpfdAc1DuA1wE9oZPMzX8O43Ty9myiF33ECYjECb9-afwsQpyPneo&amp;__cft__[0]=AZUECPezoCsazcjsVZsKqiiRskRHq1I24ess2syfPuqTSKwdD5yFqe6tKt3g9iBWRNo12J-DWqLynzTAC3-HXC5f63a9qdyN_vuUXRmVY4yLJ5kO1iHrFxPjSQF0MzuPHxutX0HjwXfv7yg-al4bsrGrjdQ0UQujViFnZIhGQgg7lw&amp;__tn__=EH-R\"><img decoding=\"async\" src=\"https:\/\/scontent.fume1-1.fna.fbcdn.net\/v\/t39.30808-6\/306285677_7949231475151444_52236172171098780_n.jpg?stp=dst-jpg_p526x296&amp;_nc_cat=106&amp;ccb=1-7&amp;_nc_sid=8bfeb9&amp;_nc_ohc=dWW2EfO__B8AX_BiGF0&amp;tn=ine7vXJbXgGGZx00&amp;_nc_ht=scontent.fume1-1.fna&amp;oh=00_AT8C6Tc0Uu67c0w8hSg4ZKrflgKkEcTVTbFnO8J3Tx3NKQ&amp;oe=632B735D\" alt=\"Kan vara en bild av 1 person och kanin\" \/><\/a><figcaption>Egil (viltgul) och hans bror Eskil (vit bl\u00e5\u00f6gd) s\u00f6ker nytt hem. Dom \u00e4r dv\u00e4rgv\u00e4durer p\u00e5 ca 4 m\u00e5n. Ring eller skriv f\u00f6r mer info, 073-042 60 70<\/figcaption><\/figure>\n\n\n\n<p>_________________________________________________________________<a href=\"https:\/\/business.facebook.com\/djurskyddet.asele\/photos\/a.2416685291739451\/7949171485157443\/?type=3&amp;av=262994037108598&amp;eav=AfYbdb10pC8tHuEDJsrVTmROiZPGbTY-wI1OSKWex1bdOJcyWu5Ftmczd1IdUomiuI0&amp;__cft__[0]=AZXrxVnDE2y60zEOaAoS9e1TcXcQ7hdatLRisi0rWCgRMS2GtT705u5bLFdDrNAPWgGWOuhry_Yv9KSqOA4mwINvu1PUBfqO41hMXKF0X5GmWPTcmjEZ3fzhfHW25cZQmzk25xKySbz3M--Us2mc3B_fKCgIHQx3BISshLyXqhDcuw&amp;__tn__=EH-R\"><\/a><\/p>\n\n\n\n<figure class=\"wp-block-image is-resized\"><a href=\"https:\/\/business.facebook.com\/djurskyddet.asele\/photos\/a.2416685291739451\/7949171485157443\/?type=3&amp;av=262994037108598&amp;eav=AfYbdb10pC8tHuEDJsrVTmROiZPGbTY-wI1OSKWex1bdOJcyWu5Ftmczd1IdUomiuI0&amp;__cft__[0]=AZXrxVnDE2y60zEOaAoS9e1TcXcQ7hdatLRisi0rWCgRMS2GtT705u5bLFdDrNAPWgGWOuhry_Yv9KSqOA4mwINvu1PUBfqO41hMXKF0X5GmWPTcmjEZ3fzhfHW25cZQmzk25xKySbz3M--Us2mc3B_fKCgIHQx3BISshLyXqhDcuw&amp;__tn__=EH-R\"><img loading=\"lazy\" decoding=\"async\" src=\"https:\/\/scontent.fume1-1.fna.fbcdn.net\/v\/t39.30808-6\/306359064_7949171628490762_1519449541872611865_n.jpg?stp=dst-jpg_p526x296&amp;_nc_cat=106&amp;ccb=1-7&amp;_nc_sid=8bfeb9&amp;_nc_ohc=8aFhuXapMIkAX9819bU&amp;_nc_ht=scontent.fume1-1.fna&amp;oh=00_AT8laSvE0AaQm7Ypw-Dtj9JlwFRS9ORC5gLpu748DD7L1A&amp;oe=632B321F\" alt=\"Kan vara en bild av djur\" width=\"546\" height=\"546\" \/><\/a><figcaption>Det h\u00e4r \u00e4r Eira, hon \u00e4r en viltgr\u00e5 dv\u00e4rgv\u00e4dur p\u00e5 4 m\u00e5nader som vill ha ett hem. Ring f\u00f6r mer info, 073-042 60 70<\/figcaption><\/figure>\n\n\n\n<p>__________________________________________________________________<\/p>\n","protected":false},"excerpt":{"rendered":"<p>_________________________________________________________________ _________________________________________________________________ __________________________________________________________________<\/p>\n","protected":false},"author":3,"featured_media":0,"parent":0,"menu_order":0,"comment_status":"closed","ping_status":"closed","template":"left-sidebar.php","meta":{"_acf_changed":false,"footnotes":""},"class_list":["post-5587","page","type-page","status-publish","hentry"],"acf":[],"_links":{"self":[{"href":"https:\/\/www.djurskyddet.se\/asele\/wp-json\/wp\/v2\/pages\/5587","targetHints":{"allow":["GET"]}}],"collection":[{"href":"https:\/\/www.djurskyddet.se\/asele\/wp-json\/wp\/v2\/pages"}],"about":[{"href":"https:\/\/www.djurskyddet.se\/asele\/wp-json\/wp\/v2\/types\/page"}],"author":[{"embeddable":true,"href":"https:\/\/www.djurskyddet.se\/asele\/wp-json\/wp\/v2\/users\/3"}],"replies":[{"embeddable":true,"href":"https:\/\/www.djurskyddet.se\/asele\/wp-json\/wp\/v2\/comments?post=5587"}],"version-history":[{"count":9,"href":"https:\/\/www.djurskyddet.se\/asele\/wp-json\/wp\/v2\/pages\/5587\/revisions"}],"predecessor-version":[{"id":5877,"href":"https:\/\/www.djurskyddet.se\/asele\/wp-json\/wp\/v2\/pages\/5587\/revisions\/5877"}],"wp:attachment":[{"href":"https:\/\/www.djurskyddet.se\/asele\/wp-json\/wp\/v2\/media?parent=5587"}],"curies":[{"name":"wp","href":"https:\/\/api.w.org\/{rel}","templated":true}]}}

<p><a href="https://business.facebook.com/djurskyddet.asele/photos/a.2416685291739451/7949157451825513/?type=3&amp;av=262994037108598&amp;eav=AfaEix-Lo9PyRiImWftO1FoQZI6ao3Nz-QcLZEglsOmj5Nkfq8VCWF9hCy5j2ZZsiCo&amp;__cft__[0]=AZVCpCHC_QDjoikdJFpbyxCP_oO4b8zu8yVGYelGifpXE2_tLUHNXQhNOsHSsWU3uf6cnuuEiF2GjZ7SKFvsfhmzb1xa7B6kEPjyUDS2Hf13EF35W9OXEofHzzZTCDE81nOk4x0kaTQCBgV0JBstSiQ5H4hZ8ylnbNYoz0wT0qESsQ&amp;__tn__=EH-R"></a></p>



<figure class="wp-block-image"><a href="https://business.facebook.com/djurskyddet.asele/photos/a.2416685291739451/7949157451825513/?type=3&amp;av=262994037108598&amp;eav=AfaEix-Lo9PyRiImWftO1FoQZI6ao3Nz-QcLZEglsOmj5Nkfq8VCWF9hCy5j2ZZsiCo&amp;__cft__[0]=AZVCpCHC_QDjoikdJFpbyxCP_oO4b8zu8yVGYelGifpXE2_tLUHNXQhNOsHSsWU3uf6cnuuEiF2GjZ7SKFvsfhmzb1xa7B6kEPjyUDS2Hf13EF35W9OXEofHzzZTCDE81nOk4x0kaTQCBgV0JBstSiQ5H4hZ8ylnbNYoz0wT0qESsQ&amp;__tn__=EH-R"><img decoding="async" src="https://scontent.fume1-1.fna.fbcdn.net/v/t39.30808-6/306401082_7949157651825493_860462053095403921_n.jpg?stp=dst-jpg_p526x296&amp;_nc_cat=100&amp;ccb=1-7&amp;_nc_sid=8bfeb9&amp;_nc_ohc=n5kbdXmLFEgAX8rFC87&amp;_nc_ht=scontent.fume1-1.fna&amp;oh=00_AT8RS8rvBumOMmwN_WiPNlfwjrDC3u9JPqNi5_QlBcDqHQ&amp;oe=632A2C9B" alt="Kan vara en bild av kanin" /></a><figcaption>Kaninerna Snövit (tjej på 6 mån) och Einar (kille på 4mån) söker nytt hem. Båda har härstamningsbevis. Kan bo inne eller ute. Ring för mer info, 073-042 60 70</figcaption></figure>



<p>_________________________________________________________________</p>



<p><a href="https://business.facebook.com/djurskyddet.asele/photos/a.2416685291739451/7949231258484799/?type=3&amp;av=262994037108598&amp;eav=AfbLc98_106Nx3vpfdAc1DuA1wE9oZPMzX8O43Ty9myiF33ECYjECb9-afwsQpyPneo&amp;__cft__[0]=AZUECPezoCsazcjsVZsKqiiRskRHq1I24ess2syfPuqTSKwdD5yFqe6tKt3g9iBWRNo12J-DWqLynzTAC3-HXC5f63a9qdyN_vuUXRmVY4yLJ5kO1iHrFxPjSQF0MzuPHxutX0HjwXfv7yg-al4bsrGrjdQ0UQujViFnZIhGQgg7lw&amp;__tn__=EH-R"></a></p>



<figure class="wp-block-image"><a href="https://business.facebook.com/djurskyddet.asele/photos/a.2416685291739451/7949231258484799/?type=3&amp;av=262994037108598&amp;eav=AfbLc98_106Nx3vpfdAc1DuA1wE9oZPMzX8O43Ty9myiF33ECYjECb9-afwsQpyPneo&amp;__cft__[0]=AZUECPezoCsazcjsVZsKqiiRskRHq1I24ess2syfPuqTSKwdD5yFqe6tKt3g9iBWRNo12J-DWqLynzTAC3-HXC5f63a9qdyN_vuUXRmVY4yLJ5kO1iHrFxPjSQF0MzuPHxutX0HjwXfv7yg-al4bsrGrjdQ0UQujViFnZIhGQgg7lw&amp;__tn__=EH-R"><img decoding="async" src="https://scontent.fume1-1.fna.fbcdn.net/v/t39.30808-6/306285677_7949231475151444_52236172171098780_n.jpg?stp=dst-jpg_p526x296&amp;_nc_cat=106&amp;ccb=1-7&amp;_nc_sid=8bfeb9&amp;_nc_ohc=dWW2EfO__B8AX_BiGF0&amp;tn=ine7vXJbXgGGZx00&amp;_nc_ht=scontent.fume1-1.fna&amp;oh=00_AT8C6Tc0Uu67c0w8hSg4ZKrflgKkEcTVTbFnO8J3Tx3NKQ&amp;oe=632B735D" alt="Kan vara en bild av 1 person och kanin" /></a><figcaption>Egil (viltgul) och hans bror Eskil (vit blåögd) söker nytt hem. Dom är dvärgvädurer på ca 4 mån. Ring eller skriv för mer info, 073-042 60 70</figcaption></figure>



<p>_________________________________________________________________<a href="https://business.facebook.com/djurskyddet.asele/photos/a.2416685291739451/7949171485157443/?type=3&amp;av=262994037108598&amp;eav=AfYbdb10pC8tHuEDJsrVTmROiZPGbTY-wI1OSKWex1bdOJcyWu5Ftmczd1IdUomiuI0&amp;__cft__[0]=AZXrxVnDE2y60zEOaAoS9e1TcXcQ7hdatLRisi0rWCgRMS2GtT705u5bLFdDrNAPWgGWOuhry_Yv9KSqOA4mwINvu1PUBfqO41hMXKF0X5GmWPTcmjEZ3fzhfHW25cZQmzk25xKySbz3M--Us2mc3B_fKCgIHQx3BISshLyXqhDcuw&amp;__tn__=EH-R"></a></p>



<figure class="wp-block-image is-resized"><a href="https://business.facebook.com/djurskyddet.asele/photos/a.2416685291739451/7949171485157443/?type=3&amp;av=262994037108598&amp;eav=AfYbdb10pC8tHuEDJsrVTmROiZPGbTY-wI1OSKWex1bdOJcyWu5Ftmczd1IdUomiuI0&amp;__cft__[0]=AZXrxVnDE2y60zEOaAoS9e1TcXcQ7hdatLRisi0rWCgRMS2GtT705u5bLFdDrNAPWgGWOuhry_Yv9KSqOA4mwINvu1PUBfqO41hMXKF0X5GmWPTcmjEZ3fzhfHW25cZQmzk25xKySbz3M--Us2mc3B_fKCgIHQx3BISshLyXqhDcuw&amp;__tn__=EH-R"><img loading="lazy" decoding="async" src="https://scontent.fume1-1.fna.fbcdn.net/v/t39.30808-6/306359064_7949171628490762_1519449541872611865_n.jpg?stp=dst-jpg_p526x296&amp;_nc_cat=106&amp;ccb=1-7&amp;_nc_sid=8bfeb9&amp;_nc_ohc=8aFhuXapMIkAX9819bU&amp;_nc_ht=scontent.fume1-1.fna&amp;oh=00_AT8laSvE0AaQm7Ypw-Dtj9JlwFRS9ORC5gLpu748DD7L1A&amp;oe=632B321F" alt="Kan vara en bild av djur" width="546" height="546" /></a><figcaption>Det här är Eira, hon är en viltgrå dvärgvädur på 4 månader som vill ha ett hem. Ring för mer info, 073-042 60 70</figcaption></figure>



<p>__________________________________________________________________</p>
