{"id":5589,"date":"2020-01-15T10:12:37","date_gmt":"2020-01-15T10:12:37","guid":{"rendered":"https:\/\/www.djurskyddet.se\/asele\/?page_id=5589"},"modified":"2025-09-08T10:22:26","modified_gmt":"2025-09-08T10:22:26","slug":"kontakt","status":"publish","type":"page","link":"https:\/\/www.djurskyddet.se\/asele\/kontakt\/","title":{"rendered":"Kontakta oss"},"content":{"rendered":"\n<p>Vi n\u00e5s b\u00e4st p\u00e5 telefon men ni kan \u00e4ven skicka ett mail eller skriva ett meddelande.<\/p>\n\n\n\n<p>Tel: 073-042 60 70       <\/p>\n\n\n\n<p>Mail: miaost73@gmail.com                                                                                                                                                                                                                                                                                                                                             <\/p>\n\n\n\n<p><\/p>\n","protected":false},"excerpt":{"rendered":"<p>Vi n\u00e5s b\u00e4st p\u00e5 telefon men ni kan \u00e4ven skicka ett mail eller skriva ett meddelande. Tel: 073-042 60 70 Mail: miaost73@gmail.com<\/p>\n","protected":false},"author":3,"featured_media":0,"parent":0,"menu_order":0,"comment_status":"closed","ping_status":"closed","template":"left-sidebar.php","meta":{"_acf_changed":false,"footnotes":""},"class_list":["post-5589","page","type-page","status-publish","hentry"],"acf":[],"_links":{"self":[{"href":"https:\/\/www.djurskyddet.se\/asele\/wp-json\/wp\/v2\/pages\/5589","targetHints":{"allow":["GET"]}}],"collection":[{"href":"https:\/\/www.djurskyddet.se\/asele\/wp-json\/wp\/v2\/pages"}],"about":[{"href":"https:\/\/www.djurskyddet.se\/asele\/wp-json\/wp\/v2\/types\/page"}],"author":[{"embeddable":true,"href":"https:\/\/www.djurskyddet.se\/asele\/wp-json\/wp\/v2\/users\/3"}],"replies":[{"embeddable":true,"href":"https:\/\/www.djurskyddet.se\/asele\/wp-json\/wp\/v2\/comments?post=5589"}],"version-history":[{"count":8,"href":"https:\/\/www.djurskyddet.se\/asele\/wp-json\/wp\/v2\/pages\/5589\/revisions"}],"predecessor-version":[{"id":6349,"href":"https:\/\/www.djurskyddet.se\/asele\/wp-json\/wp\/v2\/pages\/5589\/revisions\/6349"}],"wp:attachment":[{"href":"https:\/\/www.djurskyddet.se\/asele\/wp-json\/wp\/v2\/media?parent=5589"}],"curies":[{"name":"wp","href":"https:\/\/api.w.org\/{rel}","templated":true}]}}