{"id":5593,"date":"2020-01-15T10:15:11","date_gmt":"2020-01-15T10:15:11","guid":{"rendered":"https:\/\/www.djurskyddet.se\/asele\/?page_id=5593"},"modified":"2025-10-01T09:14:35","modified_gmt":"2025-10-01T09:14:35","slug":"bli-medlem","status":"publish","type":"page","link":"https:\/\/www.djurskyddet.se\/asele\/bli-medlem\/","title":{"rendered":"Bli medlem"},"content":{"rendered":"\n<p>Som medlem i Djurskyddet \u00c5sele Katthem \u00e4r du ocks\u00e5 medlem i riksf\u00f6rbundet Djurskyddet Sverige och f\u00e5r Tidningen Djurskyddet fyra g\u00e5nger per \u00e5r, b\u00e5de i brevl\u00e5dan och i appen TD. Ladda ner den d\u00e4r appar finns! Dessutom kan du l\u00e4sa intressanta djurskyddsnyheter p\u00e5 <strong><a href=\"https:\/\/tidningen.djurskyddet.se\/\">webbtidningen<\/a><\/strong> och kan ta del av ett antal\u202ffina <strong><a href=\"https:\/\/www.djurskyddet.se\/stod-oss\/bli-medlem\/medlemsformaner\/\">medlemsf\u00f6rm\u00e5ner<\/a><\/strong>, s\u00e5som rabatt hos olika n\u00e4tbutiker.&nbsp;<\/p>\n\n\n\n<p><strong>Vad kostar det?<\/strong><br>Det kostar 240 kr per \u00e5r att vara medlem hos oss.<\/p>\n\n\n\n<p><strong>Hur blir jag medlem?<\/strong><br>Registrera dig som medlem p\u00e5\u202fDjurskyddet Sveriges hemsida. Se till att v\u00e4lja <strong>Djurskyddet \u00c5sele Katthem <\/strong>som din lokalf\u00f6rening.&nbsp;Du kan ocks\u00e5 v\u00e4lja om du vill betala med pappersfaktura eller E-faktura.<\/p>\n\n\n\n<div class=\"wp-block-buttons is-layout-flex wp-block-buttons-is-layout-flex\">\n<div class=\"wp-block-button has-custom-font-size has-small-font-size\"><a class=\"wp-block-button__link has-white-color has-text-color has-background has-link-color wp-element-button\" href=\"https:\/\/donation.djurskyddet.se\/s\/medlem\" style=\"background-color:#00a64a\">Bli medlem h\u00e4r<\/a><\/div>\n<\/div>\n\n\n\n<p><\/p>\n\n\n\n<h4 class=\"wp-block-heading\" id=\"ju-fler-medlemmar-vi-ar-ju-fler-djur-kan-vi-hjalpa-stort-tack\">Ju fler medlemmar vi \u00e4r ju fler djur kan vi hj\u00e4lpa! Stort tack!<\/h4>\n","protected":false},"excerpt":{"rendered":"<p>Som medlem i Djurskyddet \u00c5sele Katthem \u00e4r du ocks\u00e5 medlem i riksf\u00f6rbundet Djurskyddet Sverige och f\u00e5r Tidningen Djurskyddet fyra g\u00e5nger per \u00e5r, b\u00e5de i brevl\u00e5dan och i appen TD. Ladda ner den d\u00e4r appar finns! Dessutom kan du l\u00e4sa intressanta djurskyddsnyheter p\u00e5 webbtidningen och kan ta del av ett antal\u202ffina medlemsf\u00f6rm\u00e5ner, s\u00e5som rabatt hos olika n\u00e4tbutiker.&nbsp; Vad kostar det?Det kostar 240 kr per \u00e5r att vara medlem hos oss. Hur&hellip;<\/p>\n<p><a class=\"more-link\" href=\"https:\/\/www.djurskyddet.se\/asele\/bli-medlem\/\" title=\"Continue reading &lsquo;Bli medlem&rsquo;\">L&auml;s mer<span class=\"meta-nav\">&raquo;<\/span><\/a><\/p>\n","protected":false},"author":3,"featured_media":0,"parent":0,"menu_order":0,"comment_status":"closed","ping_status":"closed","template":"left-sidebar.php","meta":{"_acf_changed":false,"footnotes":""},"class_list":["post-5593","page","type-page","status-publish","hentry"],"acf":[],"_links":{"self":[{"href":"https:\/\/www.djurskyddet.se\/asele\/wp-json\/wp\/v2\/pages\/5593","targetHints":{"allow":["GET"]}}],"collection":[{"href":"https:\/\/www.djurskyddet.se\/asele\/wp-json\/wp\/v2\/pages"}],"about":[{"href":"https:\/\/www.djurskyddet.se\/asele\/wp-json\/wp\/v2\/types\/page"}],"author":[{"embeddable":true,"href":"https:\/\/www.djurskyddet.se\/asele\/wp-json\/wp\/v2\/users\/3"}],"replies":[{"embeddable":true,"href":"https:\/\/www.djurskyddet.se\/asele\/wp-json\/wp\/v2\/comments?post=5593"}],"version-history":[{"count":8,"href":"https:\/\/www.djurskyddet.se\/asele\/wp-json\/wp\/v2\/pages\/5593\/revisions"}],"predecessor-version":[{"id":6421,"href":"https:\/\/www.djurskyddet.se\/asele\/wp-json\/wp\/v2\/pages\/5593\/revisions\/6421"}],"wp:attachment":[{"href":"https:\/\/www.djurskyddet.se\/asele\/wp-json\/wp\/v2\/media?parent=5593"}],"curies":[{"name":"wp","href":"https:\/\/api.w.org\/{rel}","templated":true}]}}