{"id":6032,"date":"2022-09-30T19:17:01","date_gmt":"2022-09-30T19:17:01","guid":{"rendered":"https:\/\/www.djurskyddet.se\/asele\/?page_id=6032"},"modified":"2022-11-06T12:55:10","modified_gmt":"2022-11-06T12:55:10","slug":"efterlysningar","status":"publish","type":"page","link":"https:\/\/www.djurskyddet.se\/asele\/efterlysningar\/","title":{"rendered":"Efterlysningar"},"content":{"rendered":"\n<p>Se upphittade djur eller borttappade djur<\/p>\n\n\n\n<p><strong>T\u00e4nk p\u00e5 att anm\u00e4la till polisen om du f\u00f6rlorat eller hittat tex. en katt, \u00e4ven om den inte \u00e4r id-m\u00e4rkt s\u00e5 kan \u00e4garen ha anm\u00e4lt den f\u00f6rsvunnen och f\u00e5 tillbaka den p\u00e5 signalement.<\/strong> <\/p>\n","protected":false},"excerpt":{"rendered":"<p>Se upphittade djur eller borttappade djur T\u00e4nk p\u00e5 att anm\u00e4la till polisen om du f\u00f6rlorat eller hittat tex. en katt, \u00e4ven om den inte \u00e4r id-m\u00e4rkt s\u00e5 kan \u00e4garen ha anm\u00e4lt den f\u00f6rsvunnen och f\u00e5 tillbaka den p\u00e5 signalement.<\/p>\n","protected":false},"author":65,"featured_media":0,"parent":0,"menu_order":0,"comment_status":"closed","ping_status":"closed","template":"","meta":{"_acf_changed":false,"footnotes":""},"class_list":["post-6032","page","type-page","status-publish","hentry"],"acf":[],"_links":{"self":[{"href":"https:\/\/www.djurskyddet.se\/asele\/wp-json\/wp\/v2\/pages\/6032","targetHints":{"allow":["GET"]}}],"collection":[{"href":"https:\/\/www.djurskyddet.se\/asele\/wp-json\/wp\/v2\/pages"}],"about":[{"href":"https:\/\/www.djurskyddet.se\/asele\/wp-json\/wp\/v2\/types\/page"}],"author":[{"embeddable":true,"href":"https:\/\/www.djurskyddet.se\/asele\/wp-json\/wp\/v2\/users\/65"}],"replies":[{"embeddable":true,"href":"https:\/\/www.djurskyddet.se\/asele\/wp-json\/wp\/v2\/comments?post=6032"}],"version-history":[{"count":6,"href":"https:\/\/www.djurskyddet.se\/asele\/wp-json\/wp\/v2\/pages\/6032\/revisions"}],"predecessor-version":[{"id":6249,"href":"https:\/\/www.djurskyddet.se\/asele\/wp-json\/wp\/v2\/pages\/6032\/revisions\/6249"}],"wp:attachment":[{"href":"https:\/\/www.djurskyddet.se\/asele\/wp-json\/wp\/v2\/media?parent=6032"}],"curies":[{"name":"wp","href":"https:\/\/api.w.org\/{rel}","templated":true}]}}