{"id":6164,"date":"2022-10-24T12:24:34","date_gmt":"2022-10-24T12:24:34","guid":{"rendered":"https:\/\/www.djurskyddet.se\/asele\/?page_id=6164"},"modified":"2022-10-24T12:53:12","modified_gmt":"2022-10-24T12:53:12","slug":"hast","status":"publish","type":"page","link":"https:\/\/www.djurskyddet.se\/asele\/hast\/","title":{"rendered":"H\u00e4st"},"content":{"rendered":"\n<p>B\u00f6rja med att ta dig en ordentlig funderare \u2013 har du tid och r\u00e5d att ta hand om en h\u00e4st under m\u00e5nga \u00e5r                   fram\u00f6ver? Fundera \u00e4ven p\u00e5 hur en h\u00e4st f\u00f6r\u00e4ndrar ditt liv \u2013 innan du skaffar dig en. Bra alternativ till att ha egen h\u00e4st \u00e4r att bli sk\u00f6tare, medryttare eller foderv\u00e4rd.<\/p>\n\n\n\n<ul class=\"wp-block-list\"><li>Har du m\u00f6jlighet att f\u00e5 hj\u00e4lp med h\u00e4sten de dagar du f\u00e5r f\u00f6rhinder eller blir sjuk? Du kan ha h\u00e4sten inackorderad i ett stall, vad ing\u00e5r d\u00e5 och har de andra h\u00e4st\u00e4garna i stallet och stall\u00e4garna samma syn p\u00e5 hur h\u00e4star ska sk\u00f6tas?<\/li><li>\u00c4r du beredd att regelbundet betala f\u00f6rs\u00e4kring, vaccination, foder, hovslagare och eventuella veterin\u00e4rr\u00e4kningar?<\/li><\/ul>\n\n\n\n<p><strong>L\u00e4s p\u00e5<\/strong><\/p>\n\n\n\n<p>L\u00e4s de lagar och f\u00f6reskrifter som g\u00e4ller f\u00f6r h\u00e4st p\u00e5 Jordbruksverkets hemsida. T\u00e4nk dock p\u00e5 att det \u00e4r minsta krav som st\u00e5r i djurskyddsreglerna. En h\u00e4st m\u00e5r b\u00e4st om den f\u00e5r utf\u00f6ra s\u00e5 m\u00e5nga naturliga beteende som m\u00f6jligt och de har ett stort behov av att r\u00f6ra sig, f\u00e5 umg\u00e5s med andra h\u00e4star och \u00e4ta ofta. D\u00e4rf\u00f6r \u00e4r det bra om du l\u00e4r dig mycket om h\u00e4stens ursprung och beteendebehov.&nbsp;<a href=\"https:\/\/hastsverige.se\/om-hastar\/hastens-beteende\/\">H\u00e4r finns bra information.<\/a><\/p>\n\n\n\n<p><strong>Teckna f\u00f6rs\u00e4kring<\/strong><\/p>\n\n\n\n<p>N\u00e4r en h\u00e4st skadar sig eller blir sjuk kan den beh\u00f6va veterin\u00e4rv\u00e5rd. Det blir ofta h\u00f6ga kostnader, s\u00e5 teckna en bra f\u00f6rs\u00e4kring<strong>.&nbsp;<\/strong>Unders\u00f6k vilket f\u00f6rs\u00e4kringsbolag som passar dig b\u00e4st. Exempel p\u00e5 f\u00f6rs\u00e4kringsbolag \u00e4r Agria, Folksam, If, Sveland, Moderna f\u00f6rs\u00e4kringar och Svedea.<\/p>\n\n\n\n<p><strong>Att t\u00e4nka p\u00e5 innan du skaffar h\u00e4st<\/strong><\/p>\n\n\n\n<p>Den h\u00e4st du k\u00f6per b\u00f6r alltid genomg\u00e5 en grundlig veterin\u00e4rbesiktning av en veterin\u00e4r du som k\u00f6pare b\u00f6r v\u00e4lja, i anslutning till k\u00f6pet.<\/p>\n\n\n\n<p>Skriv alltid ett k\u00f6pekontrakt n\u00e4r du k\u00f6per h\u00e4st och ett foderv\u00e4rdsavtal om du ska vara foderv\u00e4rd.<\/p>\n\n\n\n<p>Ska du ha h\u00e4sten inackorderad i ett stall s\u00e5 fr\u00e5ga om rutiner och s\u00e4kerst\u00e4ll att du och stall\u00e4garen och de eventuella andra h\u00e4st\u00e4garna har samma syn p\u00e5 hur h\u00e4star ska sk\u00f6tas, om ni ska hj\u00e4lpas \u00e5t med sk\u00f6tseln.<\/p>\n\n\n\n<p><strong>Sk\u00f6tsel och tillsyn<\/strong><\/p>\n\n\n\n<p>H\u00e4star \u00e4r flockdjur och m\u00e5r d\u00e5ligt om de inte f\u00e5r umg\u00e5s med andra h\u00e4star. De ska ha fysisk kontakt genom att g\u00e5 i samma hage som andra h\u00e4star varje dag.<\/p>\n\n\n\n<p>H\u00e4star ska ha tillsyn minst en g\u00e5ng per dag, enligt lag. Men eftersom de \u00e4r flyktdjur och l\u00e4tt skadar sig \u00e4r det bara positivt att se till dem oftare. K\u00e4nn igenom din h\u00e4st dagligen och kontrollera s\u00e5 att den inte \u00e4r svullen eller varm i ben och hovar.<\/p>\n\n\n\n<p>Det \u00e4r lag p\u00e5 att h\u00e4stens hovar regelbundet ska ses \u00f6ver och vid behov verkas och f\u00f6rses med beslag. Om h\u00e4sten har problem med hovarna m\u00e5ste hovslagaren vara godk\u00e4nd av Jordbruksverket f\u00f6r att f\u00e5 behandla och sko h\u00e4sten.<\/p>\n\n\n\n<p>N\u00e5gra saker du alltid b\u00f6r ha till hands i n\u00e4rheten av din h\u00e4st \u00e4r bland annat bandagematerial, termometer, sax och telefonnummer till veterin\u00e4r och n\u00f6dslakt i n\u00e4rheten (b\u00e5de dagtid och nattetid).<\/p>\n\n\n\n<p><strong>Stall och hagar<\/strong><\/p>\n\n\n\n<p>H\u00e4star ska ha skydd mot v\u00e4der och vind. De kan stallas in i box i ett stall varje natt under den kalla \u00e5rstiden eller h\u00e5llas i l\u00f6sdrift, d\u00e4r de har m\u00f6jlighet att vandra runt. En v\u00e4l utformad l\u00f6sdrift \u00e4r oftast det b\u00e4sta och mest naturliga alternativet f\u00f6r h\u00e4star. Under den kalla \u00e5rstiden ska de alltid ha tillg\u00e5ng till ligghall om de h\u00e5lls i l\u00f6sdrift. Men \u00e4ven sommartid anv\u00e4nder h\u00e4starna g\u00e4rna en ligghall f\u00f6r att skydda sig mot insekter och v\u00e4rme.<\/p>\n\n\n\n<p>Ett stall m\u00e5ste ha en fungerande ventilation. H\u00e4star har mycket k\u00e4nsliga luftv\u00e4gar och kan r\u00e5ka ut f\u00f6r sjukdomar om de uts\u00e4tts f\u00f6r d\u00e5lig luft. Takh\u00f6jden \u00e4r viktig i stallet\/ligghallen eftersom h\u00e4star kan stegra sig och d\u00e5 riskerar att skadas om de sl\u00e5r i huvudet. Men \u00e4ven f\u00f6r luftfl\u00f6det och ventilationen \u00e4r det viktigt att ha en tillr\u00e4cklig takh\u00f6jd i stallet. Det ska inte heller finnas risk att h\u00e4sten skadar sig p\u00e5 utstickande spikar eller h\u00e4ngare av olika slag. F\u00f6rvara inte skyfflar, grepar eller skottk\u00e4rror i g\u00e5ngarna.<\/p>\n\n\n\n<p>Om h\u00e4sten inte f\u00e5r g\u00e5 p\u00e5 l\u00f6sdrift s\u00e5 \u00e4r det n\u00f6dv\u00e4ndigt att de f\u00e5r tillg\u00e5ng till utevistelse i tillr\u00e4ckligt stora hagar flera timmar om dagen tillsammans med minst en annan h\u00e4st. Det \u00e4r bra om det finns dungar med tr\u00e4d och att hagarna \u00e4r kuperade, s\u00e5 att h\u00e4sten kan s\u00f6ka skydd. Enligt lag ska h\u00e4star alltid kunna uppr\u00e4tth\u00e5lla termisk komfort, d\u00e4rf\u00f6r \u00e4r det viktigt att de till exempel erbjuds skugga vid varmt v\u00e4der. Det \u00e4r inte till\u00e5tet att anv\u00e4nda taggtr\u00e5dsst\u00e4ngsel till h\u00e4st. Enligt lag ska en h\u00e4st varje dag f\u00e5 m\u00f6jlighet att r\u00f6ra sig fritt i sina naturliga g\u00e5ngarter. Ridning och tr\u00e4ning kan inte ers\u00e4tta detta.<\/p>\n\n\n\n<p><strong>Id- m\u00e4rkning och h\u00e4stpass<\/strong><\/p>\n\n\n\n<p>Alla h\u00e4star ska enligt lag ha ett h\u00e4stpass. H\u00e4star som f\u00e5tt sitt pass efter 2009 ska ocks\u00e5 vara id-m\u00e4rkta.<\/p>\n\n\n\n<p><strong>Foder<\/strong><\/p>\n\n\n\n<p>H\u00e4star ska \u00e4ta grovfoder. H\u00e4stens normala beteende \u00e4r att str\u00f6va \u00f6ver stora omr\u00e5den och \u00e4ta gr\u00e4s. De \u00e4r anpassade till att \u00e4ta under l\u00e5nga tider och inte kraftigt gr\u00e4s. D\u00e4rf\u00f6r \u00e4r det viktigt att du ger din h\u00e4st ett bra foder och l\u00e5ter den \u00e4ta under flera g\u00e5nger per dag eller ha fri tillg\u00e5ng p\u00e5 foder om det \u00e4r m\u00f6jligt. \u00c4ttiden \u00e4r minst lika viktig och allra helst ska h\u00e4sten ha n\u00e5got att tugga p\u00e5 dygnet runt. F\u00e5r h\u00e4sten inte tillr\u00e4ckligt med grovfoder eller om det \u00e4r l\u00e5nga uppeh\u00e5ll mellan fodergivorna kan den utveckla b\u00e5de mags\u00e5r och stereotypa beteenden.<\/p>\n\n\n\n<p>I grunden \u00e4r inga h\u00e4star i behov av kraftfoder, utan m\u00e5r bra av att endast \u00e4ta ett bra grovfoder. Dock kan det finnas tillf\u00e4llen d\u00e5 en h\u00e4st beh\u00f6ver extra energi, i form av kraftfoder. Det kan var n\u00e4r den \u00e4r sjuk eller om den \u00e4r i h\u00e5rd tr\u00e4ning. Men grovfodergivan ska inte beh\u00f6va minskas. &nbsp;&nbsp;&nbsp;<\/p>\n\n\n\n<p>H\u00e4star b\u00f6r ha fri tillg\u00e5ng till vatten och de v\u00e4ljer helst att dricka ur kar eller st\u00f6rre vattenhinkar och inte vattenkoppar. Det finns idag bra anordningar som kan hj\u00e4lpa till att h\u00e5lla vattnet frostfritt \u00e4ven under vintern.    <\/p>\n\n\n\n<p><strong>Jordbruksverket <\/strong><\/p>\n\n\n\n<p>Du \u00e4r enligt lag skyldig att ta del av de best\u00e4mmelser som omfattar dig som djur\u00e4gare.<\/p>\n\n\n\n<p><a href=\"https:\/\/jordbruksverket.se\/djur\/lantbruksdjur-och-hastar\/hastar\" target=\"_blank\" rel=\"noreferrer noopener\">H\u00e4r kan du l\u00e4sa om de best\u00e4mmelser som ber\u00f6r dig som h\u00e4st\u00e4gare.<\/a><\/p>\n","protected":false},"excerpt":{"rendered":"<p>B\u00f6rja med att ta dig en ordentlig funderare \u2013 har du tid och r\u00e5d att ta hand om en h\u00e4st under m\u00e5nga \u00e5r fram\u00f6ver? Fundera \u00e4ven p\u00e5 hur en h\u00e4st f\u00f6r\u00e4ndrar ditt liv \u2013 innan du skaffar dig en. Bra alternativ till att ha egen h\u00e4st \u00e4r att bli sk\u00f6tare, medryttare eller foderv\u00e4rd. Har du m\u00f6jlighet att f\u00e5 hj\u00e4lp med h\u00e4sten de dagar du f\u00e5r f\u00f6rhinder eller blir sjuk? Du&hellip;<\/p>\n<p><a class=\"more-link\" href=\"https:\/\/www.djurskyddet.se\/asele\/hast\/\" title=\"Continue reading &lsquo;H\u00e4st&rsquo;\">L&auml;s mer<span class=\"meta-nav\">&raquo;<\/span><\/a><\/p>\n","protected":false},"author":65,"featured_media":0,"parent":0,"menu_order":0,"comment_status":"closed","ping_status":"closed","template":"","meta":{"_acf_changed":false,"footnotes":""},"class_list":["post-6164","page","type-page","status-publish","hentry"],"acf":[],"_links":{"self":[{"href":"https:\/\/www.djurskyddet.se\/asele\/wp-json\/wp\/v2\/pages\/6164","targetHints":{"allow":["GET"]}}],"collection":[{"href":"https:\/\/www.djurskyddet.se\/asele\/wp-json\/wp\/v2\/pages"}],"about":[{"href":"https:\/\/www.djurskyddet.se\/asele\/wp-json\/wp\/v2\/types\/page"}],"author":[{"embeddable":true,"href":"https:\/\/www.djurskyddet.se\/asele\/wp-json\/wp\/v2\/users\/65"}],"replies":[{"embeddable":true,"href":"https:\/\/www.djurskyddet.se\/asele\/wp-json\/wp\/v2\/comments?post=6164"}],"version-history":[{"count":2,"href":"https:\/\/www.djurskyddet.se\/asele\/wp-json\/wp\/v2\/pages\/6164\/revisions"}],"predecessor-version":[{"id":6184,"href":"https:\/\/www.djurskyddet.se\/asele\/wp-json\/wp\/v2\/pages\/6164\/revisions\/6184"}],"wp:attachment":[{"href":"https:\/\/www.djurskyddet.se\/asele\/wp-json\/wp\/v2\/media?parent=6164"}],"curies":[{"name":"wp","href":"https:\/\/api.w.org\/{rel}","templated":true}]}}