{"id":6404,"date":"2025-09-08T12:14:41","date_gmt":"2025-09-08T12:14:41","guid":{"rendered":"https:\/\/www.djurskyddet.se\/asele\/?page_id=6404"},"modified":"2025-09-08T12:36:40","modified_gmt":"2025-09-08T12:36:40","slug":"volontararbeta-hos-oss","status":"publish","type":"page","link":"https:\/\/www.djurskyddet.se\/asele\/volontararbeta-hos-oss\/","title":{"rendered":"Vi beh\u00f6ver alltid hj\u00e4lp"},"content":{"rendered":"\n<p>Vi har tv\u00e5 pass om dagen, vardera pass tar ca. 2-3 timmar beroende p\u00e5 hur m\u00e5nga katter vi har inne. Det vi g\u00f6r \u00e4r st\u00e4dar, tv\u00e4ttar och tar hand om katterna. Skulle du kunna t\u00e4nka dig att l\u00e4gga n\u00e5gra timmar i veckan f\u00f6r de heml\u00f6sa katterna s\u00e5 tveka inte att h\u00f6r av dig. Du beh\u00f6vs!  <\/p>\n\n\n\n<p>H\u00f6r av dig p\u00e5 nummer: 073-042 60 70<\/p>\n","protected":false},"excerpt":{"rendered":"<p>Vi har tv\u00e5 pass om dagen, vardera pass tar ca. 2-3 timmar beroende p\u00e5 hur m\u00e5nga katter vi har inne. Det vi g\u00f6r \u00e4r st\u00e4dar, tv\u00e4ttar och tar hand om katterna. Skulle du kunna t\u00e4nka dig att l\u00e4gga n\u00e5gra timmar i veckan f\u00f6r de heml\u00f6sa katterna s\u00e5 tveka inte att h\u00f6r av dig. Du beh\u00f6vs! H\u00f6r av dig p\u00e5 nummer: 073-042 60 70<\/p>\n","protected":false},"author":65,"featured_media":0,"parent":0,"menu_order":0,"comment_status":"closed","ping_status":"closed","template":"","meta":{"_acf_changed":false,"footnotes":""},"class_list":["post-6404","page","type-page","status-publish","hentry"],"acf":[],"_links":{"self":[{"href":"https:\/\/www.djurskyddet.se\/asele\/wp-json\/wp\/v2\/pages\/6404","targetHints":{"allow":["GET"]}}],"collection":[{"href":"https:\/\/www.djurskyddet.se\/asele\/wp-json\/wp\/v2\/pages"}],"about":[{"href":"https:\/\/www.djurskyddet.se\/asele\/wp-json\/wp\/v2\/types\/page"}],"author":[{"embeddable":true,"href":"https:\/\/www.djurskyddet.se\/asele\/wp-json\/wp\/v2\/users\/65"}],"replies":[{"embeddable":true,"href":"https:\/\/www.djurskyddet.se\/asele\/wp-json\/wp\/v2\/comments?post=6404"}],"version-history":[{"count":2,"href":"https:\/\/www.djurskyddet.se\/asele\/wp-json\/wp\/v2\/pages\/6404\/revisions"}],"predecessor-version":[{"id":6409,"href":"https:\/\/www.djurskyddet.se\/asele\/wp-json\/wp\/v2\/pages\/6404\/revisions\/6409"}],"wp:attachment":[{"href":"https:\/\/www.djurskyddet.se\/asele\/wp-json\/wp\/v2\/media?parent=6404"}],"curies":[{"name":"wp","href":"https:\/\/api.w.org\/{rel}","templated":true}]}}