{"id":5507,"date":"2018-10-01T11:32:36","date_gmt":"2018-10-01T11:32:36","guid":{"rendered":"http:\/\/www.djurskyddet.se\/billochbull\/?page_id=5507"},"modified":"2019-02-05T11:48:21","modified_gmt":"2019-02-05T11:48:21","slug":"om-oss","status":"publish","type":"page","link":"https:\/\/www.djurskyddet.se\/billochbull\/om-oss\/","title":{"rendered":"Om oss"},"content":{"rendered":"<p><strong>F\u00f6reningen Djurskyddet Bill &amp; Bull i S\u00f6derhamn<\/strong> bildades den 28 April 2010. Initiativet kom fr\u00e5n\u00a0ett 30-tal intresserade personer som tidigare var engagerade i f\u00f6reningen Hoppet, som drev katthem p\u00e5 Flygstaden.<\/p>\n<p><strong>F\u00f6reningens st\u00f6rsta syfte<\/strong> \u00e4r att ta hand om \u00f6vergivna, heml\u00f6sa och n\u00f6dst\u00e4llda katter men vi tar \u00e4ven emot privata omplaceringar i m\u00e5n om plats. Katterna tas om hand p\u00e5 ett bra s\u00e4tt och omplaceras n\u00e4r de \u00e4r redo, i hem d\u00e4r de f\u00e5r det riktigt bra. Vi \u00e4r noga med vart vi placerar v\u00e5ra katter \u2013 r\u00e4tt katt till r\u00e4tt hem!<\/p>\n<p>Vi verkar f\u00f6r att kattens status h\u00f6js, djurskyddslagarna efterf\u00f6ljs och att alla djur behandlas med respekt. Planer finns p\u00e5 att v\u00e5r f\u00f6rening, f\u00f6rutom arbetet med de heml\u00f6sa katterna, \u00e4ven ska kunna fungera servicem\u00e4ssigt och kunna erbjuda hj\u00e4lp av olika slag.<\/p>\n<p>Vi \u00e4r anslutna till\u00a0<a href=\"http:\/\/www.djurskyddet.se\" target=\"_blank\" rel=\"noopener\">Djurskyddet Sverige<\/a> sedan augusti 2010, vilket \u00e4r en riksorganisation best\u00e5ende av ca 50 lokalf\u00f6reningar runt om i landet. Vi \u00e4r \u00e4ven medlemmar i <a href=\"http:\/\/www.djurhemsforbundet.se\" target=\"_blank\" rel=\"noopener\">Djurhemsf\u00f6rbundet<\/a> sedan September 2011.<\/p>\n<p>Vi har en lokal i Sandarne d\u00e4r vi driver <a href=\"http:\/\/www.djurskyddet.se\/billochbull\/katthemmet\/\">katthemmet<\/a> men anv\u00e4nder oss ocks\u00e5 av jourhem \u00e5t v\u00e5ra katter. V\u00e5ra katter \u00e4r alltid kastrerade, vaccinerade och id-m\u00e4rkta n\u00e4r de adopteras ut, adopterar man kattungar fr\u00e5n oss bekostar vi dessa \u00e5tg\u00e4rder n\u00e4r de har \u00e5ldern inne, dvs kring 6 m\u00e5naders \u00e5lder.<\/p>\n<p>Eftersom f\u00f6reningen \u00e4r helt ideell \u00e4r vi beroende av ideell arbetskraft, g\u00e5vor och medlemskap. De st\u00f6rsta utgifterna \u00e4r veterin\u00e4rkostnader, kattmat och kattsand. Vi har en <a href=\"http:\/\/www.djurskyddet.se\/billochbull\/loppis\/\">loppis<\/a> i samma lokal som katthemmet som genererar lite pengar men den t\u00e4cker bara en br\u00e5kdel av alla dessa utgifter. Vi tar g\u00e4rna emot dina \u00f6verskottsprylar till v\u00e5r loppis.<\/p>\n<p>Alla som \u00e4r intresserade f\u00e5r bli medlemmar i f\u00f6reningen och\/eller ta hand om beh\u00f6vande katter som volont\u00e4r, jourhem eller som blivande katt\u00e4gare! Man kan ocks\u00e5 vara fadder f\u00f6r en eller flera katter som finns p\u00e5 katthemmet eller hj\u00e4lpa till p\u00e5 andra s\u00e4tt. L\u00e4s mer om det under fliken <a href=\"https:\/\/www.djurskyddet.se\/billochbull\/ge-en-gava\/\">st\u00f6d oss<\/a>.<\/p>\n<p><strong>V\u00e4lkommen till f\u00f6reningen och till ett viktigt arbete f\u00f6r djuren!<\/strong><\/p>\n","protected":false},"excerpt":{"rendered":"<p>F\u00f6reningen Djurskyddet Bill &amp; Bull i S\u00f6derhamn bildades den 28 April 2010. Initiativet kom fr\u00e5n\u00a0ett 30-tal intresserade personer som tidigare var engagerade i f\u00f6reningen Hoppet, som drev katthem p\u00e5 Flygstaden. F\u00f6reningens st\u00f6rsta syfte \u00e4r att ta hand om \u00f6vergivna, heml\u00f6sa och n\u00f6dst\u00e4llda katter men vi tar \u00e4ven emot privata omplaceringar i m\u00e5n om plats. Katterna tas om hand p\u00e5 ett bra s\u00e4tt och omplaceras n\u00e4r de \u00e4r redo, i hem&hellip;<\/p>\n<p><a class=\"more-link\" href=\"https:\/\/www.djurskyddet.se\/billochbull\/om-oss\/\" title=\"Continue reading &lsquo;Om oss&rsquo;\">L&auml;s mer<span class=\"meta-nav\">&raquo;<\/span><\/a><\/p>\n","protected":false},"author":3,"featured_media":0,"parent":0,"menu_order":0,"comment_status":"closed","ping_status":"closed","template":"page-templates\/left-sidebar.php","meta":{"_acf_changed":false,"footnotes":""},"class_list":["post-5507","page","type-page","status-publish","hentry"],"acf":[],"_links":{"self":[{"href":"https:\/\/www.djurskyddet.se\/billochbull\/wp-json\/wp\/v2\/pages\/5507","targetHints":{"allow":["GET"]}}],"collection":[{"href":"https:\/\/www.djurskyddet.se\/billochbull\/wp-json\/wp\/v2\/pages"}],"about":[{"href":"https:\/\/www.djurskyddet.se\/billochbull\/wp-json\/wp\/v2\/types\/page"}],"author":[{"embeddable":true,"href":"https:\/\/www.djurskyddet.se\/billochbull\/wp-json\/wp\/v2\/users\/3"}],"replies":[{"embeddable":true,"href":"https:\/\/www.djurskyddet.se\/billochbull\/wp-json\/wp\/v2\/comments?post=5507"}],"version-history":[{"count":14,"href":"https:\/\/www.djurskyddet.se\/billochbull\/wp-json\/wp\/v2\/pages\/5507\/revisions"}],"predecessor-version":[{"id":5889,"href":"https:\/\/www.djurskyddet.se\/billochbull\/wp-json\/wp\/v2\/pages\/5507\/revisions\/5889"}],"wp:attachment":[{"href":"https:\/\/www.djurskyddet.se\/billochbull\/wp-json\/wp\/v2\/media?parent=5507"}],"curies":[{"name":"wp","href":"https:\/\/api.w.org\/{rel}","templated":true}]}}