{"id":5527,"date":"2018-10-01T11:40:07","date_gmt":"2018-10-01T11:40:07","guid":{"rendered":"http:\/\/www.djurskyddet.se\/billochbull\/?page_id=5527"},"modified":"2026-04-27T15:19:42","modified_gmt":"2026-04-27T15:19:42","slug":"styrelsen","status":"publish","type":"page","link":"https:\/\/www.djurskyddet.se\/billochbull\/om-oss\/styrelsen\/","title":{"rendered":"Styrelsen"},"content":{"rendered":"<p>Djurskyddet Bill &amp; Bull i S\u00f6derhamns styrelse vald vid \u00e5rsm\u00f6tet 2026-03-29<\/p>\n<p>Ordf\u00f6rande: Kjell Dahlstr\u00f6m<br \/>Kass\u00f6r: Birgitta Mellin<br \/>Sekreterare: Anna-Lena Engvall<br \/>Ledamot: Ing-Mari Wallin<br \/>Ledamot: Kina Johansson<br \/>Ledamot: Helena Hansdotter<br \/>Ledamot: Tina Rolfsdotter<br \/>Suppleant: Sixten Edlund<br \/>Suppleant: Karin Ellstr\u00f6m<\/p>\n\n<div class=\"wp-block-image\">\n<figure class=\"aligncenter size-full is-resized\"><img loading=\"lazy\" decoding=\"async\" width=\"1024\" height=\"576\" src=\"https:\/\/www.djurskyddet.se\/billochbull\/wp-content\/uploads\/sites\/24\/2024\/05\/20231021_113932-edited.jpg\" alt=\"\" class=\"wp-image-8894\" style=\"width:839px;height:auto\" srcset=\"https:\/\/www.djurskyddet.se\/billochbull\/wp-content\/uploads\/sites\/24\/2024\/05\/20231021_113932-edited.jpg 1024w, https:\/\/www.djurskyddet.se\/billochbull\/wp-content\/uploads\/sites\/24\/2024\/05\/20231021_113932-edited-300x169.jpg 300w, https:\/\/www.djurskyddet.se\/billochbull\/wp-content\/uploads\/sites\/24\/2024\/05\/20231021_113932-edited-768x432.jpg 768w, https:\/\/www.djurskyddet.se\/billochbull\/wp-content\/uploads\/sites\/24\/2024\/05\/20231021_113932-edited-400x225.jpg 400w\" sizes=\"auto, (max-width: 1024px) 100vw, 1024px\" \/><figcaption class=\"wp-element-caption\"><em>Sylvester &amp; Svenne<\/em><\/figcaption><\/figure><\/div>\n\n<div class=\"wp-block-image\">\n<figure class=\"aligncenter size-full\"><img loading=\"lazy\" decoding=\"async\" width=\"1024\" height=\"101\" src=\"https:\/\/www.djurskyddet.se\/billochbull\/wp-content\/uploads\/sites\/24\/2024\/05\/border-test-1-1.png\" alt=\"\" class=\"wp-image-8794\" srcset=\"https:\/\/www.djurskyddet.se\/billochbull\/wp-content\/uploads\/sites\/24\/2024\/05\/border-test-1-1.png 1024w, https:\/\/www.djurskyddet.se\/billochbull\/wp-content\/uploads\/sites\/24\/2024\/05\/border-test-1-1-300x30.png 300w, https:\/\/www.djurskyddet.se\/billochbull\/wp-content\/uploads\/sites\/24\/2024\/05\/border-test-1-1-768x76.png 768w, https:\/\/www.djurskyddet.se\/billochbull\/wp-content\/uploads\/sites\/24\/2024\/05\/border-test-1-1-400x39.png 400w\" sizes=\"auto, (max-width: 1024px) 100vw, 1024px\" \/><\/figure><\/div>","protected":false},"excerpt":{"rendered":"<p>Djurskyddet Bill &amp; Bull i S\u00f6derhamns styrelse vald vid \u00e5rsm\u00f6tet 2026-03-29 Ordf\u00f6rande: Kjell Dahlstr\u00f6mKass\u00f6r: Birgitta MellinSekreterare: Anna-Lena EngvallLedamot: Ing-Mari WallinLedamot: Kina JohanssonLedamot: Helena HansdotterLedamot: Tina RolfsdotterSuppleant: Sixten EdlundSuppleant: Karin Ellstr\u00f6m<\/p>\n","protected":false},"author":3,"featured_media":0,"parent":5507,"menu_order":0,"comment_status":"closed","ping_status":"closed","template":"page-templates\/left-sidebar.php","meta":{"_acf_changed":false,"footnotes":""},"class_list":["post-5527","page","type-page","status-publish","hentry"],"acf":[],"_links":{"self":[{"href":"https:\/\/www.djurskyddet.se\/billochbull\/wp-json\/wp\/v2\/pages\/5527","targetHints":{"allow":["GET"]}}],"collection":[{"href":"https:\/\/www.djurskyddet.se\/billochbull\/wp-json\/wp\/v2\/pages"}],"about":[{"href":"https:\/\/www.djurskyddet.se\/billochbull\/wp-json\/wp\/v2\/types\/page"}],"author":[{"embeddable":true,"href":"https:\/\/www.djurskyddet.se\/billochbull\/wp-json\/wp\/v2\/users\/3"}],"replies":[{"embeddable":true,"href":"https:\/\/www.djurskyddet.se\/billochbull\/wp-json\/wp\/v2\/comments?post=5527"}],"version-history":[{"count":31,"href":"https:\/\/www.djurskyddet.se\/billochbull\/wp-json\/wp\/v2\/pages\/5527\/revisions"}],"predecessor-version":[{"id":11033,"href":"https:\/\/www.djurskyddet.se\/billochbull\/wp-json\/wp\/v2\/pages\/5527\/revisions\/11033"}],"up":[{"embeddable":true,"href":"https:\/\/www.djurskyddet.se\/billochbull\/wp-json\/wp\/v2\/pages\/5507"}],"wp:attachment":[{"href":"https:\/\/www.djurskyddet.se\/billochbull\/wp-json\/wp\/v2\/media?parent=5527"}],"curies":[{"name":"wp","href":"https:\/\/api.w.org\/{rel}","templated":true}]}}