{"id":5566,"date":"2018-10-01T12:22:57","date_gmt":"2018-10-01T12:22:57","guid":{"rendered":"http:\/\/www.djurskyddet.se\/billochbull\/?page_id=5566"},"modified":"2026-04-26T12:11:39","modified_gmt":"2026-04-26T12:11:39","slug":"loppis","status":"publish","type":"page","link":"https:\/\/www.djurskyddet.se\/billochbull\/om-oss\/loppis\/","title":{"rendered":"Bill &amp; Bull\u2019s Loppis"},"content":{"rendered":"\n<p><br><img loading=\"lazy\" decoding=\"async\" width=\"1024\" height=\"683\" class=\"wp-image-8849\" style=\"width: 900px\" src=\"https:\/\/www.djurskyddet.se\/billochbull\/wp-content\/uploads\/sites\/24\/2024\/05\/375812373_10227314544946647_546806619080263442_n-edited-1.jpg\" alt=\"\" srcset=\"https:\/\/www.djurskyddet.se\/billochbull\/wp-content\/uploads\/sites\/24\/2024\/05\/375812373_10227314544946647_546806619080263442_n-edited-1.jpg 1024w, https:\/\/www.djurskyddet.se\/billochbull\/wp-content\/uploads\/sites\/24\/2024\/05\/375812373_10227314544946647_546806619080263442_n-edited-1-300x200.jpg 300w, https:\/\/www.djurskyddet.se\/billochbull\/wp-content\/uploads\/sites\/24\/2024\/05\/375812373_10227314544946647_546806619080263442_n-edited-1-768x512.jpg 768w, https:\/\/www.djurskyddet.se\/billochbull\/wp-content\/uploads\/sites\/24\/2024\/05\/375812373_10227314544946647_546806619080263442_n-edited-1-400x267.jpg 400w\" sizes=\"auto, (max-width: 1024px) 100vw, 1024px\" \/><br><\/p>\n\n\n\n<p>Bill &amp; Bull\u2019s loppisverksamhet finns numera i gamla Konsum\u2019s lokal i samma fastighet som Pizzeria Sandarne vid Nyplan, ca 250 m fr\u00e5n katthemmet.<br><br>Int\u00e4kterna fr\u00e5n loppisverksamheten g\u00e5r oavkortat till Djurskyddet Bill &amp; Bull\u2019s arbete f\u00f6r heml\u00f6sa katter och saker f\u00f6r \u00e5terbruk tas tacksamt emot d\u00e5 de vid f\u00f6rs\u00e4ljning i loppisen genererar en int\u00e4kt som \u00e4r mycket viktig f\u00f6r katthemsverksamheten.<br><br>P\u00e5 loppisen finns ett brett sortiment av sk\u00e4nkta saker f\u00f6r \u00e5terbruk som t.ex. m\u00f6bler, heminredning, hush\u00e5ll, kl\u00e4der f\u00f6r barn och vuxna, leksaker och b\u00f6cker m.m.&nbsp;<br><br>V\u00e4lkommen att handla och fynda p\u00e5 H\u00e4lsinglands mest prisv\u00e4rda loppis -f\u00f6r att st\u00f6tta Djurskyddet Bill &amp; Bull&#8217;s arbete f\u00f6r heml\u00f6sa katter!<\/p>\n\n\n<div class=\"wp-block-image\">\n<figure class=\"aligncenter size-full\"><img loading=\"lazy\" decoding=\"async\" width=\"1024\" height=\"101\" src=\"https:\/\/www.djurskyddet.se\/billochbull\/wp-content\/uploads\/sites\/24\/2024\/05\/border-test-1-1.png\" alt=\"\" class=\"wp-image-8794\" srcset=\"https:\/\/www.djurskyddet.se\/billochbull\/wp-content\/uploads\/sites\/24\/2024\/05\/border-test-1-1.png 1024w, https:\/\/www.djurskyddet.se\/billochbull\/wp-content\/uploads\/sites\/24\/2024\/05\/border-test-1-1-300x30.png 300w, https:\/\/www.djurskyddet.se\/billochbull\/wp-content\/uploads\/sites\/24\/2024\/05\/border-test-1-1-768x76.png 768w, https:\/\/www.djurskyddet.se\/billochbull\/wp-content\/uploads\/sites\/24\/2024\/05\/border-test-1-1-400x39.png 400w\" sizes=\"auto, (max-width: 1024px) 100vw, 1024px\" \/><\/figure><\/div>\n\n\n<p><\/p>\n","protected":false},"excerpt":{"rendered":"<p>Bill &amp; Bull\u2019s loppisverksamhet finns numera i gamla Konsum\u2019s lokal i samma fastighet som Pizzeria Sandarne vid Nyplan, ca 250 m fr\u00e5n katthemmet. Int\u00e4kterna fr\u00e5n loppisverksamheten g\u00e5r oavkortat till Djurskyddet Bill &amp; Bull\u2019s arbete f\u00f6r heml\u00f6sa katter och saker f\u00f6r \u00e5terbruk tas tacksamt emot d\u00e5 de vid f\u00f6rs\u00e4ljning i loppisen genererar en int\u00e4kt som \u00e4r mycket viktig f\u00f6r katthemsverksamheten. P\u00e5 loppisen finns ett brett sortiment av sk\u00e4nkta saker f\u00f6r \u00e5terbruk&hellip;<\/p>\n<p><a class=\"more-link\" href=\"https:\/\/www.djurskyddet.se\/billochbull\/om-oss\/loppis\/\" title=\"Continue reading &lsquo;Bill &amp; Bull\u2019s Loppis&rsquo;\">L&auml;s mer<span class=\"meta-nav\">&raquo;<\/span><\/a><\/p>\n","protected":false},"author":3,"featured_media":0,"parent":5507,"menu_order":0,"comment_status":"closed","ping_status":"closed","template":"page-templates\/left-sidebar.php","meta":{"_acf_changed":false,"footnotes":""},"class_list":["post-5566","page","type-page","status-publish","hentry"],"acf":[],"_links":{"self":[{"href":"https:\/\/www.djurskyddet.se\/billochbull\/wp-json\/wp\/v2\/pages\/5566","targetHints":{"allow":["GET"]}}],"collection":[{"href":"https:\/\/www.djurskyddet.se\/billochbull\/wp-json\/wp\/v2\/pages"}],"about":[{"href":"https:\/\/www.djurskyddet.se\/billochbull\/wp-json\/wp\/v2\/types\/page"}],"author":[{"embeddable":true,"href":"https:\/\/www.djurskyddet.se\/billochbull\/wp-json\/wp\/v2\/users\/3"}],"replies":[{"embeddable":true,"href":"https:\/\/www.djurskyddet.se\/billochbull\/wp-json\/wp\/v2\/comments?post=5566"}],"version-history":[{"count":40,"href":"https:\/\/www.djurskyddet.se\/billochbull\/wp-json\/wp\/v2\/pages\/5566\/revisions"}],"predecessor-version":[{"id":11025,"href":"https:\/\/www.djurskyddet.se\/billochbull\/wp-json\/wp\/v2\/pages\/5566\/revisions\/11025"}],"up":[{"embeddable":true,"href":"https:\/\/www.djurskyddet.se\/billochbull\/wp-json\/wp\/v2\/pages\/5507"}],"wp:attachment":[{"href":"https:\/\/www.djurskyddet.se\/billochbull\/wp-json\/wp\/v2\/media?parent=5566"}],"curies":[{"name":"wp","href":"https:\/\/api.w.org\/{rel}","templated":true}]}}