{"id":7413,"date":"2021-02-24T16:50:22","date_gmt":"2021-02-24T16:50:22","guid":{"rendered":"https:\/\/www.djurskyddet.se\/billochbull\/?page_id=7413"},"modified":"2024-07-17T12:00:52","modified_gmt":"2024-07-17T12:00:52","slug":"kastrering","status":"publish","type":"page","link":"https:\/\/www.djurskyddet.se\/billochbull\/tips-rad\/kastrering\/","title":{"rendered":"Kastrering"},"content":{"rendered":"\n<p><strong>Du har v\u00e4l koll p\u00e5 de nya f\u00f6reskrifterna<\/strong> f\u00f6r hund och katt som tr\u00e4dde i kraft 15 juni 2020? Detta inneb\u00e4r ett starkare djurskydd f\u00f6r v\u00e5ra fyrfota v\u00e4nner! Den viktigaste f\u00f6r\u00e4ndringen \u00e4r att du som katt\u00e4gare som l\u00e5ter din katt g\u00e5 ute numera \u00e4r skyldig att kastrera din katt eller p\u00e5 annat s\u00e4tt f\u00f6rhindra att katten f\u00f6r\u00f6kar sig. <\/p>\n\n\n\n<figure class=\"wp-block-image\"><img loading=\"lazy\" decoding=\"async\" width=\"1024\" height=\"1024\" src=\"https:\/\/www.djurskyddet.se\/billochbull\/wp-content\/uploads\/sites\/24\/2021\/02\/2.png\" alt=\"\" class=\"wp-image-7417\" srcset=\"https:\/\/www.djurskyddet.se\/billochbull\/wp-content\/uploads\/sites\/24\/2021\/02\/2.png 1024w, https:\/\/www.djurskyddet.se\/billochbull\/wp-content\/uploads\/sites\/24\/2021\/02\/2-150x150.png 150w, https:\/\/www.djurskyddet.se\/billochbull\/wp-content\/uploads\/sites\/24\/2021\/02\/2-300x300.png 300w, https:\/\/www.djurskyddet.se\/billochbull\/wp-content\/uploads\/sites\/24\/2021\/02\/2-768x768.png 768w, https:\/\/www.djurskyddet.se\/billochbull\/wp-content\/uploads\/sites\/24\/2021\/02\/2-400x400.png 400w\" sizes=\"auto, (max-width: 1024px) 100vw, 1024px\" \/><\/figure>\n\n\n\n<p><strong>Om en honkatt kan ge upphov till 120 stycken kattungar<\/strong> under sitt liv som fertil, hur m\u00e5nga kan d\u00e5 en okastrerad hankatt vara ansvarig f\u00f6r om han sl\u00e4pps ut utan kontroll? Det \u00e4r du som \u00e4gare av b\u00e5de han- och honkatt som h\u00e5lls ansvarig f\u00f6r att okontrollerad avel inte f\u00f6rekommer.<\/p>\n\n\n\n<h4 class=\"wp-block-heading\"><strong><em> 2 \u00a7 Djurh\u00e5llaren ska vidta n\u00f6dv\u00e4ndiga f\u00f6rsiktighets\u00e5tg\u00e4rder f\u00f6r att f\u00f6rebygga oplanerad, o\u00f6nskad eller \u00f6verdriven reproduktion av de djur som han eller hon ansvarar f\u00f6r. <\/em><\/strong><\/h4>\n\n\n\n<p><strong><em>Allm\u00e4nna r\u00e5d till 6 kap. 2 \u00a7<\/em><\/strong><em> Katter som r\u00f6r sig fritt utomhus b\u00f6r vara kastrerade, steriliserade eller p\u00e5 annat s\u00e4tt f\u00f6rhindrade fr\u00e5n att kunna f\u00f6r\u00f6ka sig okontrollerat.<\/em><\/p>\n\n\n\n<p><a rel=\"noreferrer noopener\" aria-label=\"H\u00e4r kan du l\u00e4sa f\u00f6reskrifterna i sin helhet (PDF) (\u00f6ppnas i en ny flik)\" href=\"https:\/\/www.djurskyddet.se\/wp-content\/uploads\/2020\/05\/2020-008.pdf\" target=\"_blank\">H\u00e4r kan du l\u00e4sa f\u00f6reskrifterna i sin helhet (PDF, \u00f6ppnas i nytt f\u00f6nster)<\/a><\/p>\n\n\n\n<p><strong>S\u00e5, har du en okastrerad katt som du sl\u00e4pper ut<\/strong> s\u00e5 beh\u00f6ver du t\u00e4nka om, kastrering \u00e4r det allra enklaste och s\u00e4kraste s\u00e4ttet att f\u00f6rhindra okontrollerad avel men det finns sj\u00e4lvklart flera s\u00e4tt. Att bygga en rastg\u00e5rd d\u00e4r katten kan f\u00e5 tillg\u00e5ng till att vara utomhus \u00e4r ett s\u00e4tt att l\u00e5ta katten komma ut, d\u00e4r finns det m\u00e5nga m\u00f6jligheter att bygga och inreda f\u00f6r att katten ska f\u00e5 utlopp f\u00f6r sin energi och nyfikenhet, det \u00e4r bara fantasin som s\u00e4tter gr\u00e4nser! Man kan \u00e4ven ge sin honkatt p-piller men <strong>det \u00e4r inte n\u00e5got vi rekommenderar<\/strong>, sedan en tid tillbaka har dessa piller varit restade \u00f6ver hela landet och sv\u00e5ra att f\u00e5 tag p\u00e5, f\u00f6rutom att detta s\u00e4tt inte ger ett 100% s\u00e4kerhet mot o\u00f6nskad dr\u00e4ktighet s\u00e5 ger det f\u00f6ljdskador p\u00e5 din honkatt. P-piller \u00e4r k\u00e4nt att ge tum\u00f6rer och f\u00f6rstorad livmoder. <\/p>\n\n\n\n<p><strong>Men du vill ha kattungar s\u00e4ger du?<\/strong>  Ja men vad bra, d\u00e5 har du v\u00e4l ocks\u00e5 koll p\u00e5 hur aveln ska g\u00e5 till, du har v\u00e4l l\u00e4st f\u00f6reskrifterna och \u00e4r p\u00e5l\u00e4st och f\u00f6rberedd? Har du en bra f\u00f6rs\u00e4kring? F\u00f6r kejsarsnitt p\u00e5 akuttid inte \u00e4r billigt! <\/p>\n\n\n\n<h4 class=\"wp-block-heading\"><strong><em>6 KAP. AVEL Grundl\u00e4ggande f\u00f6ruts\u00e4ttningar f\u00f6r att avla med hundar och katter <\/em><\/strong><\/h4>\n\n\n\n<p><strong><em>1 \u00a7 <\/em><\/strong><em>F\u00f6r att hundar och katter ska f\u00e5 anv\u00e4ndas i avel ska f\u00f6ljande krav vara uppfyllda: <br><strong>1.<\/strong> F\u00f6r\u00e4ldradjuren ska ha l\u00e4mpliga anatomiska, fysiologiska och beteendem\u00e4ssiga egenskaper och dessa egenskaper f\u00e5r inte riskera att p\u00e5verka negativt varken f\u00f6r\u00e4ldradjurens eller avkommornas h\u00e4lsa och v\u00e4lf\u00e4rd.  SJVFS 2020:8 15 <\/em><br><em><strong>2.<\/strong> F\u00f6r\u00e4ldradjuren ska vara i god fysisk och psykisk h\u00e4lsa inf\u00f6r parningen. <\/em><\/p>\n\n\n\n<p><strong>S\u00e5 d\u00e5 sl\u00e4pper du inte ut din honkatt<\/strong> f\u00f6r att hoppas att hon blir dr\u00e4ktig utan v\u00e4ljer en hane med omsorg? Bra! F\u00f6r annars f\u00f6ljer du inte r\u00e5dande f\u00f6reskrifter, om du l\u00e5ter din okastrerade honkatt g\u00e5 fritt ute s\u00e5 vet du inte vad f\u00f6r hankatt som blir far till ungarna, du har inte koll p\u00e5 vad f\u00f6r sjukdomar han b\u00e4r p\u00e5 eller hans mentala status som riskeras ned\u00e4rvas. <\/p>\n\n\n\n<p style=\"text-align:center\"><strong>Med \u00f6ver 100 000 heml\u00f6sa katter i Sverige s\u00e5 anser vi att det inte beh\u00f6vs fler oansvariga katt\u00e4gare som l\u00e5ter sina katter f\u00f6r\u00f6ka sig utan kontroll.<\/strong><\/p>\n","protected":false},"excerpt":{"rendered":"<p>Du har v\u00e4l koll p\u00e5 de nya f\u00f6reskrifterna f\u00f6r hund och katt som tr\u00e4dde i kraft 15 juni 2020? Detta inneb\u00e4r ett starkare djurskydd f\u00f6r v\u00e5ra fyrfota v\u00e4nner! Den viktigaste f\u00f6r\u00e4ndringen \u00e4r att du som katt\u00e4gare som l\u00e5ter din katt g\u00e5 ute numera \u00e4r skyldig att kastrera din katt eller p\u00e5 annat s\u00e4tt f\u00f6rhindra att katten f\u00f6r\u00f6kar sig. Om en honkatt kan ge upphov till 120 stycken kattungar under sitt&hellip;<\/p>\n<p><a class=\"more-link\" href=\"https:\/\/www.djurskyddet.se\/billochbull\/tips-rad\/kastrering\/\" title=\"Continue reading &lsquo;Kastrering&rsquo;\">L&auml;s mer<span class=\"meta-nav\">&raquo;<\/span><\/a><\/p>\n","protected":false},"author":23,"featured_media":0,"parent":9573,"menu_order":0,"comment_status":"closed","ping_status":"closed","template":"left-sidebar.php","meta":{"_acf_changed":false,"footnotes":""},"class_list":["post-7413","page","type-page","status-publish","hentry"],"acf":[],"_links":{"self":[{"href":"https:\/\/www.djurskyddet.se\/billochbull\/wp-json\/wp\/v2\/pages\/7413","targetHints":{"allow":["GET"]}}],"collection":[{"href":"https:\/\/www.djurskyddet.se\/billochbull\/wp-json\/wp\/v2\/pages"}],"about":[{"href":"https:\/\/www.djurskyddet.se\/billochbull\/wp-json\/wp\/v2\/types\/page"}],"author":[{"embeddable":true,"href":"https:\/\/www.djurskyddet.se\/billochbull\/wp-json\/wp\/v2\/users\/23"}],"replies":[{"embeddable":true,"href":"https:\/\/www.djurskyddet.se\/billochbull\/wp-json\/wp\/v2\/comments?post=7413"}],"version-history":[{"count":35,"href":"https:\/\/www.djurskyddet.se\/billochbull\/wp-json\/wp\/v2\/pages\/7413\/revisions"}],"predecessor-version":[{"id":7653,"href":"https:\/\/www.djurskyddet.se\/billochbull\/wp-json\/wp\/v2\/pages\/7413\/revisions\/7653"}],"up":[{"embeddable":true,"href":"https:\/\/www.djurskyddet.se\/billochbull\/wp-json\/wp\/v2\/pages\/9573"}],"wp:attachment":[{"href":"https:\/\/www.djurskyddet.se\/billochbull\/wp-json\/wp\/v2\/media?parent=7413"}],"curies":[{"name":"wp","href":"https:\/\/api.w.org\/{rel}","templated":true}]}}