{"id":6434,"date":"2022-11-09T11:12:59","date_gmt":"2022-11-09T11:12:59","guid":{"rendered":"https:\/\/www.djurskyddet.se\/bollnasovanaker\/?page_id=6434"},"modified":"2022-11-15T11:09:05","modified_gmt":"2022-11-15T11:09:05","slug":"bli-jourhem","status":"publish","type":"page","link":"https:\/\/www.djurskyddet.se\/bollnasovanaker\/bli-jourhem\/","title":{"rendered":"Bli jourhem"},"content":{"rendered":"\n<p>Ett jourhem \u00e4r ett tillf\u00e4lligt hem d\u00e4r katten bor under tiden tills vi hittat ett permanent hem. <\/p>\n\n\n\n<p>Katthemmet st\u00e5r f\u00f6r mat, specialfoder, sand, kattl\u00e5da och veterin\u00e4rv\u00e5rd. <br>Du f\u00e5r en kontaktperson som under jourhemstiden arbetar med att hitta ett permanent hem \u00e5t katten och hj\u00e4lper dig vid problem eller fr\u00e5gor.<br>Man g\u00f6r en stor insats som st\u00f6dhem. Utan dessa skulle m\u00e5nga katter inte kunnat r\u00e4ddas och jourhemmen \u00e4r v\u00e4ldigt viktiga f\u00f6r v\u00e5r verksamhet. Vi \u00e4r v\u00e4ldigt tacksamma f\u00f6r all hj\u00e4lp vi kan f\u00e5 f\u00f6r att kunna r\u00e4dda s\u00e5 m\u00e5nga katter som m\u00f6jligt.<br>Men samtidigt \u00e4r det viktigt att man noga t\u00e4nkt igenom vad det inneb\u00e4r att vara st\u00f6dhem s\u00e5 att man inte \u00e5ngrar sig efter bara n\u00e5gra veckor och vill att vi ska h\u00e4mta katten igen. F\u00f6r kontaktpersonerna i f\u00f6reningen \u00e4r det ett oerh\u00f6rt stressmoment n\u00e4r ett jourhem tr\u00f6ttnat och vill att vi snarast ska hitta ett annat hem f\u00f6r katten. F\u00f6r kattens skull kan det vara en traumatisk upplevelse att slitas upp och flytta flera g\u00e5nger.<br>Ibland vet vi kattens bakgrund och kan f\u00f6rutse vissa situationer som kan bli problematiska, alla katter passar inte i alla jourhem. Ibland kan det dock vara sv\u00e5rt att p\u00e5 f\u00f6rhand bed\u00f6ma hur det kommer att fungera eftersom vi oftast inte vet bakgrunden till de heml\u00f6sa katterna.<br>F\u00f6r allas skull m\u00e5ste jourhemmen vara v\u00e4l f\u00f6rberedda innan de anm\u00e4ler sig som jourhem, ha talat med hela familjen och att alla \u00e4r \u00f6verens om att de vill st\u00e4lla upp och ta emot en katt i hemmet.<br>Men om man t\u00e4nkt igenom sin situation och vet att man har tiden och orken att st\u00e4lla upp f\u00f6r en beh\u00f6vande katt s\u00e5 \u00e4r det oerh\u00f6rt givande och roligt att vara jourhem.<\/p>\n\n\n\n<p><strong>Varf\u00f6r beh\u00f6vs jourhem?<\/strong><\/p>\n\n\n\n<p>Ett jourhem hj\u00e4lper katter som beh\u00f6ver extra omv\u00e5rdnad, katter som inte trivs med andra katter, kattmammor som beh\u00f6ver lugn och ro f\u00f6r att f\u00f6da eller skygga katter som beh\u00f6ver bygga upp sin tillit till m\u00e4nniskor.<\/p>\n\n\n\n<p><strong>Vad inneb\u00e4r det att vara jourhem?<\/strong><\/p>\n\n\n\n<p>Under en period tar du emot en katt i ditt hem. Det kan r\u00f6ra sig om allt fr\u00e5n n\u00e5gra veckor till ett halv\u00e5r eller \u00e5r. N\u00e5gon ers\u00e4ttning betalas inte ut till jourhem som tar hand om katter. Som jourhem har du ansvar f\u00f6r katten precis som om den \u00e4r din egen, om du exempelvis \u00e5ker bort s\u00e5 ordnar du att det finns kattvakt. Du ser till att katten m\u00e5r bra p\u00e5 alla plan, s\u00e5 v\u00e4l fysiskt som psykiskt. F\u00f6reningen st\u00e5r f\u00f6r alla veterin\u00e4rkostnader som \u00e4ven har r\u00e4tt att underk\u00e4nna dessa vid egenm\u00e4ktigt f\u00f6rfarande. I f\u00f6rsta hand anlitas de veterin\u00e4rer som vi har avtal med.<\/p>\n\n\n\n<p>Vi har ofta skygga\/r\u00e4dda och blyga katter som kr\u00e4ver en n\u00e5got mer lugn hemma-milj\u00f6 s\u00e5 d\u00e4rf\u00f6r placerar vi inga jourhemskatter om det finns yngre barn i familjen.<\/p>\n\n\n\n<p>Om katten vanv\u00e5rdas eller om du bryter mot n\u00e5gon av v\u00e5ra krav kan katthemmet \u00e5terta katten\/katterna utan ers\u00e4ttning.<\/p>\n\n\n\n<p><strong>Annonsering och visningar<\/strong><\/p>\n\n\n\n<p>F\u00f6r att blivande katt\u00e4gare ska kunna l\u00e4ra k\u00e4nna sin nya katt, m\u00e5ste du vara beredd p\u00e5 att ha visning i ditt hem men djurhemsansvarig p\u00e5 katthemmet best\u00e4mmer och st\u00e5r f\u00f6r adoptionen.<\/p>\n\n\n\n<p><strong>Katten ska h\u00e5llas som innekatt<\/strong><\/p>\n\n\n\n<p>Katten skall h\u00e5llas som innekatt. Ska inte blandas med hemmets egna djur innan katten genomg\u00e5tt en veterin\u00e4rundres\u00f6kning och blivit vaccinerad. Ska h\u00e5llas i ett eget rum till en b\u00f6rjan tills den varit till veterin\u00e4r och om katten \u00e4r skygg b\u00f6r den bli social innan den f\u00e5r komma ut i hela hemmet. Utevistelse endast i godk\u00e4nd rastg\u00e5rd.  Det \u00e4r det viktigt att du ser till att det inte finns n\u00e5gra &#8221;flyktv\u00e4gar&#8221;. F\u00f6nster och d\u00f6rrar m\u00e5ste h\u00e5llas st\u00e4ngda eller vara n\u00e4tade och eventuell balkong ska vara inn\u00e4tad.<\/p>\n\n\n\n<p>Om katten skulle f\u00f6rsvinna m\u00e5ste du omg\u00e5ende meddela katthemmet!<\/p>\n\n\n\n<p><strong>Om du redan har katt<\/strong><\/p>\n\n\n\n<p>M\u00e5nga av v\u00e5ra katter kommer direkt utifr\u00e5n och kan vara smittb\u00e4rare av sjukdomar. D\u00e4rf\u00f6r \u00e4r det viktigt att du t\u00e4nker igenom detta noggrant d\u00e5 vi inte kan l\u00e4mna n\u00e5gra friskhets garantier. Sj\u00e4lvklart b\u00f6r dina katter vara vaccinerade mot b\u00e5de kattpest och kattsnuva. Det finns ocks\u00e5 risk f\u00f6r att din och jourkatten inte g\u00e5r ihop, s\u00e5 fundera lite p\u00e5 hur du tror att din katt kommer att reagera. P\u00e5 s\u00e5 s\u00e4tt kan vi slippa on\u00f6diga f\u00f6rflyttningar av katten, som kan orsaka mer trauma f\u00f6r den. Var \u00e4ven beredd p\u00e5 att det kan g\u00e5 en tid av fr\u00e4s och br\u00e5k. Det \u00e4r naturligt.<\/p>\n\n\n\n<p><strong>Vill\/kan inte l\u00e4ngre vara jourhem<\/strong><\/p>\n\n\n\n<p>Ibland uppst\u00e5r det situationer n\u00e4r man inte kan vara jourhem l\u00e4ngre. S\u00e5 fort du misst\u00e4nker det, s\u00e5 kontakta oss. Det kan ta oss tid att hitta n\u00e5got nytt, \u00e4ven om vi f\u00f6rs\u00f6ker l\u00f6sa det s\u00e5 fort det g\u00e5r.<\/p>\n\n\n\n<p>Skador i hemmet: Tar du en katt till ditt hem, s\u00e5 kan det i v\u00e4rsta fall uppst\u00e5 skador p\u00e5 hemmet. Det kan vi tyv\u00e4rr inte ers\u00e4tta. Ring din kontaktperson s\u00e5 fort ett problem uppst\u00e5r, s\u00e5 ska vi f\u00f6rs\u00f6ka komma p\u00e5 en l\u00f6sning f\u00f6r att f\u00f6rhindra fler skador.<\/p>\n\n\n\n<p><strong>Om du vill beh\u00e5lla din jourkatt<\/strong><\/p>\n\n\n\n<p>Sj\u00e4lvklart kan du g\u00f6ra det, du st\u00e5r f\u00f6rst i k\u00f6. Dock m\u00e5ste du, liksom alla andra, betala f\u00f6r katten och skriva p\u00e5 ett adoptionskontrakt. Om du k\u00e4nner att du vill beh\u00e5lla katten, s\u00e5 kontakta g\u00e4rna oss s\u00e5 fort som m\u00f6jligt, s\u00e5 beh\u00f6ver vi inte l\u00e4gga energi p\u00e5 att s\u00f6ka hem till din blivande katt.<\/p>\n\n\n\n<p><strong>Kontrakt<\/strong><\/p>\n\n\n\n<p>Det nya jourhemmet skriver ett kontrakt med katthemmet \u2013 f\u00f6r din och kattens b\u00e4sta.<\/p>\n\n\n\n<p>Du m\u00e5ste vara minst 18 \u00e5r f\u00f6r att f\u00e5 bli jourhem!<\/p>\n\n\n\n<p>Vid intresse kontakta oss via E-post: djurskydd_bollnas@hotmail.com eller via telefon: 070-302 80 06 <\/p>\n","protected":false},"excerpt":{"rendered":"<p>Ett jourhem \u00e4r ett tillf\u00e4lligt hem d\u00e4r katten bor under tiden tills vi hittat ett permanent hem. Katthemmet st\u00e5r f\u00f6r mat, specialfoder, sand, kattl\u00e5da och veterin\u00e4rv\u00e5rd. Du f\u00e5r en kontaktperson som under jourhemstiden arbetar med att hitta ett permanent hem \u00e5t katten och hj\u00e4lper dig vid problem eller fr\u00e5gor.Man g\u00f6r en stor insats som st\u00f6dhem. Utan dessa skulle m\u00e5nga katter inte kunnat r\u00e4ddas och jourhemmen \u00e4r v\u00e4ldigt viktiga f\u00f6r v\u00e5r&hellip;<\/p>\n<p><a class=\"more-link\" href=\"https:\/\/www.djurskyddet.se\/bollnasovanaker\/bli-jourhem\/\" title=\"Continue reading &lsquo;Bli jourhem&rsquo;\">L&auml;s mer<span class=\"meta-nav\">&raquo;<\/span><\/a><\/p>\n","protected":false},"author":31,"featured_media":0,"parent":0,"menu_order":0,"comment_status":"closed","ping_status":"closed","template":"","meta":{"_acf_changed":false,"footnotes":""},"class_list":["post-6434","page","type-page","status-publish","hentry"],"acf":[],"_links":{"self":[{"href":"https:\/\/www.djurskyddet.se\/bollnasovanaker\/wp-json\/wp\/v2\/pages\/6434","targetHints":{"allow":["GET"]}}],"collection":[{"href":"https:\/\/www.djurskyddet.se\/bollnasovanaker\/wp-json\/wp\/v2\/pages"}],"about":[{"href":"https:\/\/www.djurskyddet.se\/bollnasovanaker\/wp-json\/wp\/v2\/types\/page"}],"author":[{"embeddable":true,"href":"https:\/\/www.djurskyddet.se\/bollnasovanaker\/wp-json\/wp\/v2\/users\/31"}],"replies":[{"embeddable":true,"href":"https:\/\/www.djurskyddet.se\/bollnasovanaker\/wp-json\/wp\/v2\/comments?post=6434"}],"version-history":[{"count":6,"href":"https:\/\/www.djurskyddet.se\/bollnasovanaker\/wp-json\/wp\/v2\/pages\/6434\/revisions"}],"predecessor-version":[{"id":6450,"href":"https:\/\/www.djurskyddet.se\/bollnasovanaker\/wp-json\/wp\/v2\/pages\/6434\/revisions\/6450"}],"wp:attachment":[{"href":"https:\/\/www.djurskyddet.se\/bollnasovanaker\/wp-json\/wp\/v2\/media?parent=6434"}],"curies":[{"name":"wp","href":"https:\/\/api.w.org\/{rel}","templated":true}]}}