{"id":5682,"date":"2025-01-24T13:16:31","date_gmt":"2025-01-24T13:16:31","guid":{"rendered":"https:\/\/www.djurskyddet.se\/boras\/?page_id=5682"},"modified":"2025-08-29T15:04:24","modified_gmt":"2025-08-29T15:04:24","slug":"adoptera-ett-djur","status":"publish","type":"page","link":"https:\/\/www.djurskyddet.se\/boras\/adoptera-ett-djur\/","title":{"rendered":"Adoptera en heml\u00f6s katt i Bor\u00e5s \u2013 s\u00e5 g\u00e5r det till"},"content":{"rendered":"\n<p><strong>Vill du ge en heml\u00f6s katt ett tryggt och k\u00e4rleksfullt hem? <\/strong><br><strong>H\u00e4r f\u00f6rklarar vi hur adoptionsprocessen g\u00e5r till och vad du beh\u00f6ver t\u00e4nka p\u00e5 innan du adopterar en katt.<\/strong><\/p>\n\n\n\n<p>kontakt vid fr\u00e5gor:<br><a href=\"tel:0737516308v\">0737-51 63 08<\/a><br><a href=\"https:\/\/www.facebook.com\/profile.php?id=61566917612274\" target=\"_blank\" rel=\"noopener\">Facebook<\/a><br><a href=\"mailto:boras@djurskyddet.se\">boras@djurskyddet.se<\/a><\/p>\n\n\n\n<h2 class=\"wp-block-heading\">Hur adopterar jag en katt i Bor\u00e5s?<\/h2>\n\n\n\n<p>F\u00f6r att adoptera en katt, b\u00f6rja med att bes\u00f6ka <a href=\"https:\/\/www.facebook.com\/profile.php?id=61566917612274\" target=\"_blank\" rel=\"noopener\">v\u00e5r facebook-sida<\/a> f\u00f6r at se vilka djur som s\u00f6ker nytt hem. Kommentera under inl\u00e4gget, ring eller skicka ett meddelande om du \u00e4r intresserad eller har fr\u00e5gor. Du kan \u00e4ven mejla oss p\u00e5 <a href=\"mailto:boras@djurskyddet.se\">boras@djurskyddet.se<\/a>.<\/p>\n\n\n\n<h2 class=\"wp-block-heading\">Viktigt att t\u00e4nka p\u00e5 innan du adopterar en katt<\/h2>\n\n\n\n<p>Att skaffa en katt \u00e4r ett l\u00e5ngsiktigt ansvar. En katt kan leva i 15-20 \u00e5r, s\u00e5 fundera noga p\u00e5 om du \u00e4r redo f\u00f6r detta ansvar.<\/p>\n\n\n\n<h2 class=\"wp-block-heading\">V\u00e5r adoptionsprocess<\/h2>\n\n\n\n<ol class=\"wp-block-list\">\n<li><strong>Intresseanm\u00e4lan<\/strong> sker p\u00e5 <a href=\"https:\/\/www.facebook.com\/profile.php?id=61566917612274\" target=\"_blank\" rel=\"noopener\">Facebook<\/a> eller p\u00e5 <a href=\"mailto:boras@djurskyddet.se\">boras@djurskyddet.se<\/a><br>Efter att du skickat in din intresseanm\u00e4lan kommer vi att kontakta dig f\u00f6r att st\u00e4lla n\u00e5gra kompletterande fr\u00e5gor f\u00f6r att s\u00e4kerst\u00e4lla att du och djuret kommer trivas med varandra.<br><\/li>\n\n\n\n<li><strong>K\u00f6peavtal och adoption<\/strong><br>En intresseanm\u00e4lan \u00e4r inte bindande f\u00f6r n\u00e5gon part. K\u00f6peavtalet skrivs vid h\u00e4mtning eller l\u00e4mning av katten och fungerar \u00e4ven som kvitto.<br><\/li>\n\n\n\n<li><strong>V\u00e5rduppf\u00f6ljning<\/strong><br>Vi f\u00f6ljer upp kattens fortsatta tillvaro genom kontakt med dig som djur\u00e4gare. Om katten far illa eller om hemmet visar sig vara ol\u00e4mpligt, har vi r\u00e4tt att \u00e5terta katten utan \u00e5terbetalning.<\/li>\n<\/ol>\n\n\n\n<h2 class=\"wp-block-heading\">Vad kostar det att adoptera en katt i Bor\u00e5s?<\/h2>\n\n\n\n<ul class=\"wp-block-list\">\n<li><strong>Kattungar och katter upp till 10 \u00e5r:<\/strong> 1 800 kr<\/li>\n\n\n\n<li><strong>Katter 10 \u00e5r eller \u00e4ldre:<\/strong> 1 500 kr<\/li>\n\n\n\n<li><strong>Vid adoption av 2 katter:<\/strong> 3 200 kr<\/li>\n<\/ul>\n\n\n\n<h2 class=\"wp-block-heading\">Vad ing\u00e5r i adoptionsavgiften?<\/h2>\n\n\n\n<h3 class=\"wp-block-heading\">Kattungar:<\/h3>\n\n\n\n<ul class=\"wp-block-list\">\n<li>Grundvaccinerade tv\u00e5 g\u00e5nger mot kattpest och kattsnuva<\/li>\n\n\n\n<li>500 kronor i bidrag till kastration under sex m\u00e5nader efter adoption<\/li>\n\n\n\n<li>ID-m\u00e4rkta<\/li>\n<\/ul>\n\n\n\n<h3 class=\"wp-block-heading\">Vuxna katter:<\/h3>\n\n\n\n<ul class=\"wp-block-list\">\n<li>Grundvaccinerade tv\u00e5 g\u00e5nger mot kattpest och kattsnuva<\/li>\n\n\n\n<li>Kastrerade<\/li>\n\n\n\n<li>ID-m\u00e4rkta<\/li>\n<\/ul>\n\n\n\n<h2 class=\"wp-block-heading\">Ge en heml\u00f6s katt ett nytt hem<\/h2>\n\n\n\n<p>Om du \u00e4r redo att ge en katt ett tryggt och k\u00e4rleksfullt hem, h\u00f6r av dig till oss. Tillsammans kan vi ge heml\u00f6sa katter en andra chans!<\/p>\n\n\n\n<p><strong>Hj\u00e4lp oss hj\u00e4lpa mer och fler.<\/strong><br>Swisha en g\u00e5va: <br>123 340 52 30<\/p>\n\n\n\n<p><\/p>\n\n\n\n<p><\/p>\n","protected":false},"excerpt":{"rendered":"<p>Vill du ge en heml\u00f6s katt ett tryggt och k\u00e4rleksfullt hem? H\u00e4r f\u00f6rklarar vi hur adoptionsprocessen g\u00e5r till och vad du beh\u00f6ver t\u00e4nka p\u00e5 innan du adopterar en katt. kontakt vid fr\u00e5gor:0737-51 63 08Facebookboras@djurskyddet.se Hur adopterar jag en katt i Bor\u00e5s? F\u00f6r att adoptera en katt, b\u00f6rja med att bes\u00f6ka v\u00e5r facebook-sida f\u00f6r at se vilka djur som s\u00f6ker nytt hem. Kommentera under inl\u00e4gget, ring eller skicka ett meddelande om&hellip;<\/p>\n<p><a class=\"more-link\" href=\"https:\/\/www.djurskyddet.se\/boras\/adoptera-ett-djur\/\" title=\"Continue reading &lsquo;Adoptera en heml\u00f6s katt i Bor\u00e5s \u2013 s\u00e5 g\u00e5r det till&rsquo;\">L&auml;s mer<span class=\"meta-nav\">&raquo;<\/span><\/a><\/p>\n","protected":false},"author":3,"featured_media":5598,"parent":0,"menu_order":0,"comment_status":"closed","ping_status":"closed","template":"left-sidebar.php","meta":{"_acf_changed":false,"footnotes":""},"class_list":["post-5682","page","type-page","status-publish","has-post-thumbnail","hentry"],"acf":[],"yoast_head":"<!-- This site is optimized with the Yoast SEO plugin v25.5 - https:\/\/yoast.com\/wordpress\/plugins\/seo\/ -->\n<title>Adoptera en heml\u00f6s katt i Bor\u00e5s \u2013 s\u00e5 g\u00e5r det till - Djurskyddet Bor\u00e5s<\/title>\n<meta name=\"description\" content=\"Adoptera katt i Bor\u00e5s? H\u00e4r kan du l\u00e4sa om hur du k\u00f6per och adopterar heml\u00f6sa katter, vad det kostar vilka katter som s\u00f6ker nya hem.\" \/>\n<meta name=\"robots\" content=\"index, follow, max-snippet:-1, max-image-preview:large, max-video-preview:-1\" \/>\n<link rel=\"canonical\" href=\"https:\/\/www.djurskyddet.se\/boras\/adoptera-ett-djur\/\" \/>\n<meta property=\"og:locale\" content=\"sv_SE\" \/>\n<meta property=\"og:type\" content=\"article\" \/>\n<meta property=\"og:title\" content=\"Adoptera en heml\u00f6s katt i Bor\u00e5s \u2013 s\u00e5 g\u00e5r det till - Djurskyddet Bor\u00e5s\" \/>\n<meta property=\"og:description\" content=\"Adoptera katt i Bor\u00e5s? H\u00e4r kan du l\u00e4sa om hur du k\u00f6per och adopterar heml\u00f6sa katter, vad det kostar vilka katter som s\u00f6ker nya hem.\" \/>\n<meta property=\"og:url\" content=\"https:\/\/www.djurskyddet.se\/boras\/adoptera-ett-djur\/\" \/>\n<meta property=\"og:site_name\" content=\"Djurskyddet Bor\u00e5s\" \/>\n<meta property=\"article:publisher\" content=\"https:\/\/www.facebook.com\/profile.php?id=61566917612274\" \/>\n<meta property=\"article:modified_time\" content=\"2025-08-29T15:04:24+00:00\" \/>\n<meta property=\"og:image\" content=\"http:\/\/www.djurskyddet.se\/boras\/wp-content\/uploads\/sites\/59\/2024\/10\/IMG_4923.jpg\" \/>\n\t<meta property=\"og:image:width\" content=\"720\" \/>\n\t<meta property=\"og:image:height\" content=\"889\" \/>\n\t<meta property=\"og:image:type\" content=\"image\/jpeg\" \/>\n<meta name=\"twitter:card\" content=\"summary_large_image\" \/>\n<meta name=\"twitter:label1\" content=\"Ber\u00e4knad l\u00e4stid\" \/>\n\t<meta name=\"twitter:data1\" content=\"2 minuter\" \/>\n<script type=\"application\/ld+json\" class=\"yoast-schema-graph\">{\"@context\":\"https:\/\/schema.org\",\"@graph\":[{\"@type\":\"WebPage\",\"@id\":\"https:\/\/www.djurskyddet.se\/boras\/adoptera-ett-djur\/\",\"url\":\"https:\/\/www.djurskyddet.se\/boras\/adoptera-ett-djur\/\",\"name\":\"Adoptera en heml\u00f6s katt i Bor\u00e5s \u2013 s\u00e5 g\u00e5r det till - Djurskyddet Bor\u00e5s\",\"isPartOf\":{\"@id\":\"https:\/\/www.djurskyddet.se\/boras\/#website\"},\"primaryImageOfPage\":{\"@id\":\"https:\/\/www.djurskyddet.se\/boras\/adoptera-ett-djur\/#primaryimage\"},\"image\":{\"@id\":\"https:\/\/www.djurskyddet.se\/boras\/adoptera-ett-djur\/#primaryimage\"},\"thumbnailUrl\":\"https:\/\/www.djurskyddet.se\/boras\/wp-content\/uploads\/sites\/59\/2024\/10\/IMG_4923.jpg\",\"datePublished\":\"2025-01-24T13:16:31+00:00\",\"dateModified\":\"2025-08-29T15:04:24+00:00\",\"description\":\"Adoptera katt i Bor\u00e5s? H\u00e4r kan du l\u00e4sa om hur du k\u00f6per och adopterar heml\u00f6sa katter, vad det kostar vilka katter som s\u00f6ker nya hem.\",\"breadcrumb\":{\"@id\":\"https:\/\/www.djurskyddet.se\/boras\/adoptera-ett-djur\/#breadcrumb\"},\"inLanguage\":\"sv-SE\",\"potentialAction\":[{\"@type\":\"ReadAction\",\"target\":[\"https:\/\/www.djurskyddet.se\/boras\/adoptera-ett-djur\/\"]}]},{\"@type\":\"ImageObject\",\"inLanguage\":\"sv-SE\",\"@id\":\"https:\/\/www.djurskyddet.se\/boras\/adoptera-ett-djur\/#primaryimage\",\"url\":\"https:\/\/www.djurskyddet.se\/boras\/wp-content\/uploads\/sites\/59\/2024\/10\/IMG_4923.jpg\",\"contentUrl\":\"https:\/\/www.djurskyddet.se\/boras\/wp-content\/uploads\/sites\/59\/2024\/10\/IMG_4923.jpg\",\"width\":720,\"height\":889},{\"@type\":\"BreadcrumbList\",\"@id\":\"https:\/\/www.djurskyddet.se\/boras\/adoptera-ett-djur\/#breadcrumb\",\"itemListElement\":[{\"@type\":\"ListItem\",\"position\":1,\"name\":\"Hem\",\"item\":\"https:\/\/www.djurskyddet.se\/boras\/\"},{\"@type\":\"ListItem\",\"position\":2,\"name\":\"Adoptera en heml\u00f6s katt i Bor\u00e5s \u2013 s\u00e5 g\u00e5r det till\"}]},{\"@type\":\"WebSite\",\"@id\":\"https:\/\/www.djurskyddet.se\/boras\/#website\",\"url\":\"https:\/\/www.djurskyddet.se\/boras\/\",\"name\":\"Djurskyddet Bor\u00e5s\",\"description\":\"V\u00e5r mission: att ge heml\u00f6sa djur en andra chans\",\"publisher\":{\"@id\":\"https:\/\/www.djurskyddet.se\/boras\/#organization\"},\"potentialAction\":[{\"@type\":\"SearchAction\",\"target\":{\"@type\":\"EntryPoint\",\"urlTemplate\":\"https:\/\/www.djurskyddet.se\/boras\/?s={search_term_string}\"},\"query-input\":{\"@type\":\"PropertyValueSpecification\",\"valueRequired\":true,\"valueName\":\"search_term_string\"}}],\"inLanguage\":\"sv-SE\"},{\"@type\":\"Organization\",\"@id\":\"https:\/\/www.djurskyddet.se\/boras\/#organization\",\"name\":\"Djurskyddet Bor\u00e5s\",\"url\":\"https:\/\/www.djurskyddet.se\/boras\/\",\"logo\":{\"@type\":\"ImageObject\",\"inLanguage\":\"sv-SE\",\"@id\":\"https:\/\/www.djurskyddet.se\/boras\/#\/schema\/logo\/image\/\",\"url\":\"https:\/\/www.djurskyddet.se\/boras\/wp-content\/uploads\/sites\/59\/2025\/02\/djurskyddet-gront-D-288x300-removebg-preview.png\",\"contentUrl\":\"https:\/\/www.djurskyddet.se\/boras\/wp-content\/uploads\/sites\/59\/2025\/02\/djurskyddet-gront-D-288x300-removebg-preview.png\",\"width\":288,\"height\":300,\"caption\":\"Djurskyddet Bor\u00e5s\"},\"image\":{\"@id\":\"https:\/\/www.djurskyddet.se\/boras\/#\/schema\/logo\/image\/\"},\"sameAs\":[\"https:\/\/www.facebook.com\/profile.php?id=61566917612274\"]}]}<\/script>\n<!-- \/ Yoast SEO plugin. -->","yoast_head_json":{"title":"Adoptera en heml\u00f6s katt i Bor\u00e5s \u2013 s\u00e5 g\u00e5r det till - Djurskyddet Bor\u00e5s","description":"Adoptera katt i Bor\u00e5s? H\u00e4r kan du l\u00e4sa om hur du k\u00f6per och adopterar heml\u00f6sa katter, vad det kostar vilka katter som s\u00f6ker nya hem.","robots":{"index":"index","follow":"follow","max-snippet":"max-snippet:-1","max-image-preview":"max-image-preview:large","max-video-preview":"max-video-preview:-1"},"canonical":"https:\/\/www.djurskyddet.se\/boras\/adoptera-ett-djur\/","og_locale":"sv_SE","og_type":"article","og_title":"Adoptera en heml\u00f6s katt i Bor\u00e5s \u2013 s\u00e5 g\u00e5r det till - Djurskyddet Bor\u00e5s","og_description":"Adoptera katt i Bor\u00e5s? H\u00e4r kan du l\u00e4sa om hur du k\u00f6per och adopterar heml\u00f6sa katter, vad det kostar vilka katter som s\u00f6ker nya hem.","og_url":"https:\/\/www.djurskyddet.se\/boras\/adoptera-ett-djur\/","og_site_name":"Djurskyddet Bor\u00e5s","article_publisher":"https:\/\/www.facebook.com\/profile.php?id=61566917612274","article_modified_time":"2025-08-29T15:04:24+00:00","og_image":[{"width":720,"height":889,"url":"http:\/\/www.djurskyddet.se\/boras\/wp-content\/uploads\/sites\/59\/2024\/10\/IMG_4923.jpg","type":"image\/jpeg"}],"twitter_card":"summary_large_image","twitter_misc":{"Ber\u00e4knad l\u00e4stid":"2 minuter"},"schema":{"@context":"https:\/\/schema.org","@graph":[{"@type":"WebPage","@id":"https:\/\/www.djurskyddet.se\/boras\/adoptera-ett-djur\/","url":"https:\/\/www.djurskyddet.se\/boras\/adoptera-ett-djur\/","name":"Adoptera en heml\u00f6s katt i Bor\u00e5s \u2013 s\u00e5 g\u00e5r det till - Djurskyddet Bor\u00e5s","isPartOf":{"@id":"https:\/\/www.djurskyddet.se\/boras\/#website"},"primaryImageOfPage":{"@id":"https:\/\/www.djurskyddet.se\/boras\/adoptera-ett-djur\/#primaryimage"},"image":{"@id":"https:\/\/www.djurskyddet.se\/boras\/adoptera-ett-djur\/#primaryimage"},"thumbnailUrl":"https:\/\/www.djurskyddet.se\/boras\/wp-content\/uploads\/sites\/59\/2024\/10\/IMG_4923.jpg","datePublished":"2025-01-24T13:16:31+00:00","dateModified":"2025-08-29T15:04:24+00:00","description":"Adoptera katt i Bor\u00e5s? H\u00e4r kan du l\u00e4sa om hur du k\u00f6per och adopterar heml\u00f6sa katter, vad det kostar vilka katter som s\u00f6ker nya hem.","breadcrumb":{"@id":"https:\/\/www.djurskyddet.se\/boras\/adoptera-ett-djur\/#breadcrumb"},"inLanguage":"sv-SE","potentialAction":[{"@type":"ReadAction","target":["https:\/\/www.djurskyddet.se\/boras\/adoptera-ett-djur\/"]}]},{"@type":"ImageObject","inLanguage":"sv-SE","@id":"https:\/\/www.djurskyddet.se\/boras\/adoptera-ett-djur\/#primaryimage","url":"https:\/\/www.djurskyddet.se\/boras\/wp-content\/uploads\/sites\/59\/2024\/10\/IMG_4923.jpg","contentUrl":"https:\/\/www.djurskyddet.se\/boras\/wp-content\/uploads\/sites\/59\/2024\/10\/IMG_4923.jpg","width":720,"height":889},{"@type":"BreadcrumbList","@id":"https:\/\/www.djurskyddet.se\/boras\/adoptera-ett-djur\/#breadcrumb","itemListElement":[{"@type":"ListItem","position":1,"name":"Hem","item":"https:\/\/www.djurskyddet.se\/boras\/"},{"@type":"ListItem","position":2,"name":"Adoptera en heml\u00f6s katt i Bor\u00e5s \u2013 s\u00e5 g\u00e5r det till"}]},{"@type":"WebSite","@id":"https:\/\/www.djurskyddet.se\/boras\/#website","url":"https:\/\/www.djurskyddet.se\/boras\/","name":"Djurskyddet Bor\u00e5s","description":"V\u00e5r mission: att ge heml\u00f6sa djur en andra chans","publisher":{"@id":"https:\/\/www.djurskyddet.se\/boras\/#organization"},"potentialAction":[{"@type":"SearchAction","target":{"@type":"EntryPoint","urlTemplate":"https:\/\/www.djurskyddet.se\/boras\/?s={search_term_string}"},"query-input":{"@type":"PropertyValueSpecification","valueRequired":true,"valueName":"search_term_string"}}],"inLanguage":"sv-SE"},{"@type":"Organization","@id":"https:\/\/www.djurskyddet.se\/boras\/#organization","name":"Djurskyddet Bor\u00e5s","url":"https:\/\/www.djurskyddet.se\/boras\/","logo":{"@type":"ImageObject","inLanguage":"sv-SE","@id":"https:\/\/www.djurskyddet.se\/boras\/#\/schema\/logo\/image\/","url":"https:\/\/www.djurskyddet.se\/boras\/wp-content\/uploads\/sites\/59\/2025\/02\/djurskyddet-gront-D-288x300-removebg-preview.png","contentUrl":"https:\/\/www.djurskyddet.se\/boras\/wp-content\/uploads\/sites\/59\/2025\/02\/djurskyddet-gront-D-288x300-removebg-preview.png","width":288,"height":300,"caption":"Djurskyddet Bor\u00e5s"},"image":{"@id":"https:\/\/www.djurskyddet.se\/boras\/#\/schema\/logo\/image\/"},"sameAs":["https:\/\/www.facebook.com\/profile.php?id=61566917612274"]}]}},"_links":{"self":[{"href":"https:\/\/www.djurskyddet.se\/boras\/wp-json\/wp\/v2\/pages\/5682","targetHints":{"allow":["GET"]}}],"collection":[{"href":"https:\/\/www.djurskyddet.se\/boras\/wp-json\/wp\/v2\/pages"}],"about":[{"href":"https:\/\/www.djurskyddet.se\/boras\/wp-json\/wp\/v2\/types\/page"}],"author":[{"embeddable":true,"href":"https:\/\/www.djurskyddet.se\/boras\/wp-json\/wp\/v2\/users\/3"}],"replies":[{"embeddable":true,"href":"https:\/\/www.djurskyddet.se\/boras\/wp-json\/wp\/v2\/comments?post=5682"}],"version-history":[{"count":15,"href":"https:\/\/www.djurskyddet.se\/boras\/wp-json\/wp\/v2\/pages\/5682\/revisions"}],"predecessor-version":[{"id":5969,"href":"https:\/\/www.djurskyddet.se\/boras\/wp-json\/wp\/v2\/pages\/5682\/revisions\/5969"}],"wp:featuredmedia":[{"embeddable":true,"href":"https:\/\/www.djurskyddet.se\/boras\/wp-json\/wp\/v2\/media\/5598"}],"wp:attachment":[{"href":"https:\/\/www.djurskyddet.se\/boras\/wp-json\/wp\/v2\/media?parent=5682"}],"curies":[{"name":"wp","href":"https:\/\/api.w.org\/{rel}","templated":true}]}}