{"id":5692,"date":"2025-01-24T13:44:58","date_gmt":"2025-01-24T13:44:58","guid":{"rendered":"https:\/\/www.djurskyddet.se\/boras\/?page_id=5692"},"modified":"2025-09-26T14:16:57","modified_gmt":"2025-09-26T14:16:57","slug":"om-oss","status":"publish","type":"page","link":"https:\/\/www.djurskyddet.se\/boras\/om-oss\/","title":{"rendered":"Om oss"},"content":{"rendered":"\n<p><strong>kontakt vid fr\u00e5gor:<\/strong><br><a href=\"tel:0737516308v\">0737-51 63 08<\/a><br><br><a href=\"https:\/\/www.facebook.com\/profile.php?id=61566917612274\" target=\"_blank\" rel=\"noopener\">Facebook<\/a><br><a href=\"mailto:boras@djurskyddet.se\">boras@djurskyddet.se<\/a><\/p>\n\n\n\n<p><strong>Djurskyddet Bor\u00e5s \u00e4r en av cirka 50 f\u00f6reningar inom riksorganisationen <a href=\"https:\/\/www.djurskyddet.se\/\">Djurskyddet Sverige<\/a>. Vi \u00e4r en ideell och partipolitiskt obunden djurskyddsf\u00f6rening som arbetar f\u00f6r att f\u00f6rb\u00e4ttra djurens livssituation.<\/strong><\/p>\n\n\n<div class=\"wp-block-image\">\n<figure class=\"aligncenter size-full\"><img loading=\"lazy\" decoding=\"async\" width=\"600\" height=\"166\" src=\"https:\/\/www.djurskyddet.se\/boras\/wp-content\/uploads\/sites\/59\/2025\/02\/IMG_5742.jpg\" alt=\"\" class=\"wp-image-5849\" srcset=\"https:\/\/www.djurskyddet.se\/boras\/wp-content\/uploads\/sites\/59\/2025\/02\/IMG_5742.jpg 600w, https:\/\/www.djurskyddet.se\/boras\/wp-content\/uploads\/sites\/59\/2025\/02\/IMG_5742-300x83.jpg 300w, https:\/\/www.djurskyddet.se\/boras\/wp-content\/uploads\/sites\/59\/2025\/02\/IMG_5742-400x111.jpg 400w\" sizes=\"auto, (max-width: 600px) 100vw, 600px\" \/><\/figure><\/div>\n\n\n<p><\/p>\n\n\n\n<p>V\u00e5rt fr\u00e4msta fokus \u00e4r att hj\u00e4lpa <strong>heml\u00f6sa katter<\/strong>, d\u00e5 vi sett att behovet \u00e4r som st\u00f6rst d\u00e4r. Vi bedriver <strong>omplaceringsverksamhet<\/strong> i Bor\u00e5s med omnejd och arbetar f\u00f6r att h\u00f6ja kattens status i samh\u00e4llet. Vi sprider \u00e4ven information om vikten av att <strong>kastrera, vaccinera, ID-m\u00e4rka och f\u00f6rs\u00e4kra<\/strong> sitt djur.<\/p>\n\n\n\n<p>Tillsammans med dig r\u00e4ddar vi heml\u00f6sa djur, ger dem k\u00e4rlek och v\u00e5rd, och hittar trygga och k\u00e4rleksfulla f\u00f6r evigt-hem till dem.<\/p>\n\n\n\n<p>Tveka inte att <strong>kontakta oss<\/strong> om du har fr\u00e5gor!<\/p>\n\n\n\n<p>Org.nr.<br>802549-0411<\/p>\n\n\n\n<p id=\"block-9f910c96-fd7c-4029-a17c-a47cf45da9cd\"><strong>Hj\u00e4lp oss hj\u00e4lpa mer och fler.<\/strong><br>Swisha en g\u00e5va: <br>123 340 52 30<\/p>\n\n\n\n<p><\/p>\n","protected":false},"excerpt":{"rendered":"<p>kontakt vid fr\u00e5gor:0737-51 63 08 Facebookboras@djurskyddet.se Djurskyddet Bor\u00e5s \u00e4r en av cirka 50 f\u00f6reningar inom riksorganisationen Djurskyddet Sverige. Vi \u00e4r en ideell och partipolitiskt obunden djurskyddsf\u00f6rening som arbetar f\u00f6r att f\u00f6rb\u00e4ttra djurens livssituation. V\u00e5rt fr\u00e4msta fokus \u00e4r att hj\u00e4lpa heml\u00f6sa katter, d\u00e5 vi sett att behovet \u00e4r som st\u00f6rst d\u00e4r. Vi bedriver omplaceringsverksamhet i Bor\u00e5s med omnejd och arbetar f\u00f6r att h\u00f6ja kattens status i samh\u00e4llet. Vi sprider \u00e4ven information&hellip;<\/p>\n<p><a class=\"more-link\" href=\"https:\/\/www.djurskyddet.se\/boras\/om-oss\/\" title=\"Continue reading &lsquo;Om oss&rsquo;\">L&auml;s mer<span class=\"meta-nav\">&raquo;<\/span><\/a><\/p>\n","protected":false},"author":3,"featured_media":0,"parent":0,"menu_order":0,"comment_status":"closed","ping_status":"closed","template":"left-sidebar.php","meta":{"_acf_changed":false,"footnotes":""},"class_list":["post-5692","page","type-page","status-publish","hentry"],"acf":[],"yoast_head":"<!-- This site is optimized with the Yoast SEO plugin v25.5 - https:\/\/yoast.com\/wordpress\/plugins\/seo\/ -->\n<title>Om oss - Djurskyddet Bor\u00e5s<\/title>\n<meta name=\"robots\" content=\"index, follow, max-snippet:-1, max-image-preview:large, max-video-preview:-1\" \/>\n<link rel=\"canonical\" href=\"https:\/\/www.djurskyddet.se\/boras\/om-oss\/\" \/>\n<meta property=\"og:locale\" content=\"sv_SE\" \/>\n<meta property=\"og:type\" content=\"article\" \/>\n<meta property=\"og:title\" content=\"Om oss - Djurskyddet Bor\u00e5s\" \/>\n<meta property=\"og:description\" content=\"kontakt vid fr\u00e5gor:0737-51 63 08 Facebookboras@djurskyddet.se Djurskyddet Bor\u00e5s \u00e4r en av cirka 50 f\u00f6reningar inom riksorganisationen Djurskyddet Sverige. Vi \u00e4r en ideell och partipolitiskt obunden djurskyddsf\u00f6rening som arbetar f\u00f6r att f\u00f6rb\u00e4ttra djurens livssituation. V\u00e5rt fr\u00e4msta fokus \u00e4r att hj\u00e4lpa heml\u00f6sa katter, d\u00e5 vi sett att behovet \u00e4r som st\u00f6rst d\u00e4r. Vi bedriver omplaceringsverksamhet i Bor\u00e5s med omnejd och arbetar f\u00f6r att h\u00f6ja kattens status i samh\u00e4llet. Vi sprider \u00e4ven information&hellip;L&auml;s mer&raquo;\" \/>\n<meta property=\"og:url\" content=\"https:\/\/www.djurskyddet.se\/boras\/om-oss\/\" \/>\n<meta property=\"og:site_name\" content=\"Djurskyddet Bor\u00e5s\" \/>\n<meta property=\"article:publisher\" content=\"https:\/\/www.facebook.com\/profile.php?id=61566917612274\" \/>\n<meta property=\"article:modified_time\" content=\"2025-09-26T14:16:57+00:00\" \/>\n<meta property=\"og:image\" content=\"https:\/\/www.djurskyddet.se\/boras\/wp-content\/uploads\/sites\/59\/2025\/02\/IMG_5742.jpg\" \/>\n\t<meta property=\"og:image:width\" content=\"600\" \/>\n\t<meta property=\"og:image:height\" content=\"166\" \/>\n\t<meta property=\"og:image:type\" content=\"image\/jpeg\" \/>\n<meta name=\"twitter:card\" content=\"summary_large_image\" \/>\n<meta name=\"twitter:label1\" content=\"Ber\u00e4knad l\u00e4stid\" \/>\n\t<meta name=\"twitter:data1\" content=\"1 minut\" \/>\n<script type=\"application\/ld+json\" class=\"yoast-schema-graph\">{\"@context\":\"https:\/\/schema.org\",\"@graph\":[{\"@type\":\"WebPage\",\"@id\":\"https:\/\/www.djurskyddet.se\/boras\/om-oss\/\",\"url\":\"https:\/\/www.djurskyddet.se\/boras\/om-oss\/\",\"name\":\"Om oss - Djurskyddet Bor\u00e5s\",\"isPartOf\":{\"@id\":\"https:\/\/www.djurskyddet.se\/boras\/#website\"},\"primaryImageOfPage\":{\"@id\":\"https:\/\/www.djurskyddet.se\/boras\/om-oss\/#primaryimage\"},\"image\":{\"@id\":\"https:\/\/www.djurskyddet.se\/boras\/om-oss\/#primaryimage\"},\"thumbnailUrl\":\"https:\/\/www.djurskyddet.se\/boras\/wp-content\/uploads\/sites\/59\/2025\/02\/IMG_5742.jpg\",\"datePublished\":\"2025-01-24T13:44:58+00:00\",\"dateModified\":\"2025-09-26T14:16:57+00:00\",\"breadcrumb\":{\"@id\":\"https:\/\/www.djurskyddet.se\/boras\/om-oss\/#breadcrumb\"},\"inLanguage\":\"sv-SE\",\"potentialAction\":[{\"@type\":\"ReadAction\",\"target\":[\"https:\/\/www.djurskyddet.se\/boras\/om-oss\/\"]}]},{\"@type\":\"ImageObject\",\"inLanguage\":\"sv-SE\",\"@id\":\"https:\/\/www.djurskyddet.se\/boras\/om-oss\/#primaryimage\",\"url\":\"https:\/\/www.djurskyddet.se\/boras\/wp-content\/uploads\/sites\/59\/2025\/02\/IMG_5742.jpg\",\"contentUrl\":\"https:\/\/www.djurskyddet.se\/boras\/wp-content\/uploads\/sites\/59\/2025\/02\/IMG_5742.jpg\",\"width\":600,\"height\":166},{\"@type\":\"BreadcrumbList\",\"@id\":\"https:\/\/www.djurskyddet.se\/boras\/om-oss\/#breadcrumb\",\"itemListElement\":[{\"@type\":\"ListItem\",\"position\":1,\"name\":\"Hem\",\"item\":\"https:\/\/www.djurskyddet.se\/boras\/\"},{\"@type\":\"ListItem\",\"position\":2,\"name\":\"Om oss\"}]},{\"@type\":\"WebSite\",\"@id\":\"https:\/\/www.djurskyddet.se\/boras\/#website\",\"url\":\"https:\/\/www.djurskyddet.se\/boras\/\",\"name\":\"Djurskyddet Bor\u00e5s\",\"description\":\"V\u00e5r mission: att ge heml\u00f6sa djur en andra chans\",\"publisher\":{\"@id\":\"https:\/\/www.djurskyddet.se\/boras\/#organization\"},\"potentialAction\":[{\"@type\":\"SearchAction\",\"target\":{\"@type\":\"EntryPoint\",\"urlTemplate\":\"https:\/\/www.djurskyddet.se\/boras\/?s={search_term_string}\"},\"query-input\":{\"@type\":\"PropertyValueSpecification\",\"valueRequired\":true,\"valueName\":\"search_term_string\"}}],\"inLanguage\":\"sv-SE\"},{\"@type\":\"Organization\",\"@id\":\"https:\/\/www.djurskyddet.se\/boras\/#organization\",\"name\":\"Djurskyddet Bor\u00e5s\",\"url\":\"https:\/\/www.djurskyddet.se\/boras\/\",\"logo\":{\"@type\":\"ImageObject\",\"inLanguage\":\"sv-SE\",\"@id\":\"https:\/\/www.djurskyddet.se\/boras\/#\/schema\/logo\/image\/\",\"url\":\"https:\/\/www.djurskyddet.se\/boras\/wp-content\/uploads\/sites\/59\/2025\/02\/djurskyddet-gront-D-288x300-removebg-preview.png\",\"contentUrl\":\"https:\/\/www.djurskyddet.se\/boras\/wp-content\/uploads\/sites\/59\/2025\/02\/djurskyddet-gront-D-288x300-removebg-preview.png\",\"width\":288,\"height\":300,\"caption\":\"Djurskyddet Bor\u00e5s\"},\"image\":{\"@id\":\"https:\/\/www.djurskyddet.se\/boras\/#\/schema\/logo\/image\/\"},\"sameAs\":[\"https:\/\/www.facebook.com\/profile.php?id=61566917612274\"]}]}<\/script>\n<!-- \/ Yoast SEO plugin. -->","yoast_head_json":{"title":"Om oss - Djurskyddet Bor\u00e5s","robots":{"index":"index","follow":"follow","max-snippet":"max-snippet:-1","max-image-preview":"max-image-preview:large","max-video-preview":"max-video-preview:-1"},"canonical":"https:\/\/www.djurskyddet.se\/boras\/om-oss\/","og_locale":"sv_SE","og_type":"article","og_title":"Om oss - Djurskyddet Bor\u00e5s","og_description":"kontakt vid fr\u00e5gor:0737-51 63 08 Facebookboras@djurskyddet.se Djurskyddet Bor\u00e5s \u00e4r en av cirka 50 f\u00f6reningar inom riksorganisationen Djurskyddet Sverige. Vi \u00e4r en ideell och partipolitiskt obunden djurskyddsf\u00f6rening som arbetar f\u00f6r att f\u00f6rb\u00e4ttra djurens livssituation. V\u00e5rt fr\u00e4msta fokus \u00e4r att hj\u00e4lpa heml\u00f6sa katter, d\u00e5 vi sett att behovet \u00e4r som st\u00f6rst d\u00e4r. Vi bedriver omplaceringsverksamhet i Bor\u00e5s med omnejd och arbetar f\u00f6r att h\u00f6ja kattens status i samh\u00e4llet. Vi sprider \u00e4ven information&hellip;L&auml;s mer&raquo;","og_url":"https:\/\/www.djurskyddet.se\/boras\/om-oss\/","og_site_name":"Djurskyddet Bor\u00e5s","article_publisher":"https:\/\/www.facebook.com\/profile.php?id=61566917612274","article_modified_time":"2025-09-26T14:16:57+00:00","og_image":[{"width":600,"height":166,"url":"https:\/\/www.djurskyddet.se\/boras\/wp-content\/uploads\/sites\/59\/2025\/02\/IMG_5742.jpg","type":"image\/jpeg"}],"twitter_card":"summary_large_image","twitter_misc":{"Ber\u00e4knad l\u00e4stid":"1 minut"},"schema":{"@context":"https:\/\/schema.org","@graph":[{"@type":"WebPage","@id":"https:\/\/www.djurskyddet.se\/boras\/om-oss\/","url":"https:\/\/www.djurskyddet.se\/boras\/om-oss\/","name":"Om oss - Djurskyddet Bor\u00e5s","isPartOf":{"@id":"https:\/\/www.djurskyddet.se\/boras\/#website"},"primaryImageOfPage":{"@id":"https:\/\/www.djurskyddet.se\/boras\/om-oss\/#primaryimage"},"image":{"@id":"https:\/\/www.djurskyddet.se\/boras\/om-oss\/#primaryimage"},"thumbnailUrl":"https:\/\/www.djurskyddet.se\/boras\/wp-content\/uploads\/sites\/59\/2025\/02\/IMG_5742.jpg","datePublished":"2025-01-24T13:44:58+00:00","dateModified":"2025-09-26T14:16:57+00:00","breadcrumb":{"@id":"https:\/\/www.djurskyddet.se\/boras\/om-oss\/#breadcrumb"},"inLanguage":"sv-SE","potentialAction":[{"@type":"ReadAction","target":["https:\/\/www.djurskyddet.se\/boras\/om-oss\/"]}]},{"@type":"ImageObject","inLanguage":"sv-SE","@id":"https:\/\/www.djurskyddet.se\/boras\/om-oss\/#primaryimage","url":"https:\/\/www.djurskyddet.se\/boras\/wp-content\/uploads\/sites\/59\/2025\/02\/IMG_5742.jpg","contentUrl":"https:\/\/www.djurskyddet.se\/boras\/wp-content\/uploads\/sites\/59\/2025\/02\/IMG_5742.jpg","width":600,"height":166},{"@type":"BreadcrumbList","@id":"https:\/\/www.djurskyddet.se\/boras\/om-oss\/#breadcrumb","itemListElement":[{"@type":"ListItem","position":1,"name":"Hem","item":"https:\/\/www.djurskyddet.se\/boras\/"},{"@type":"ListItem","position":2,"name":"Om oss"}]},{"@type":"WebSite","@id":"https:\/\/www.djurskyddet.se\/boras\/#website","url":"https:\/\/www.djurskyddet.se\/boras\/","name":"Djurskyddet Bor\u00e5s","description":"V\u00e5r mission: att ge heml\u00f6sa djur en andra chans","publisher":{"@id":"https:\/\/www.djurskyddet.se\/boras\/#organization"},"potentialAction":[{"@type":"SearchAction","target":{"@type":"EntryPoint","urlTemplate":"https:\/\/www.djurskyddet.se\/boras\/?s={search_term_string}"},"query-input":{"@type":"PropertyValueSpecification","valueRequired":true,"valueName":"search_term_string"}}],"inLanguage":"sv-SE"},{"@type":"Organization","@id":"https:\/\/www.djurskyddet.se\/boras\/#organization","name":"Djurskyddet Bor\u00e5s","url":"https:\/\/www.djurskyddet.se\/boras\/","logo":{"@type":"ImageObject","inLanguage":"sv-SE","@id":"https:\/\/www.djurskyddet.se\/boras\/#\/schema\/logo\/image\/","url":"https:\/\/www.djurskyddet.se\/boras\/wp-content\/uploads\/sites\/59\/2025\/02\/djurskyddet-gront-D-288x300-removebg-preview.png","contentUrl":"https:\/\/www.djurskyddet.se\/boras\/wp-content\/uploads\/sites\/59\/2025\/02\/djurskyddet-gront-D-288x300-removebg-preview.png","width":288,"height":300,"caption":"Djurskyddet Bor\u00e5s"},"image":{"@id":"https:\/\/www.djurskyddet.se\/boras\/#\/schema\/logo\/image\/"},"sameAs":["https:\/\/www.facebook.com\/profile.php?id=61566917612274"]}]}},"_links":{"self":[{"href":"https:\/\/www.djurskyddet.se\/boras\/wp-json\/wp\/v2\/pages\/5692","targetHints":{"allow":["GET"]}}],"collection":[{"href":"https:\/\/www.djurskyddet.se\/boras\/wp-json\/wp\/v2\/pages"}],"about":[{"href":"https:\/\/www.djurskyddet.se\/boras\/wp-json\/wp\/v2\/types\/page"}],"author":[{"embeddable":true,"href":"https:\/\/www.djurskyddet.se\/boras\/wp-json\/wp\/v2\/users\/3"}],"replies":[{"embeddable":true,"href":"https:\/\/www.djurskyddet.se\/boras\/wp-json\/wp\/v2\/comments?post=5692"}],"version-history":[{"count":12,"href":"https:\/\/www.djurskyddet.se\/boras\/wp-json\/wp\/v2\/pages\/5692\/revisions"}],"predecessor-version":[{"id":5979,"href":"https:\/\/www.djurskyddet.se\/boras\/wp-json\/wp\/v2\/pages\/5692\/revisions\/5979"}],"wp:attachment":[{"href":"https:\/\/www.djurskyddet.se\/boras\/wp-json\/wp\/v2\/media?parent=5692"}],"curies":[{"name":"wp","href":"https:\/\/api.w.org\/{rel}","templated":true}]}}