{"id":5587,"date":"2020-05-20T07:07:24","date_gmt":"2020-05-20T07:07:24","guid":{"rendered":"https:\/\/www.djurskyddet.se\/dalarna\/?page_id=5587"},"modified":"2024-07-24T12:28:51","modified_gmt":"2024-07-24T12:28:51","slug":"stod-oss","status":"publish","type":"page","link":"https:\/\/www.djurskyddet.se\/dalarna\/stod-oss\/","title":{"rendered":"St\u00f6d oss"},"content":{"rendered":"\n<p>Det finns flera s\u00e4tt att hj\u00e4lpa oss hj\u00e4lpa djuren, ocks\u00e5 p\u00e5 ett mer eller mindre aktivt s\u00e4tt. <\/p>\n\n\n<div class=\"wp-block-image is-style-rounded\">\n<figure class=\"alignright size-medium\"><img loading=\"lazy\" decoding=\"async\" width=\"300\" height=\"300\" src=\"https:\/\/www.djurskyddet.se\/dalarna\/wp-content\/uploads\/sites\/44\/2022\/06\/klappahund-300x300.png\" alt=\"\" class=\"wp-image-5830\" srcset=\"https:\/\/www.djurskyddet.se\/dalarna\/wp-content\/uploads\/sites\/44\/2022\/06\/klappahund-300x300.png 300w, https:\/\/www.djurskyddet.se\/dalarna\/wp-content\/uploads\/sites\/44\/2022\/06\/klappahund-1024x1024.png 1024w, https:\/\/www.djurskyddet.se\/dalarna\/wp-content\/uploads\/sites\/44\/2022\/06\/klappahund-150x150.png 150w, https:\/\/www.djurskyddet.se\/dalarna\/wp-content\/uploads\/sites\/44\/2022\/06\/klappahund-768x768.png 768w, https:\/\/www.djurskyddet.se\/dalarna\/wp-content\/uploads\/sites\/44\/2022\/06\/klappahund-400x400.png 400w, https:\/\/www.djurskyddet.se\/dalarna\/wp-content\/uploads\/sites\/44\/2022\/06\/klappahund.png 1080w\" sizes=\"auto, (max-width: 300px) 100vw, 300px\" \/><\/figure><\/div>\n\n\n<ul class=\"wp-block-list\">\n<li><a href=\"https:\/\/www.djurskyddet.se\/dalarna\/bli-medlem\/\">Bli medlem i Djurskyddet Dalarna<\/a><\/li>\n<\/ul>\n\n\n\n<ul class=\"wp-block-list\">\n<li>G\u00e5 med i styrelsen  <\/li>\n<\/ul>\n\n\n\n<ul class=\"wp-block-list\">\n<li>Ge en g\u00e5va <\/li>\n<\/ul>\n\n\n\n<ul class=\"wp-block-list\">\n<li>Bli akuthem<\/li>\n<\/ul>\n\n\n\n<ul class=\"wp-block-list\">\n<li>Vara behj\u00e4lplig med diverse sysslor och aktiviteter <br>(medlemskap i Djurskyddet Dalarna \u00f6nskv\u00e4rt)<\/li>\n<\/ul>\n\n\n\n<p>Har du fr\u00e5gor och\/eller vill engagera dig som aktiv medlem eller i styrelsen? Kontakta oss via <a href=\"mailto:dalarna@djurskyddet.se\">dalarna@djurskyddet.se<\/a> eller via v\u00e5r <a href=\"https:\/\/www.facebook.com\/DjurskyddetDalarna\">Facebooksida\/messenger<\/a>.<\/p>\n","protected":false},"excerpt":{"rendered":"<p>Det finns flera s\u00e4tt att hj\u00e4lpa oss hj\u00e4lpa djuren, ocks\u00e5 p\u00e5 ett mer eller mindre aktivt s\u00e4tt. Har du fr\u00e5gor och\/eller vill engagera dig som aktiv medlem eller i styrelsen? Kontakta oss via dalarna@djurskyddet.se eller via v\u00e5r Facebooksida\/messenger.<\/p>\n","protected":false},"author":3,"featured_media":0,"parent":0,"menu_order":0,"comment_status":"closed","ping_status":"closed","template":"left-sidebar.php","meta":{"_acf_changed":false,"footnotes":""},"class_list":["post-5587","page","type-page","status-publish","hentry"],"acf":[],"_links":{"self":[{"href":"https:\/\/www.djurskyddet.se\/dalarna\/wp-json\/wp\/v2\/pages\/5587","targetHints":{"allow":["GET"]}}],"collection":[{"href":"https:\/\/www.djurskyddet.se\/dalarna\/wp-json\/wp\/v2\/pages"}],"about":[{"href":"https:\/\/www.djurskyddet.se\/dalarna\/wp-json\/wp\/v2\/types\/page"}],"author":[{"embeddable":true,"href":"https:\/\/www.djurskyddet.se\/dalarna\/wp-json\/wp\/v2\/users\/3"}],"replies":[{"embeddable":true,"href":"https:\/\/www.djurskyddet.se\/dalarna\/wp-json\/wp\/v2\/comments?post=5587"}],"version-history":[{"count":12,"href":"https:\/\/www.djurskyddet.se\/dalarna\/wp-json\/wp\/v2\/pages\/5587\/revisions"}],"predecessor-version":[{"id":6163,"href":"https:\/\/www.djurskyddet.se\/dalarna\/wp-json\/wp\/v2\/pages\/5587\/revisions\/6163"}],"wp:attachment":[{"href":"https:\/\/www.djurskyddet.se\/dalarna\/wp-json\/wp\/v2\/media?parent=5587"}],"curies":[{"name":"wp","href":"https:\/\/api.w.org\/{rel}","templated":true}]}}

Stöd oss

<p>Det finns flera sätt att hjälpa oss hjälpa djuren, också på ett mer eller mindre aktivt sätt. </p>


<div class="wp-block-image is-style-rounded">
<figure class="alignright size-medium"><img loading="lazy" decoding="async" width="300" height="300" src="https://www.djurskyddet.se/dalarna/wp-content/uploads/sites/44/2022/06/klappahund-300x300.png" alt="" class="wp-image-5830" srcset="https://www.djurskyddet.se/dalarna/wp-content/uploads/sites/44/2022/06/klappahund-300x300.png 300w, https://www.djurskyddet.se/dalarna/wp-content/uploads/sites/44/2022/06/klappahund-1024x1024.png 1024w, https://www.djurskyddet.se/dalarna/wp-content/uploads/sites/44/2022/06/klappahund-150x150.png 150w, https://www.djurskyddet.se/dalarna/wp-content/uploads/sites/44/2022/06/klappahund-768x768.png 768w, https://www.djurskyddet.se/dalarna/wp-content/uploads/sites/44/2022/06/klappahund-400x400.png 400w, https://www.djurskyddet.se/dalarna/wp-content/uploads/sites/44/2022/06/klappahund.png 1080w" sizes="auto, (max-width: 300px) 100vw, 300px" /></figure></div>


<ul class="wp-block-list">
<li><a href="https://www.djurskyddet.se/dalarna/bli-medlem/">Bli medlem i Djurskyddet Dalarna</a></li>
</ul>



<ul class="wp-block-list">
<li>Gå med i styrelsen  </li>
</ul>



<ul class="wp-block-list">
<li>Ge en gåva </li>
</ul>



<ul class="wp-block-list">
<li>Bli akuthem</li>
</ul>



<ul class="wp-block-list">
<li>Vara behjälplig med diverse sysslor och aktiviteter <br>(medlemskap i Djurskyddet Dalarna önskvärt)</li>
</ul>



<p>Har du frågor och/eller vill engagera dig som aktiv medlem eller i styrelsen? Kontakta oss via <a href="mailto:dalarna@djurskyddet.se">dalarna@djurskyddet.se</a> eller via vår <a href="https://www.facebook.com/DjurskyddetDalarna">Facebooksida/messenger</a>.</p>

<p>Det finns flera sätt att hjälpa oss hjälpa djuren, också på ett mer eller mindre aktivt sätt. Har du frågor och/eller vill engagera dig som aktiv medlem eller i styrelsen? Kontakta oss via dalarna@djurskyddet.se eller via vår Facebooksida/messenger.</p>
