{"id":5842,"date":"2022-06-06T13:54:22","date_gmt":"2022-06-06T13:54:22","guid":{"rendered":"https:\/\/www.djurskyddet.se\/dalarna\/?page_id=5842"},"modified":"2022-06-30T07:07:13","modified_gmt":"2022-06-30T07:07:13","slug":"djur-i-nod","status":"publish","type":"page","link":"https:\/\/www.djurskyddet.se\/dalarna\/djur-i-nod\/","title":{"rendered":"Hj\u00e4lpa djur i n\u00f6d"},"content":{"rendered":"\n<p>Efterlysningar publiceras l\u00f6pande p\u00e5 v\u00e5r <a href=\"https:\/\/www.facebook.com\/DjurskyddetDalarna\">Facebooksida<\/a>. F\u00f6r att efterlysa ditt eller ett upphittat djur \u00e4r det enklast att skicka information om VAR djuret h\u00f6r hemma\/finns med beskrivning och foto via Facebook\/messenger eller till v\u00e5r mejl <a href=\"mailto:dalarna@djurskyddet.se\">dalarna@djurskyddet.se<\/a>, samt kontaktuppgifter till den som kan ge information om djuret. Vi f\u00f6rmedlar informationen, och uppdaterar p\u00e5 beg\u00e4ran. Vi \u00f6nskar att ni h\u00f6r av er n\u00e4r djuret kommit hem eller \u00e5terfunnits\/h\u00e4mtats av \u00e4garen. <\/p>\n\n\n\n<p>Vi har f\u00e4llor f\u00f6r utl\u00e5ning i Borl\u00e4nge, R\u00e4ttvik och Falun, samt chipl\u00e4sare. Om du hittar ett djur, t\u00e4nk p\u00e5 att: <\/p>\n\n\n\n<ul class=\"wp-block-list\"><li>s\u00f6ka \u00e4gare (via sociala medier, s\u00e4tta upp lappar i omr\u00e5det, anm\u00e4la till polisen 114 14)<\/li><\/ul>\n\n\n\n<ul class=\"wp-block-list\"><li>kolla om djuret har \u00f6rontatuering och\/eller chip med \u00e4garregistrering i <a href=\"https:\/\/www.skk.se\/om-skk\/djuridse-skks-agarregister\/\"><mark class=\"has-inline-color has-vivid-cyan-blue-color\">DjurID<\/mark><\/a> (katt och hund), <a href=\"https:\/\/www.sverak.se\/id-registret\/\"><mark class=\"has-inline-color has-vivid-cyan-blue-color\">SVERAK <\/mark><\/a>(katt) och f\u00f6r kanin <a href=\"https:\/\/skvf.se\/kaninregistret\/\"><mark class=\"has-inline-color has-vivid-cyan-blue-color\">Sveriges Kaninv\u00e4lf\u00e4rdsf\u00f6rening<\/mark><\/a><\/li><\/ul>\n\n\n\n<ul class=\"wp-block-list\"><li>be om uppgifter (legitimation t ex) f\u00f6r att styrka att djuret h\u00e4mtas av r\u00e4tt person (\u00e4gare) &#8211; saknas \u00e4garregistrering kan det vara extra viktigt att den som h\u00e4mtar djuret kan styrka med tidigare foton p\u00e5 djuret <br><br><\/li><li>f\u00f6rbereda f\u00f6r djuret omh\u00e4ndertas av djurhem eller omplaceringsverksamhet<br><br><\/li><li>misst\u00e4nker du att det r\u00f6r sig om ett vanv\u00e5rds\u00e4rende kan l\u00e4nsstyrelsen kontaktas f\u00f6r information och r\u00e5d<\/li><\/ul>\n\n\n\n<p class=\"has-pale-cyan-blue-background-color has-background\"><strong>Se mer detaljerad information i v\u00e4nstermenyn <\/strong><\/p>\n","protected":false},"excerpt":{"rendered":"<p>Efterlysningar publiceras l\u00f6pande p\u00e5 v\u00e5r Facebooksida. F\u00f6r att efterlysa ditt eller ett upphittat djur \u00e4r det enklast att skicka information om VAR djuret h\u00f6r hemma\/finns med beskrivning och foto via Facebook\/messenger eller till v\u00e5r mejl dalarna@djurskyddet.se, samt kontaktuppgifter till den som kan ge information om djuret. Vi f\u00f6rmedlar informationen, och uppdaterar p\u00e5 beg\u00e4ran. Vi \u00f6nskar att ni h\u00f6r av er n\u00e4r djuret kommit hem eller \u00e5terfunnits\/h\u00e4mtats av \u00e4garen. Vi har&hellip;<\/p>\n<p><a class=\"more-link\" href=\"https:\/\/www.djurskyddet.se\/dalarna\/djur-i-nod\/\" title=\"Continue reading &lsquo;Hj\u00e4lpa djur i n\u00f6d&rsquo;\">L&auml;s mer<span class=\"meta-nav\">&raquo;<\/span><\/a><\/p>\n","protected":false},"author":46,"featured_media":0,"parent":0,"menu_order":0,"comment_status":"closed","ping_status":"closed","template":"left-sidebar.php","meta":{"_acf_changed":false,"footnotes":""},"class_list":["post-5842","page","type-page","status-publish","hentry"],"acf":[],"_links":{"self":[{"href":"https:\/\/www.djurskyddet.se\/dalarna\/wp-json\/wp\/v2\/pages\/5842","targetHints":{"allow":["GET"]}}],"collection":[{"href":"https:\/\/www.djurskyddet.se\/dalarna\/wp-json\/wp\/v2\/pages"}],"about":[{"href":"https:\/\/www.djurskyddet.se\/dalarna\/wp-json\/wp\/v2\/types\/page"}],"author":[{"embeddable":true,"href":"https:\/\/www.djurskyddet.se\/dalarna\/wp-json\/wp\/v2\/users\/46"}],"replies":[{"embeddable":true,"href":"https:\/\/www.djurskyddet.se\/dalarna\/wp-json\/wp\/v2\/comments?post=5842"}],"version-history":[{"count":28,"href":"https:\/\/www.djurskyddet.se\/dalarna\/wp-json\/wp\/v2\/pages\/5842\/revisions"}],"predecessor-version":[{"id":6032,"href":"https:\/\/www.djurskyddet.se\/dalarna\/wp-json\/wp\/v2\/pages\/5842\/revisions\/6032"}],"wp:attachment":[{"href":"https:\/\/www.djurskyddet.se\/dalarna\/wp-json\/wp\/v2\/media?parent=5842"}],"curies":[{"name":"wp","href":"https:\/\/api.w.org\/{rel}","templated":true}]}}

Hjälpa djur i nöd

<p>Efterlysningar publiceras löpande på vår <a href="https://www.facebook.com/DjurskyddetDalarna">Facebooksida</a>. För att efterlysa ditt eller ett upphittat djur är det enklast att skicka information om VAR djuret hör hemma/finns med beskrivning och foto via Facebook/messenger eller till vår mejl <a href="mailto:dalarna@djurskyddet.se">dalarna@djurskyddet.se</a>, samt kontaktuppgifter till den som kan ge information om djuret. Vi förmedlar informationen, och uppdaterar på begäran. Vi önskar att ni hör av er när djuret kommit hem eller återfunnits/hämtats av ägaren. </p>



<p>Vi har fällor för utlåning i Borlänge, Rättvik och Falun, samt chipläsare. Om du hittar ett djur, tänk på att: </p>



<ul class="wp-block-list"><li>söka ägare (via sociala medier, sätta upp lappar i området, anmäla till polisen 114 14)</li></ul>



<ul class="wp-block-list"><li>kolla om djuret har örontatuering och/eller chip med ägarregistrering i <a href="https://www.skk.se/om-skk/djuridse-skks-agarregister/"><mark class="has-inline-color has-vivid-cyan-blue-color">DjurID</mark></a> (katt och hund), <a href="https://www.sverak.se/id-registret/"><mark class="has-inline-color has-vivid-cyan-blue-color">SVERAK </mark></a>(katt) och för kanin <a href="https://skvf.se/kaninregistret/"><mark class="has-inline-color has-vivid-cyan-blue-color">Sveriges Kaninvälfärdsförening</mark></a></li></ul>



<ul class="wp-block-list"><li>be om uppgifter (legitimation t ex) för att styrka att djuret hämtas av rätt person (ägare) &#8211; saknas ägarregistrering kan det vara extra viktigt att den som hämtar djuret kan styrka med tidigare foton på djuret <br><br></li><li>förbereda för djuret omhändertas av djurhem eller omplaceringsverksamhet<br><br></li><li>misstänker du att det rör sig om ett vanvårdsärende kan länsstyrelsen kontaktas för information och råd</li></ul>



<p class="has-pale-cyan-blue-background-color has-background"><strong>Se mer detaljerad information i vänstermenyn </strong></p>

<p>Efterlysningar publiceras löpande på vår Facebooksida. För att efterlysa ditt eller ett upphittat djur är det enklast att skicka information om VAR djuret hör hemma/finns med beskrivning och foto via Facebook/messenger eller till vår mejl dalarna@djurskyddet.se, samt kontaktuppgifter till den som kan ge information om djuret. Vi förmedlar informationen, och uppdaterar på begäran. Vi önskar att ni hör av er när djuret kommit hem eller återfunnits/hämtats av ägaren. Vi har&hellip;</p>
<p><a class="more-link" href="https://www.djurskyddet.se/dalarna/djur-i-nod/" title="Continue reading &lsquo;Hjälpa djur i nöd&rsquo;">L&auml;s mer<span class="meta-nav">&raquo;</span></a></p>
