{"id":5916,"date":"2022-06-12T06:51:32","date_gmt":"2022-06-12T06:51:32","guid":{"rendered":"https:\/\/www.djurskyddet.se\/dalarna\/?page_id=5916"},"modified":"2022-06-12T06:53:01","modified_gmt":"2022-06-12T06:53:01","slug":"katter-i-trad","status":"publish","type":"page","link":"https:\/\/www.djurskyddet.se\/dalarna\/katter-i-trad\/","title":{"rendered":"Katter i tr\u00e4d"},"content":{"rendered":"\n<figure class=\"wp-block-image is-resized is-style-rounded\"><img loading=\"lazy\" decoding=\"async\" src=\"https:\/\/lh3.googleusercontent.com\/_i01yrxPm8rnW2fP1xCnqUobnDVr0xS8cKjocRj9GNr_cN-W8Uqi4SjmWz6WYBPlS6iX8e7i6twx2cr6stM0GH6y-KVDXDqlQ_iWw1fiTZTHMj_7n-IrYIAJj9DVfVq95X5bjGTgGmmzdgwUFw\" alt=\"\" width=\"270\" height=\"270\" \/><\/figure>\n\n\n\n<p>Det \u00e4r mycket vanligt att katter i tr\u00e4d inte kan ta sig ner sj\u00e4lva. En arborist kan ofta hj\u00e4lpa till. H\u00e4r nedan kontaktuppgifter fr\u00e5n Facebookgruppen <a href=\"https:\/\/www.facebook.com\/groups\/1770382759936900\">Vi som hj\u00e4lper katter i tr\u00e4d<\/a>. Efterlys katten i gruppen. Om \u00e4gare ej hittas kan Djurskyddet Dalarna eventuellt bidra med kostnaden.\u00a0<\/p>\n\n\n\n<p>Sl\u00e4pp inte iv\u00e4g katten p\u00e5 egen hand, den kan vara i behov av omg\u00e5ende v\u00e5rd, sakna hem eller hittar kanske inte hem igen efter den stressande upplevelsen.&nbsp;<\/p>\n\n\n\n<p><\/p>\n\n\n\n<p><img loading=\"lazy\" decoding=\"async\" alt=\"\u2b50\" src=\"https:\/\/lh5.googleusercontent.com\/DpG8URbXwFyHF0KogK6VCMEpUTluHyPnVgm_j_X6_aDaujMkpUZM_V4RtnnQWIeaa77ZcCqOBezIKv6oviplA991jEH8TldorOdM-lOQwR5LGfgrWe30_LU6yXBBbFzUVEFiZMDR6uNSgYl0CQ\" width=\"16\" height=\"16\"> Tree Faller Dalarna AB (utg\u00e5r fr\u00e5n Falun)&nbsp;&nbsp;<\/p>\n\n\n\n<p>Magnus Olla<\/p>\n\n\n\n<p><a href=\"http:\/\/www.treefaller.se\/?fbclid=IwAR1EYB_VRQftqmb1EsYxil7OqV39gCk8GDGDCODzZqi0gjiqR5hXkifBI_U\">www.treefaller.se<\/a><\/p>\n\n\n\n<p>073 056 43 57<\/p>\n\n\n\n<p><a href=\"mailto:Magnus@treefaller.se\">Magnus@treefaller.se<br><\/a><\/p>\n\n\n\n<p><img loading=\"lazy\" decoding=\"async\" alt=\"\u2b50\" src=\"https:\/\/lh6.googleusercontent.com\/6GeP8gYUYiTrP-M3bGWy7We_tnyuATt-VaiFlDSsHJ6eMOYdS_2-91sRGIkuamROtuG82PHQTh8F_F9-slJOiGn142Pr-ejvLdTU5dYkBl0pWYQ4U-vyDRo80u2AlXT9RJfxQCysTTsdMuTEeQ\" width=\"16\" height=\"16\"> Tr\u00e4dakuten AB&nbsp;<\/p>\n\n\n\n<p>Tobias Andersson<\/p>\n\n\n\n<p>0761-609824<\/p>\n\n\n\n<p><a href=\"https:\/\/l.facebook.com\/l.php?u=http%3A%2F%2Fwww.tradakuten.se%2F%3Ffbclid%3DIwAR27xqczT0H24wn-iD5tQSzmXPq1E73FzWjvttR1UozZYTKdGaitiIKY4yI&amp;h=AT2jdG969NxcKbAUAemxlm_RbAvdLoOWc7YnFQCXcUItiYYPlKU6ogUM1pcKNiuqCZtbc2MI92rnhG3Q05ACdYXtECddI_JaxjEDhPp33JJI5F1Y34TjFNbEnzy-wesTLQ&amp;__tn__=-UK-R&amp;c[0]=AT2pET3s7mhjAfoNMU3jiM_-nr3Fdrkb01_hy6eAKJH1qpNe1rZPmccRtJAfv6PXKwvbQiup4qyjnmmT76_II3u_iEb9KPZVZVcz9kO4YbWsUnKQgbLm_XeJi9rDEuAvRwnY8RZAip7hrlFjcQM7Y0-JecdOjZ2BS28\">www.tradakuten.se<\/a><\/p>\n\n\n\n<p><a href=\"mailto:tobias@tradakuten.se\">tobias@tradakuten.se<\/a><\/p>\n\n\n\n<p>Falun, med omnejd<br><\/p>\n\n\n\n<p><img loading=\"lazy\" decoding=\"async\" alt=\"\u2b50\" src=\"https:\/\/lh3.googleusercontent.com\/I5cg0myQsEPI_abY0nzeppln82ytbvF6hq_GnKe6TRa8YAj-wFlemegxfZTLaXpdXv51gjyHICjj34rfF7LTP8R0o5A-VIpNjnw1B_NnYyzrPlX04yd1ExhbedxzEO7hiMKTTz7zgymKcQbyMg\" width=\"16\" height=\"16\"> Mattias Ahl Arborist Borl\u00e4nge\/Gustafs 0737313354<\/p>\n\n\n\n<p><a href=\"mailto:Mattiastradfallare@gmail.com\">Mattiastradfallare@gmail.com<\/a><\/p>\n\n\n\n<p><img loading=\"lazy\" decoding=\"async\" alt=\"\u2b50\" src=\"https:\/\/lh5.googleusercontent.com\/b2ZPm3Mm3IwiT1eI80yN31x18BPTGUMeI_BoS1XUD81rGefEsn-K8UzMEbgGEiKNFIfayLRjPERt6ro3ix3nN6yXJ_er2bmQtYhyMgyzR8vAdmm3qV2SLtr4UAC9689MzrmCi_3rKkfQqsgYSg\" width=\"16\" height=\"16\"> Per p\u00e5 p\u00e5 Mora Tr\u00e4dg\u00e5rd. Har tagit ned katter tidigare.<\/p>\n\n\n\n<p><a href=\"https:\/\/www.facebook.com\/moratradgard\/\">https:\/\/www.facebook.com\/moratradgard\/<\/a><\/p>\n","protected":false},"excerpt":{"rendered":"<p>Det \u00e4r mycket vanligt att katter i tr\u00e4d inte kan ta sig ner sj\u00e4lva. En arborist kan ofta hj\u00e4lpa till. H\u00e4r nedan kontaktuppgifter fr\u00e5n Facebookgruppen Vi som hj\u00e4lper katter i tr\u00e4d. Efterlys katten i gruppen. Om \u00e4gare ej hittas kan Djurskyddet Dalarna eventuellt bidra med kostnaden.\u00a0 Sl\u00e4pp inte iv\u00e4g katten p\u00e5 egen hand, den kan vara i behov av omg\u00e5ende v\u00e5rd, sakna hem eller hittar kanske inte hem igen efter&hellip;<\/p>\n<p><a class=\"more-link\" href=\"https:\/\/www.djurskyddet.se\/dalarna\/katter-i-trad\/\" title=\"Continue reading &lsquo;Katter i tr\u00e4d&rsquo;\">L&auml;s mer<span class=\"meta-nav\">&raquo;<\/span><\/a><\/p>\n","protected":false},"author":46,"featured_media":0,"parent":0,"menu_order":0,"comment_status":"closed","ping_status":"closed","template":"left-sidebar.php","meta":{"_acf_changed":false,"footnotes":""},"class_list":["post-5916","page","type-page","status-publish","hentry"],"acf":[],"_links":{"self":[{"href":"https:\/\/www.djurskyddet.se\/dalarna\/wp-json\/wp\/v2\/pages\/5916","targetHints":{"allow":["GET"]}}],"collection":[{"href":"https:\/\/www.djurskyddet.se\/dalarna\/wp-json\/wp\/v2\/pages"}],"about":[{"href":"https:\/\/www.djurskyddet.se\/dalarna\/wp-json\/wp\/v2\/types\/page"}],"author":[{"embeddable":true,"href":"https:\/\/www.djurskyddet.se\/dalarna\/wp-json\/wp\/v2\/users\/46"}],"replies":[{"embeddable":true,"href":"https:\/\/www.djurskyddet.se\/dalarna\/wp-json\/wp\/v2\/comments?post=5916"}],"version-history":[{"count":2,"href":"https:\/\/www.djurskyddet.se\/dalarna\/wp-json\/wp\/v2\/pages\/5916\/revisions"}],"predecessor-version":[{"id":5919,"href":"https:\/\/www.djurskyddet.se\/dalarna\/wp-json\/wp\/v2\/pages\/5916\/revisions\/5919"}],"wp:attachment":[{"href":"https:\/\/www.djurskyddet.se\/dalarna\/wp-json\/wp\/v2\/media?parent=5916"}],"curies":[{"name":"wp","href":"https:\/\/api.w.org\/{rel}","templated":true}]}}

Katter i träd

<figure class="wp-block-image is-resized is-style-rounded"><img loading="lazy" decoding="async" src="https://lh3.googleusercontent.com/_i01yrxPm8rnW2fP1xCnqUobnDVr0xS8cKjocRj9GNr_cN-W8Uqi4SjmWz6WYBPlS6iX8e7i6twx2cr6stM0GH6y-KVDXDqlQ_iWw1fiTZTHMj_7n-IrYIAJj9DVfVq95X5bjGTgGmmzdgwUFw" alt="" width="270" height="270" /></figure>



<p>Det är mycket vanligt att katter i träd inte kan ta sig ner själva. En arborist kan ofta hjälpa till. Här nedan kontaktuppgifter från Facebookgruppen <a href="https://www.facebook.com/groups/1770382759936900">Vi som hjälper katter i träd</a>. Efterlys katten i gruppen. Om ägare ej hittas kan Djurskyddet Dalarna eventuellt bidra med kostnaden. </p>



<p>Släpp inte iväg katten på egen hand, den kan vara i behov av omgående vård, sakna hem eller hittar kanske inte hem igen efter den stressande upplevelsen.&nbsp;</p>



<p></p>



<p><img loading="lazy" decoding="async" alt="⭐" src="https://lh5.googleusercontent.com/DpG8URbXwFyHF0KogK6VCMEpUTluHyPnVgm_j_X6_aDaujMkpUZM_V4RtnnQWIeaa77ZcCqOBezIKv6oviplA991jEH8TldorOdM-lOQwR5LGfgrWe30_LU6yXBBbFzUVEFiZMDR6uNSgYl0CQ" width="16" height="16"> Tree Faller Dalarna AB (utgår från Falun)&nbsp;&nbsp;</p>



<p>Magnus Olla</p>



<p><a href="http://www.treefaller.se/?fbclid=IwAR1EYB_VRQftqmb1EsYxil7OqV39gCk8GDGDCODzZqi0gjiqR5hXkifBI_U">www.treefaller.se</a></p>



<p>073 056 43 57</p>



<p><a href="mailto:Magnus@treefaller.se">Magnus@treefaller.se<br></a></p>



<p><img loading="lazy" decoding="async" alt="⭐" src="https://lh6.googleusercontent.com/6GeP8gYUYiTrP-M3bGWy7We_tnyuATt-VaiFlDSsHJ6eMOYdS_2-91sRGIkuamROtuG82PHQTh8F_F9-slJOiGn142Pr-ejvLdTU5dYkBl0pWYQ4U-vyDRo80u2AlXT9RJfxQCysTTsdMuTEeQ" width="16" height="16"> Trädakuten AB&nbsp;</p>



<p>Tobias Andersson</p>



<p>0761-609824</p>



<p><a href="https://l.facebook.com/l.php?u=http%3A%2F%2Fwww.tradakuten.se%2F%3Ffbclid%3DIwAR27xqczT0H24wn-iD5tQSzmXPq1E73FzWjvttR1UozZYTKdGaitiIKY4yI&amp;h=AT2jdG969NxcKbAUAemxlm_RbAvdLoOWc7YnFQCXcUItiYYPlKU6ogUM1pcKNiuqCZtbc2MI92rnhG3Q05ACdYXtECddI_JaxjEDhPp33JJI5F1Y34TjFNbEnzy-wesTLQ&amp;__tn__=-UK-R&amp;c[0]=AT2pET3s7mhjAfoNMU3jiM_-nr3Fdrkb01_hy6eAKJH1qpNe1rZPmccRtJAfv6PXKwvbQiup4qyjnmmT76_II3u_iEb9KPZVZVcz9kO4YbWsUnKQgbLm_XeJi9rDEuAvRwnY8RZAip7hrlFjcQM7Y0-JecdOjZ2BS28">www.tradakuten.se</a></p>



<p><a href="mailto:tobias@tradakuten.se">tobias@tradakuten.se</a></p>



<p>Falun, med omnejd<br></p>



<p><img loading="lazy" decoding="async" alt="⭐" src="https://lh3.googleusercontent.com/I5cg0myQsEPI_abY0nzeppln82ytbvF6hq_GnKe6TRa8YAj-wFlemegxfZTLaXpdXv51gjyHICjj34rfF7LTP8R0o5A-VIpNjnw1B_NnYyzrPlX04yd1ExhbedxzEO7hiMKTTz7zgymKcQbyMg" width="16" height="16"> Mattias Ahl Arborist Borlänge/Gustafs 0737313354</p>



<p><a href="mailto:Mattiastradfallare@gmail.com">Mattiastradfallare@gmail.com</a></p>



<p><img loading="lazy" decoding="async" alt="⭐" src="https://lh5.googleusercontent.com/b2ZPm3Mm3IwiT1eI80yN31x18BPTGUMeI_BoS1XUD81rGefEsn-K8UzMEbgGEiKNFIfayLRjPERt6ro3ix3nN6yXJ_er2bmQtYhyMgyzR8vAdmm3qV2SLtr4UAC9689MzrmCi_3rKkfQqsgYSg" width="16" height="16"> Per på på Mora Trädgård. Har tagit ned katter tidigare.</p>



<p><a href="https://www.facebook.com/moratradgard/">https://www.facebook.com/moratradgard/</a></p>

<p>Det är mycket vanligt att katter i träd inte kan ta sig ner själva. En arborist kan ofta hjälpa till. Här nedan kontaktuppgifter från Facebookgruppen Vi som hjälper katter i träd. Efterlys katten i gruppen. Om ägare ej hittas kan Djurskyddet Dalarna eventuellt bidra med kostnaden.  Släpp inte iväg katten på egen hand, den kan vara i behov av omgående vård, sakna hem eller hittar kanske inte hem igen efter&hellip;</p>
<p><a class="more-link" href="https://www.djurskyddet.se/dalarna/katter-i-trad/" title="Continue reading &lsquo;Katter i träd&rsquo;">L&auml;s mer<span class="meta-nav">&raquo;</span></a></p>
