{"id":5580,"date":"2021-01-08T11:42:51","date_gmt":"2021-01-08T11:42:51","guid":{"rendered":"https:\/\/www.djurskyddet.se\/djurvannernastockholm\/?page_id=5580"},"modified":"2021-12-10T11:49:33","modified_gmt":"2021-12-10T11:49:33","slug":"om-oss","status":"publish","type":"page","link":"https:\/\/www.djurskyddet.se\/djurvannernastockholm\/om-oss\/","title":{"rendered":"Om oss"},"content":{"rendered":"\n<p>Djurskyddet Djurv\u00e4nnerna Stockholm \u00e4r en ideell f\u00f6rening som har till \u00e4ndam\u00e5l att verka f\u00f6r djurskydd och djurens v\u00e4lf\u00e4rd. F\u00f6reningen \u00e4r partipolitiskt och religi\u00f6st obunden och arbetar enbart med lagliga metoder. F\u00f6reningen \u00e4r ansluten till riksf\u00f6rbundet Djurskyddet Sverige.<\/p>\n\n\n\n<p>F\u00f6reningen \u00e4r en av landets \u00e4ldsta djurskyddsf\u00f6reningar, bildad 1882. Djurens situation har f\u00f6rst\u00e5s f\u00f6r\u00e4ndrats sedan dess, men fortfarande finns det djur som far illa.<\/p>\n\n\n\n<p>Vi arbetar f\u00f6r ett b\u00e4ttre djurskydd i Stockholmsomr\u00e5det genom att ekonomiskt st\u00f6dja:<\/p>\n\n\n\n<ul class=\"wp-block-list\"><li><a href=\"https:\/\/rede.se\/\">REDE<\/a>, ett fler\u00e5rigt projekt tillsammans med Djurskyddet Sverige som syftar till att utveckla barns empati f\u00f6r djur<\/li><li>djurhem och organisationer som hj\u00e4lper utsatta djur<\/li><li>forskning och projekt om djurskydd<\/li><\/ul>\n\n\n\n<p>Vi delar \u00e5rligen ut ett stipendium till person eller personer som fr\u00e4mjar djurs v\u00e4lf\u00e4rd.<\/p>\n\n\n\n<p>F\u00f6reningen har \u00e5rsm\u00f6te i maj och vi brukar d\u00e5 ha n\u00e5gon aktivitet med anknytning till djur.<\/p>\n\n\n\n<p>Som medlem i Djurskyddet Djurv\u00e4nnerna Stockholm<\/p>\n\n\n\n<ul class=\"wp-block-list\"><li>st\u00f6djer du v\u00e5rt abete f\u00f6r djurskyddet<\/li><li>\u00e4r du medlem i Djurskyddet Sverige<\/li><li>f\u00e5r du tidningen Djurskyddet<\/li><li>f\u00e5r du information fr\u00e5n Djurskyddet Sverige (med e-post)<\/li><\/ul>\n\n\n\n<p>Du blir medlem genom att anm\u00e4la dig p\u00e5\u00a0sidan<a href=\"https:\/\/www.djurskyddet.se\/djurvannernastockholm\/bli-medlem\/\"> Bli medlem<\/a>.<\/p>\n\n\n\n<p>Kontakta oss g\u00e4rna om du \u00e4r intresserad av djurskydd och v\u00e5r f\u00f6rening. Du n\u00e5r oss p\u00e5&nbsp;<a href=\"mailto:djurvannernastockholm@djurskyddet.se\">djurvannernastockholm@djurskyddet.se<\/a><\/p>\n","protected":false},"excerpt":{"rendered":"<p>Djurskyddet Djurv\u00e4nnerna Stockholm \u00e4r en ideell f\u00f6rening som har till \u00e4ndam\u00e5l att verka f\u00f6r djurskydd och djurens v\u00e4lf\u00e4rd. F\u00f6reningen \u00e4r partipolitiskt och religi\u00f6st obunden och arbetar enbart med lagliga metoder. F\u00f6reningen \u00e4r ansluten till riksf\u00f6rbundet Djurskyddet Sverige. F\u00f6reningen \u00e4r en av landets \u00e4ldsta djurskyddsf\u00f6reningar, bildad 1882. Djurens situation har f\u00f6rst\u00e5s f\u00f6r\u00e4ndrats sedan dess, men fortfarande finns det djur som far illa. Vi arbetar f\u00f6r ett b\u00e4ttre djurskydd i Stockholmsomr\u00e5det genom&hellip;<\/p>\n<p><a class=\"more-link\" href=\"https:\/\/www.djurskyddet.se\/djurvannernastockholm\/om-oss\/\" title=\"Continue reading &lsquo;Om oss&rsquo;\">L&auml;s mer<span class=\"meta-nav\">&raquo;<\/span><\/a><\/p>\n","protected":false},"author":3,"featured_media":0,"parent":0,"menu_order":0,"comment_status":"closed","ping_status":"closed","template":"left-sidebar.php","meta":{"_acf_changed":false,"footnotes":""},"class_list":["post-5580","page","type-page","status-publish","hentry"],"acf":[],"_links":{"self":[{"href":"https:\/\/www.djurskyddet.se\/djurvannernastockholm\/wp-json\/wp\/v2\/pages\/5580","targetHints":{"allow":["GET"]}}],"collection":[{"href":"https:\/\/www.djurskyddet.se\/djurvannernastockholm\/wp-json\/wp\/v2\/pages"}],"about":[{"href":"https:\/\/www.djurskyddet.se\/djurvannernastockholm\/wp-json\/wp\/v2\/types\/page"}],"author":[{"embeddable":true,"href":"https:\/\/www.djurskyddet.se\/djurvannernastockholm\/wp-json\/wp\/v2\/users\/3"}],"replies":[{"embeddable":true,"href":"https:\/\/www.djurskyddet.se\/djurvannernastockholm\/wp-json\/wp\/v2\/comments?post=5580"}],"version-history":[{"count":8,"href":"https:\/\/www.djurskyddet.se\/djurvannernastockholm\/wp-json\/wp\/v2\/pages\/5580\/revisions"}],"predecessor-version":[{"id":5726,"href":"https:\/\/www.djurskyddet.se\/djurvannernastockholm\/wp-json\/wp\/v2\/pages\/5580\/revisions\/5726"}],"wp:attachment":[{"href":"https:\/\/www.djurskyddet.se\/djurvannernastockholm\/wp-json\/wp\/v2\/media?parent=5580"}],"curies":[{"name":"wp","href":"https:\/\/api.w.org\/{rel}","templated":true}]}}