{"id":5601,"date":"2022-12-01T12:33:34","date_gmt":"2022-12-01T12:33:34","guid":{"rendered":"https:\/\/www.djurskyddet.se\/doso\/?page_id=5601"},"modified":"2025-08-24T22:12:41","modified_gmt":"2025-08-24T22:12:41","slug":"om-oss","status":"publish","type":"page","link":"https:\/\/www.djurskyddet.se\/doso\/om-oss\/","title":{"rendered":"Om Oss"},"content":{"rendered":"\n<p><strong>V\u00e4lkommen till Djurskyddet DOSO!<\/strong><\/p>\n\n\n\n<p>F\u00f6reningen Djurskyddet DOSO \u00e4r en religi\u00f6st och partipolitiskt obunden ideell f\u00f6rening under den rikst\u00e4ckande organisationen Djurskyddet Sverige. Vi ger ekonomiska bidrag till andra aktiva djurf\u00f6reningar och ibland till privatpersoner som hj\u00e4lper vilda djur.<\/p>\n\n\n\n<p>Vi arbetar f\u00f6r att alla djur ska ges m\u00f6jlighet att utf\u00f6ra sina naturliga beteenden och f\u00f6r att djurens livskvalitet ska f\u00f6rb\u00e4ttras. Vi vill att alla m\u00e4nniskor visar respekt och tar ansvar f\u00f6r alla djur. Djurskyddet Sverige accepterar att m\u00e4nniskan nyttjar djur, men att djur lider p\u00e5 grund av m\u00e4nniskan \u00e4r inte f\u00f6rsvarbart.&nbsp;<a href=\"http:\/\/www.djurskyddet.se\/se\/om-djurskyddet\/ideologi\" target=\"_blank\" rel=\"noreferrer noopener\"><strong>L\u00e4s Djurskyddet Sveriges ideologi<\/strong><\/a><\/p>\n\n\n\n<p>F\u00f6reningens arbete finansieras av frivilliga g\u00e5vor, arv och medlemsavgifter. Vi f\u00e5r inga statliga bidrag.<\/p>\n\n\n\n<p><\/p>\n\n\n\n<p>\u00c5r 2024 delade vi ut bidrag f\u00f6r sammanlagt 410 000 kronor.<\/p>\n\n\n\n<p><strong>Tack f\u00f6r ditt st\u00f6d, bli medlem eller ge en g\u00e5va \u2013 Hj\u00e4lp oss hj\u00e4lpa djuren!<\/strong><\/p>\n\n\n\n<p><\/p>\n\n\n\n<p><\/p>\n\n\n\n<p><\/p>\n\n\n\n<p>Djurskyddet DOSO grundades av Ingrid af Trolle.<\/p>\n\n\n\n<p>Ingrid af Trolle var under m\u00e5nga \u00e5r aktiv i en m\u00e4ngd fr\u00e5gor som r\u00f6rde djurskydd. Efter att ha f\u00e5tt bes\u00f6ka f\u00f6rs\u00f6ksdjursstallar besl\u00f6t hon sig f\u00f6r att k\u00e4mpa mot allt slags lidande som m\u00e4nniskan \u00e5samkar djur, i synnerhet av vinnings \u2013 och njutningsbeg\u00e4r<\/p>\n\n\n\n<p>Hon uts\u00e5g sig sj\u00e4lv \u00e5r 1977 till djurombudsman och fick en st\u00f6dorganisation \u2013 DOSO, Djurskyddsombudsmannens St\u00f6dorganisation.<\/p>\n\n\n\n<p>Hon engagerade sig i fr\u00e5gan om s\u00e4ljakten tillsammans med den franska filmstj\u00e4rnan Brigitte Bardot och tillsammans med f\u00f6rfattaren Astrid Lindgren k\u00e4mpade hon f\u00f6r att f\u00f6rb\u00e4ttra burh\u00f6nsens milj\u00f6. Hon f\u00f6rs\u00f6kte ocks\u00e5 f\u00e5 till st\u00e5nd en bojkott av Tjurf\u00e4ktning i Spanien. Att f\u00f6rb\u00e4ttra villkoren f\u00f6r djuren i djurtransporter var ocks\u00e5 en viktig fr\u00e5ga.<\/p>\n\n\n\n<p>Ingrid af Trolle anv\u00e4nde i sin kamp f\u00f6r djuren enbart fredliga medel och var negativ till djuraktivisters inbrott p\u00e5 minkfarmer och attacker mot p\u00e4lsaff\u00e4rer.<\/p>\n\n\n\n<p>Ingrid af Trolle var duktig p\u00e5 att komma ut i media och genom detta skapade hon opinion och uppm\u00e4rksamhet f\u00f6r djurskyddsfr\u00e5gorna. Hon ans\u00e5g att djuren skulle ha en egen dag och lyckades f\u00e5 den 4:e oktober erk\u00e4nd som Djurens dag.<\/p>\n\n\n\n<p>Det fanns trogna v\u00e4nner och underst\u00f6djare bland k\u00e4nda personer med varmt engagemang f\u00f6r djur s\u00e5som Brigitte Bardot, Astrid Lindgren, Marit Paulsen, Lili och Susie P\u00e4iverinta, Aase och Stig J\u00e4rrel, Marianne och Sigvard Bernadotte, Kjerstin Dellert och Ingemar \u201dIngo\u201d Johansson.<\/p>\n\n\n\n<p>Ingrid af Trolle arbetade in i det sista med ideella djurfr\u00e5gor \u2013 fr\u00e5gor som g\u00e4llde alla sorters djur, tama som vilda.<\/p>\n\n\n\n<p>Sveriges mest k\u00e4nda djuraktivist, Ingrid af Trolle, avled 2008, 88 \u00e5r gammal.<\/p>\n\n\n\n<p>Efter Ingrid af Trolles d\u00f6d har f\u00f6reningens fr\u00e4msta syfte varit att se till att f\u00f6rvalta f\u00f6reningens pengar, att l\u00e4mna bidrag till organisationer, f\u00f6reningar och katthem som s\u00f6ker hj\u00e4lp. Vi l\u00e4mnar \u00e4ven bidrag till privatpersoner om man arbetar med djur som inte \u00e4r egna.<\/p>\n","protected":false},"excerpt":{"rendered":"<p>V\u00e4lkommen till Djurskyddet DOSO! F\u00f6reningen Djurskyddet DOSO \u00e4r en religi\u00f6st och partipolitiskt obunden ideell f\u00f6rening under den rikst\u00e4ckande organisationen Djurskyddet Sverige. Vi ger ekonomiska bidrag till andra aktiva djurf\u00f6reningar och ibland till privatpersoner som hj\u00e4lper vilda djur. Vi arbetar f\u00f6r att alla djur ska ges m\u00f6jlighet att utf\u00f6ra sina naturliga beteenden och f\u00f6r att djurens livskvalitet ska f\u00f6rb\u00e4ttras. Vi vill att alla m\u00e4nniskor visar respekt och tar ansvar f\u00f6r alla&hellip;<\/p>\n<p><a class=\"more-link\" href=\"https:\/\/www.djurskyddet.se\/doso\/om-oss\/\" title=\"Continue reading &lsquo;Om Oss&rsquo;\">L&auml;s mer<span class=\"meta-nav\">&raquo;<\/span><\/a><\/p>\n","protected":false},"author":3,"featured_media":0,"parent":0,"menu_order":0,"comment_status":"closed","ping_status":"closed","template":"page-templates\/left-sidebar20200507.php","meta":{"_acf_changed":false,"footnotes":""},"class_list":["post-5601","page","type-page","status-publish","hentry"],"acf":[],"_links":{"self":[{"href":"https:\/\/www.djurskyddet.se\/doso\/wp-json\/wp\/v2\/pages\/5601","targetHints":{"allow":["GET"]}}],"collection":[{"href":"https:\/\/www.djurskyddet.se\/doso\/wp-json\/wp\/v2\/pages"}],"about":[{"href":"https:\/\/www.djurskyddet.se\/doso\/wp-json\/wp\/v2\/types\/page"}],"author":[{"embeddable":true,"href":"https:\/\/www.djurskyddet.se\/doso\/wp-json\/wp\/v2\/users\/3"}],"replies":[{"embeddable":true,"href":"https:\/\/www.djurskyddet.se\/doso\/wp-json\/wp\/v2\/comments?post=5601"}],"version-history":[{"count":8,"href":"https:\/\/www.djurskyddet.se\/doso\/wp-json\/wp\/v2\/pages\/5601\/revisions"}],"predecessor-version":[{"id":5678,"href":"https:\/\/www.djurskyddet.se\/doso\/wp-json\/wp\/v2\/pages\/5601\/revisions\/5678"}],"wp:attachment":[{"href":"https:\/\/www.djurskyddet.se\/doso\/wp-json\/wp\/v2\/media?parent=5601"}],"curies":[{"name":"wp","href":"https:\/\/api.w.org\/{rel}","templated":true}]}}