{"id":5617,"date":"2022-12-01T13:12:16","date_gmt":"2022-12-01T13:12:16","guid":{"rendered":"https:\/\/www.djurskyddet.se\/doso\/?page_id=5617"},"modified":"2023-11-08T21:23:54","modified_gmt":"2023-11-08T21:23:54","slug":"stod-oss","status":"publish","type":"page","link":"https:\/\/www.djurskyddet.se\/doso\/stod-oss\/","title":{"rendered":"St\u00f6d Oss"},"content":{"rendered":"\n<p>V\u00e5r organisation drivs p\u00e5 medlemsavgifter, g\u00e5vor och insamlingar. Vill du st\u00f6tta v\u00e5r f\u00f6rening? Skicka en g\u00e5va till oss f\u00f6r att vara med att sprida kunskap och hj\u00e4lpa djur i on\u00e5d. Du kan g\u00f6ra skillnad!<\/p>\n\n\n\n<h3 class=\"wp-block-heading\" id=\"ge-en-gava\"><strong>Ge en g\u00e5va<\/strong><\/h3>\n\n\n\n<p>Du kan ge en g\u00e5va genom Swish eller en bank\u00f6verf\u00f6ring.\u00a0<strong>Skriv ordet \u201dG\u00e5va\u201d i meddelandet<\/strong>\u00a0f\u00f6r att underl\u00e4tta v\u00e5rt administrativa arbete. Stort tack!<\/p>\n\n\n\n<p><strong>Plusgiro: 646-0<\/strong><\/p>\n\n\n\n<p><strong>Swishnummer: 123 062 10 86<\/strong><\/p>\n\n\n\n<p><\/p>\n\n\n\n<!--nextpage-->\n","protected":false},"excerpt":{"rendered":"<p>V\u00e5r organisation drivs p\u00e5 medlemsavgifter, g\u00e5vor och insamlingar. Vill du st\u00f6tta v\u00e5r f\u00f6rening? Skicka en g\u00e5va till oss f\u00f6r att vara med att sprida kunskap och hj\u00e4lpa djur i on\u00e5d. Du kan g\u00f6ra skillnad! Ge en g\u00e5va Du kan ge en g\u00e5va genom Swish eller en bank\u00f6verf\u00f6ring.\u00a0Skriv ordet \u201dG\u00e5va\u201d i meddelandet\u00a0f\u00f6r att underl\u00e4tta v\u00e5rt administrativa arbete. Stort tack! Plusgiro: 646-0 Swishnummer: 123 062 10 86<\/p>\n","protected":false},"author":3,"featured_media":0,"parent":0,"menu_order":0,"comment_status":"closed","ping_status":"closed","template":"page-templates\/left-sidebar20200507.php","meta":{"_acf_changed":false,"footnotes":""},"class_list":["post-5617","page","type-page","status-publish","hentry"],"acf":[],"_links":{"self":[{"href":"https:\/\/www.djurskyddet.se\/doso\/wp-json\/wp\/v2\/pages\/5617","targetHints":{"allow":["GET"]}}],"collection":[{"href":"https:\/\/www.djurskyddet.se\/doso\/wp-json\/wp\/v2\/pages"}],"about":[{"href":"https:\/\/www.djurskyddet.se\/doso\/wp-json\/wp\/v2\/types\/page"}],"author":[{"embeddable":true,"href":"https:\/\/www.djurskyddet.se\/doso\/wp-json\/wp\/v2\/users\/3"}],"replies":[{"embeddable":true,"href":"https:\/\/www.djurskyddet.se\/doso\/wp-json\/wp\/v2\/comments?post=5617"}],"version-history":[{"count":6,"href":"https:\/\/www.djurskyddet.se\/doso\/wp-json\/wp\/v2\/pages\/5617\/revisions"}],"predecessor-version":[{"id":5655,"href":"https:\/\/www.djurskyddet.se\/doso\/wp-json\/wp\/v2\/pages\/5617\/revisions\/5655"}],"wp:attachment":[{"href":"https:\/\/www.djurskyddet.se\/doso\/wp-json\/wp\/v2\/media?parent=5617"}],"curies":[{"name":"wp","href":"https:\/\/api.w.org\/{rel}","templated":true}]}}