{"id":10021,"date":"2023-06-22T08:59:45","date_gmt":"2023-06-22T08:59:45","guid":{"rendered":"https:\/\/www.djurskyddet.se\/flyingebygden\/?page_id=10021"},"modified":"2026-01-14T19:01:40","modified_gmt":"2026-01-14T19:01:40","slug":"gavobrev","status":"publish","type":"page","link":"https:\/\/www.djurskyddet.se\/flyingebygden\/gavobrev\/","title":{"rendered":"G\u00e5vobrev"},"content":{"rendered":"\n<p class=\"has-text-align-center has-medium-font-size\"><strong>Ge bort en g\u00e5va som visar omtanke f\u00f6r heml\u00f6sa katter i Flyingebygden med omnejd. V\u00e4l sj\u00e4lv om du vill skicka med en personlig h\u00e4lsning eller varf\u00f6r inte en fin dikt. Vi skickar sedan ditt personliga g\u00e5vobevis i PDF-format till din e-postadress som du sen kan skicka till mottagaren digitalt eller skriva ut. <\/strong><\/p>\n\n\n\n<p>G\u00e5vobrev \u00e4r en present fylld med omtanke och k\u00e4rlek d\u00e4r pengar oavkortat g\u00e5r till att ge heml\u00f6sa katter i Flyingebygden med omnejden andra chans i livet! En chans att f\u00e5r leva i ett k\u00e4rleksfullt och tryggt hem med omsorg, v\u00e4rme, mat och tak \u00f6ver huvudet, bortom sm\u00e4rta och hunger som \u00e4r verkligheten f\u00f6r s\u00e5 m\u00e5nga idag! Med g\u00e5vobrev g\u00f6r b\u00e5de du och mottagaren skillnad.<\/p>\n\n\n\n<p class=\"has-text-color has-link-color wp-elements-410ff9554df42c45c1286673884753e8\" style=\"color:#00a84b\"><em><strong>Tips! En inramning av g\u00e5vobrevet g\u00f6r det b\u00e5de extra elegant och blir ocks\u00e5 en fin present att pryda en v\u00e4gg och avnjutas l\u00e4nge<\/strong><\/em><\/p>\n\n\n\n<blockquote class=\"wp-block-quote is-style-plain is-layout-flow wp-block-quote-is-layout-flow\" style=\"font-size:12px\">\n<h2 class=\"wp-block-heading has-text-align-left\">Ett exempel p\u00e5 ett g\u00e5vobrev kan vara:<\/h2>\n\n\n<div class=\"wp-block-image\">\n<figure class=\"aligncenter size-full is-resized\"><img loading=\"lazy\" decoding=\"async\" width=\"726\" height=\"1024\" src=\"https:\/\/www.djurskyddet.se\/flyingebygden\/wp-content\/uploads\/sites\/53\/2026\/01\/Michael-Kraftt.jpg\" alt=\"\" class=\"wp-image-12620\" style=\"width:367px;height:auto\" srcset=\"https:\/\/www.djurskyddet.se\/flyingebygden\/wp-content\/uploads\/sites\/53\/2026\/01\/Michael-Kraftt.jpg 726w, https:\/\/www.djurskyddet.se\/flyingebygden\/wp-content\/uploads\/sites\/53\/2026\/01\/Michael-Kraftt-213x300.jpg 213w, https:\/\/www.djurskyddet.se\/flyingebygden\/wp-content\/uploads\/sites\/53\/2026\/01\/Michael-Kraftt-400x564.jpg 400w\" sizes=\"auto, (max-width: 726px) 100vw, 726px\" \/><\/figure><\/div><\/blockquote>\n\n\n\n<h2 class=\"wp-block-heading\">Best\u00e4ll ditt personliga g\u00e5vobrev!<\/h2>\n\n\n\n<ol class=\"wp-block-list\">\n<li>B\u00f6rja med att betala in din g\u00e5vosumma m\u00e4rkt med &#8221;g\u00e5vobrev&#8221; med Swish: 1230512681 eller p\u00e5 bankkonto: 12350493016.<br><strong>OBS!<\/strong> Vi skickar inte ut g\u00e5vobevis f\u00f6r summor under 50 kr <\/li>\n\n\n\n<li>Fyll i nedan best\u00e4llningsformul\u00e4r och skicka in din best\u00e4llning med bifogat k\u00f6pbevis.<\/li>\n\n\n\n<li>F\u00f6r personlig bild p\u00e5 g\u00e5vobeviset bifogar du valt foto i din best\u00e4llning. (m\u00e5ste vara h\u00f6guppl\u00f6st).<\/li>\n\n\n\n<li>Ditt g\u00e5vobevis skicka till din e-post (inom 24 tim) i PDF-format som du sen kan skicka till mottagaren digitalt eller skriva ut.<\/li>\n<\/ol>\n\n\n\n<p class=\"has-vivid-red-color has-text-color\">Observera att du inom ett par minuter ska f\u00e5 ett bekr\u00e4ftelse-epostmeddelandet fr\u00e5n oss, om detta skulle utebli v\u00e4nligen kolla d\u00e5 om meddelande hamnat i din mapp f\u00f6r skr\u00e4ppost, s\u00e5 att du inte riskerar att missa svar fr\u00e5n oss! Ett personligt svar skickar vi i regel inom ett par dagar.<\/p>\n\n\n\n<div class=\"wp-block-contact-form-7-contact-form-selector\">\n<div class=\"wpcf7 no-js\" id=\"wpcf7-f10065-o1\" lang=\"sv-SE\" dir=\"ltr\" data-wpcf7-id=\"10065\">\n<div class=\"screen-reader-response\"><p role=\"status\" aria-live=\"polite\" aria-atomic=\"true\"><\/p> <ul><\/ul><\/div>\n<form action=\"\/flyingebygden\/wp-json\/wp\/v2\/pages\/10021#wpcf7-f10065-o1\" method=\"post\" class=\"wpcf7-form init\" aria-label=\"Kontaktformul\u00e4r\" enctype=\"multipart\/form-data\" novalidate=\"novalidate\" data-status=\"init\">\n<fieldset class=\"hidden-fields-container\"><input type=\"hidden\" name=\"_wpcf7\" value=\"10065\" \/><input type=\"hidden\" name=\"_wpcf7_version\" value=\"6.1\" \/><input type=\"hidden\" name=\"_wpcf7_locale\" value=\"sv_SE\" \/><input type=\"hidden\" name=\"_wpcf7_unit_tag\" value=\"wpcf7-f10065-o1\" \/><input type=\"hidden\" name=\"_wpcf7_container_post\" value=\"0\" \/><input type=\"hidden\" name=\"_wpcf7_posted_data_hash\" value=\"\" \/><input type=\"hidden\" name=\"_wpcf7_recaptcha_response\" value=\"\" \/>\n<\/fieldset>\n<div class=\"uacf7-form-wrapper-container uacf7-form-10065  \"><label> Ditt namn \n    <span class=\"wpcf7-form-control-wrap\" data-name=\"namn\"><input size=\"40\" maxlength=\"400\" class=\"wpcf7-form-control wpcf7-text wpcf7-validates-as-required\" aria-required=\"true\" aria-invalid=\"false\" value=\"\" type=\"text\" name=\"namn\" \/><\/span> <\/label>\n\n<label> Epostadress \n    <span class=\"wpcf7-form-control-wrap\" data-name=\"epostadress\"><input size=\"40\" maxlength=\"400\" class=\"wpcf7-form-control wpcf7-email wpcf7-validates-as-required wpcf7-text wpcf7-validates-as-email\" aria-required=\"true\" aria-invalid=\"false\" value=\"\" type=\"email\" name=\"epostadress\" \/><\/span> <\/label>\n\n<label>Ange namnet p\u00e5 mottagaren av g\u00e5vobeviset \n<span class=\"wpcf7-form-control-wrap\" data-name=\"mottagare\"><input size=\"40\" maxlength=\"400\" class=\"wpcf7-form-control wpcf7-text wpcf7-validates-as-required\" aria-required=\"true\" aria-invalid=\"false\" value=\"\" type=\"text\" name=\"mottagare\" \/><\/span> <\/label>\n\n<label>Ange eventuell personlig h\u00e4lsning, text eller dikt!\n<span class=\"wpcf7-form-control-wrap\" data-name=\"meddelande\"><textarea cols=\"40\" rows=\"10\" maxlength=\"2000\" class=\"wpcf7-form-control wpcf7-textarea\" aria-invalid=\"false\" name=\"meddelande\"><\/textarea><\/span> <\/label>\n\n<label>Ska g\u00e5vosumman visas p\u00e5 g\u00e5vobeviset? \n<span class=\"wpcf7-form-control-wrap\" data-name=\"gavosumma\"><select class=\"wpcf7-form-control wpcf7-select wpcf7-validates-as-required\" aria-required=\"true\" aria-invalid=\"false\" name=\"gavosumma\"><option value=\"\">\u2013 V\u00e4lj ett alternativ \u2013<\/option><option value=\"Ja\">Ja<\/option><option value=\"Nej\">Nej<\/option><\/select><\/span> <\/label>\n\n\n<label>Bifoga k\u00f6pbevis \n<span class=\"wpcf7-form-control-wrap\" data-name=\"kopbevis\"><input size=\"40\" class=\"wpcf7-form-control wpcf7-file wpcf7-validates-as-required\" accept=\"audio\/*,video\/*,image\/*\" aria-required=\"true\" aria-invalid=\"false\" type=\"file\" name=\"kopbevis\" \/><\/span> <\/label>\n\n\n<label>Bifoga personlig bild\n<span class=\"wpcf7-form-control-wrap\" data-name=\"personlig\"><input size=\"40\" class=\"wpcf7-form-control wpcf7-file\" accept=\"audio\/*,video\/*,image\/*\" aria-invalid=\"false\" type=\"file\" name=\"personlig\" \/><\/span> <\/label>\n\n\n*Obligatoriska f\u00e4lt.\n\n\n\n<input class=\"wpcf7-form-control wpcf7-submit has-spinner\" type=\"submit\" value=\"Skicka din best\u00e4llning\" \/><\/div><div class=\"wpcf7-response-output\" aria-hidden=\"true\"><\/div>\n<\/form>\n<\/div>\n<\/div>\n","protected":false},"excerpt":{"rendered":"<p>Ge bort en g\u00e5va som visar omtanke f\u00f6r heml\u00f6sa katter i Flyingebygden med omnejd. V\u00e4l sj\u00e4lv om du vill skicka med en personlig h\u00e4lsning eller varf\u00f6r inte en fin dikt. Vi skickar sedan ditt personliga g\u00e5vobevis i PDF-format till din e-postadress som du sen kan skicka till mottagaren digitalt eller skriva ut. G\u00e5vobrev \u00e4r en present fylld med omtanke och k\u00e4rlek d\u00e4r pengar oavkortat g\u00e5r till att ge heml\u00f6sa katter&hellip;<\/p>\n<p><a class=\"more-link\" href=\"https:\/\/www.djurskyddet.se\/flyingebygden\/gavobrev\/\" title=\"Continue reading &lsquo;G\u00e5vobrev&rsquo;\">L&auml;s mer<span class=\"meta-nav\">&raquo;<\/span><\/a><\/p>\n","protected":false},"author":66,"featured_media":0,"parent":0,"menu_order":0,"comment_status":"closed","ping_status":"closed","template":"page-templates\/full-width.php","meta":{"_acf_changed":false,"footnotes":""},"class_list":["post-10021","page","type-page","status-publish","hentry"],"acf":[],"_links":{"self":[{"href":"https:\/\/www.djurskyddet.se\/flyingebygden\/wp-json\/wp\/v2\/pages\/10021","targetHints":{"allow":["GET"]}}],"collection":[{"href":"https:\/\/www.djurskyddet.se\/flyingebygden\/wp-json\/wp\/v2\/pages"}],"about":[{"href":"https:\/\/www.djurskyddet.se\/flyingebygden\/wp-json\/wp\/v2\/types\/page"}],"author":[{"embeddable":true,"href":"https:\/\/www.djurskyddet.se\/flyingebygden\/wp-json\/wp\/v2\/users\/66"}],"replies":[{"embeddable":true,"href":"https:\/\/www.djurskyddet.se\/flyingebygden\/wp-json\/wp\/v2\/comments?post=10021"}],"version-history":[{"count":60,"href":"https:\/\/www.djurskyddet.se\/flyingebygden\/wp-json\/wp\/v2\/pages\/10021\/revisions"}],"predecessor-version":[{"id":12631,"href":"https:\/\/www.djurskyddet.se\/flyingebygden\/wp-json\/wp\/v2\/pages\/10021\/revisions\/12631"}],"wp:attachment":[{"href":"https:\/\/www.djurskyddet.se\/flyingebygden\/wp-json\/wp\/v2\/media?parent=10021"}],"curies":[{"name":"wp","href":"https:\/\/api.w.org\/{rel}","templated":true}]}}