{"id":5535,"date":"2018-08-16T07:26:20","date_gmt":"2018-08-16T07:26:20","guid":{"rendered":"http:\/\/www.djurskyddet.se\/helsingborg\/?page_id=5535"},"modified":"2018-12-21T10:47:37","modified_gmt":"2018-12-21T10:47:37","slug":"ge-en-gava","status":"publish","type":"page","link":"https:\/\/www.djurskyddet.se\/helsingborg\/stod-oss\/ge-en-gava\/","title":{"rendered":"Ge en g\u00e5va"},"content":{"rendered":"<p>Djurskyddet Helsingborg bedrivs helt ideellt. Vi f\u00e5r v\u00e5ra int\u00e4kter fr\u00e4mst fr\u00e5n medlemsavgifter och g\u00e5vor. D\u00e4rf\u00f6r \u00e4r alla summor alltid tacksamt v\u00e4lkomna, oavsett belopp.<\/p>\n<p>Dina g\u00e5vor hj\u00e4lper djur i v\u00e5rt n\u00e4romr\u00e5de att exempelvis f\u00e5 n\u00f6dv\u00e4ndig veterin\u00e4rv\u00e5rd vid behov. Dessutom hj\u00e4lper du oss att st\u00f6dja Heml\u00f6sas Hundar i Helsingborg.<\/p>\n<p>F\u00f6r att sk\u00e4nka din g\u00e5va kan du g\u00f6ra detta p\u00e5 tv\u00e5 s\u00e4tt;<br \/>\n&#8211; S\u00e4tt in valfritt belopp p\u00e5 bankgiro <strong>684-2306<\/strong><br \/>\n&#8211; Skicka valfritt belopp till v\u00e5rt Swishnummer <strong>123 115 41 78<\/strong><br \/>\n<em>V\u00e4rt att t\u00e4nka p\u00e5 \u00e4r att en avgift dras av p\u00e5 totalsumman p\u00e5 alla transaktioner via Swish.<\/em><\/p>\n<p><strong>Tack f\u00f6r att du vill bidra!<\/strong><\/p>\n<p><a href=\"http:\/\/www.djurskyddet.se\/helsingborg\/wp-content\/uploads\/sites\/20\/2018\/08\/Kattunge-liten_13396654.jpg\"><img loading=\"lazy\" decoding=\"async\" class=\"aligncenter size-full wp-image-5639\" src=\"http:\/\/www.djurskyddet.se\/helsingborg\/wp-content\/uploads\/sites\/20\/2018\/08\/Kattunge-liten_13396654.jpg\" alt=\"\" width=\"1024\" height=\"659\" srcset=\"https:\/\/www.djurskyddet.se\/helsingborg\/wp-content\/uploads\/sites\/20\/2018\/08\/Kattunge-liten_13396654.jpg 1024w, https:\/\/www.djurskyddet.se\/helsingborg\/wp-content\/uploads\/sites\/20\/2018\/08\/Kattunge-liten_13396654-300x193.jpg 300w, https:\/\/www.djurskyddet.se\/helsingborg\/wp-content\/uploads\/sites\/20\/2018\/08\/Kattunge-liten_13396654-768x494.jpg 768w, https:\/\/www.djurskyddet.se\/helsingborg\/wp-content\/uploads\/sites\/20\/2018\/08\/Kattunge-liten_13396654-400x257.jpg 400w\" sizes=\"auto, (max-width: 1024px) 100vw, 1024px\" \/><\/a><\/p>\n","protected":false},"excerpt":{"rendered":"<p>Djurskyddet Helsingborg bedrivs helt ideellt. Vi f\u00e5r v\u00e5ra int\u00e4kter fr\u00e4mst fr\u00e5n medlemsavgifter och g\u00e5vor. D\u00e4rf\u00f6r \u00e4r alla summor alltid tacksamt v\u00e4lkomna, oavsett belopp. Dina g\u00e5vor hj\u00e4lper djur i v\u00e5rt n\u00e4romr\u00e5de att exempelvis f\u00e5 n\u00f6dv\u00e4ndig veterin\u00e4rv\u00e5rd vid behov. Dessutom hj\u00e4lper du oss att st\u00f6dja Heml\u00f6sas Hundar i Helsingborg. F\u00f6r att sk\u00e4nka din g\u00e5va kan du g\u00f6ra detta p\u00e5 tv\u00e5 s\u00e4tt; &#8211; S\u00e4tt in valfritt belopp p\u00e5 bankgiro 684-2306 &#8211; Skicka valfritt&hellip;<\/p>\n<p><a class=\"more-link\" href=\"https:\/\/www.djurskyddet.se\/helsingborg\/stod-oss\/ge-en-gava\/\" title=\"Continue reading &lsquo;Ge en g\u00e5va&rsquo;\">L&auml;s mer<span class=\"meta-nav\">&raquo;<\/span><\/a><\/p>\n","protected":false},"author":3,"featured_media":0,"parent":5497,"menu_order":0,"comment_status":"closed","ping_status":"closed","template":"page-templates\/left-sidebar.php","meta":{"_acf_changed":false,"footnotes":""},"class_list":["post-5535","page","type-page","status-publish","hentry"],"acf":[],"_links":{"self":[{"href":"https:\/\/www.djurskyddet.se\/helsingborg\/wp-json\/wp\/v2\/pages\/5535","targetHints":{"allow":["GET"]}}],"collection":[{"href":"https:\/\/www.djurskyddet.se\/helsingborg\/wp-json\/wp\/v2\/pages"}],"about":[{"href":"https:\/\/www.djurskyddet.se\/helsingborg\/wp-json\/wp\/v2\/types\/page"}],"author":[{"embeddable":true,"href":"https:\/\/www.djurskyddet.se\/helsingborg\/wp-json\/wp\/v2\/users\/3"}],"replies":[{"embeddable":true,"href":"https:\/\/www.djurskyddet.se\/helsingborg\/wp-json\/wp\/v2\/comments?post=5535"}],"version-history":[{"count":7,"href":"https:\/\/www.djurskyddet.se\/helsingborg\/wp-json\/wp\/v2\/pages\/5535\/revisions"}],"predecessor-version":[{"id":5751,"href":"https:\/\/www.djurskyddet.se\/helsingborg\/wp-json\/wp\/v2\/pages\/5535\/revisions\/5751"}],"up":[{"embeddable":true,"href":"https:\/\/www.djurskyddet.se\/helsingborg\/wp-json\/wp\/v2\/pages\/5497"}],"wp:attachment":[{"href":"https:\/\/www.djurskyddet.se\/helsingborg\/wp-json\/wp\/v2\/media?parent=5535"}],"curies":[{"name":"wp","href":"https:\/\/api.w.org\/{rel}","templated":true}]}}