{"id":5537,"date":"2018-03-23T11:26:55","date_gmt":"2018-03-23T10:26:55","guid":{"rendered":"http:\/\/www.djurskyddet.se\/jamtland\/?page_id=5537"},"modified":"2022-01-15T14:19:39","modified_gmt":"2022-01-15T13:19:39","slug":"testamentera","status":"publish","type":"page","link":"https:\/\/www.djurskyddet.se\/jamtland\/stod-oss\/testamentera\/","title":{"rendered":"Testamentera"},"content":{"rendered":"<h2>L\u00e5t din omtanke om djuren leva vidare<\/h2>\n<p>Vi k\u00e4nner stor tacksamhet och \u00f6dmjukhet inf\u00f6r att det finns personer som vill g\u00f6ra v\u00e5r f\u00f6rening till f\u00f6rm\u00e5nstagare i sina testamenten. Tyv\u00e4rr kan vi inte hj\u00e4lpa till med att uppr\u00e4tta sj\u00e4lva testamentet, det b\u00f6r du g\u00f6ra tillsammans med en kunnig person (till exempel en jurist).<\/p>\n<p>Om du vill st\u00f6dja oss redan nu s\u00e5 g\u00e5r det att uppr\u00e4tta en st\u00e5ende \u00f6verf\u00f6ring fr\u00e5n bankkonto till bankkonto. Om du beh\u00f6ver hj\u00e4lp med en s\u00e5dan \u00f6verf\u00f6ring beh\u00f6ver du kontakta din bank.<\/p>\n<p><strong>Djurskyddet J\u00e4mtlands l\u00e4n<\/strong><br \/>\n<strong>Bankgiro: <\/strong>449-7459<br \/>\n<strong>Organisationsnr: <\/strong>802470-2840<\/p>\n<h2>Varf\u00f6r testamentera till Djurskyddet?<\/h2>\n<p>M\u00e5nga djurv\u00e4nner med stort engagemang f\u00f6r sina egna s\u00e4llskapsdjur och djurskyddsfr\u00e5gor ser Djurskyddet J\u00e4mtlands l\u00e4n som en l\u00e4mplig mottagare av g\u00e5vor eller donationer. Men det kan vara sv\u00e5rt att avg\u00f6ra om en f\u00f6rening \u00e4r seri\u00f6s i sin verksamhet eller att den \u00f6ver huvud taget existerar. D\u00e4rf\u00f6r vill vi ber\u00e4tta om v\u00e5r f\u00f6rening och hur vi arbetar.<\/p>\n<p>Djurskyddet J\u00e4mtlands l\u00e4n \u00e4r en lokal djurskyddsf\u00f6rening, men ocks\u00e5 en av ca 50 f\u00f6reningar som \u00e4r anslutna till riksf\u00f6rbundet <a href=\"http:\/\/www.djurskyddet.se\" target=\"_blank\" rel=\"noopener\">Djurskyddet Sverige<\/a>. Centralt arbetar Djurskyddet f\u00f6r att p\u00e5verka samh\u00e4llsnormer och lagstiftning till f\u00f6rm\u00e5n f\u00f6r djuren. P\u00e5 lokal niv\u00e5 arbetar vi konkret genom att driva ett katthem, d\u00e4r vi tar hand om heml\u00f6sa katter som omh\u00e4ndertagits av myndigheterna och placerar dem i nya k\u00e4rleksfulla hem. Vi arbetar ocks\u00e5 med att sprida information om djurskydd samt h\u00e5ller d\u00f6rren \u00f6ppen f\u00f6r de djurskyddsinsatser som v\u00e5ra medlemmar vill genomf\u00f6ra. Vi \u00e4r ca 250 medlemmar, samt har volont\u00e4rer och en styrelse som alla arbetar p\u00e5 ideell basis.<\/p>\n<p>Ring oss g\u00e4rna (<a href=\"https:\/\/www.djurskyddet.se\/jamtland\/kontakta-oss\/\">kontaktuppgifter<\/a>) eller bes\u00f6k riksf\u00f6rbundets hemsida <a href=\"http:\/\/www.djurskyddet.se\" target=\"_blank\" rel=\"noopener\">www.djurskyddet.se<\/a> f\u00f6r ytterligare information om v\u00e5r organisation.<\/p>\n","protected":false},"excerpt":{"rendered":"<p>L\u00e5t din omtanke om djuren leva vidare Vi k\u00e4nner stor tacksamhet och \u00f6dmjukhet inf\u00f6r att det finns personer som vill g\u00f6ra v\u00e5r f\u00f6rening till f\u00f6rm\u00e5nstagare i sina testamenten. Tyv\u00e4rr kan vi inte hj\u00e4lpa till med att uppr\u00e4tta sj\u00e4lva testamentet, det b\u00f6r du g\u00f6ra tillsammans med en kunnig person (till exempel en jurist). Om du vill st\u00f6dja oss redan nu s\u00e5 g\u00e5r det att uppr\u00e4tta en st\u00e5ende \u00f6verf\u00f6ring fr\u00e5n bankkonto till&hellip;<\/p>\n<p><a class=\"more-link\" href=\"https:\/\/www.djurskyddet.se\/jamtland\/stod-oss\/testamentera\/\" title=\"Continue reading &lsquo;Testamentera&rsquo;\">L&auml;s mer<span class=\"meta-nav\">&raquo;<\/span><\/a><\/p>\n","protected":false},"author":3,"featured_media":0,"parent":5500,"menu_order":0,"comment_status":"closed","ping_status":"closed","template":"page-templates\/left-sidebar.php","meta":{"_acf_changed":false,"footnotes":""},"class_list":["post-5537","page","type-page","status-publish","hentry"],"acf":[],"_links":{"self":[{"href":"https:\/\/www.djurskyddet.se\/jamtland\/wp-json\/wp\/v2\/pages\/5537","targetHints":{"allow":["GET"]}}],"collection":[{"href":"https:\/\/www.djurskyddet.se\/jamtland\/wp-json\/wp\/v2\/pages"}],"about":[{"href":"https:\/\/www.djurskyddet.se\/jamtland\/wp-json\/wp\/v2\/types\/page"}],"author":[{"embeddable":true,"href":"https:\/\/www.djurskyddet.se\/jamtland\/wp-json\/wp\/v2\/users\/3"}],"replies":[{"embeddable":true,"href":"https:\/\/www.djurskyddet.se\/jamtland\/wp-json\/wp\/v2\/comments?post=5537"}],"version-history":[{"count":15,"href":"https:\/\/www.djurskyddet.se\/jamtland\/wp-json\/wp\/v2\/pages\/5537\/revisions"}],"predecessor-version":[{"id":9465,"href":"https:\/\/www.djurskyddet.se\/jamtland\/wp-json\/wp\/v2\/pages\/5537\/revisions\/9465"}],"up":[{"embeddable":true,"href":"https:\/\/www.djurskyddet.se\/jamtland\/wp-json\/wp\/v2\/pages\/5500"}],"wp:attachment":[{"href":"https:\/\/www.djurskyddet.se\/jamtland\/wp-json\/wp\/v2\/media?parent=5537"}],"curies":[{"name":"wp","href":"https:\/\/api.w.org\/{rel}","templated":true}]}}