{"id":5552,"date":"2018-03-23T11:40:56","date_gmt":"2018-03-23T10:40:56","guid":{"rendered":"http:\/\/www.djurskyddet.se\/jamtland\/?page_id=5552"},"modified":"2019-02-21T10:08:21","modified_gmt":"2019-02-21T09:08:21","slug":"hogtidsgava","status":"publish","type":"page","link":"https:\/\/www.djurskyddet.se\/jamtland\/stod-oss\/ge-en-gava\/hogtidsgava\/","title":{"rendered":"H\u00f6gtidsg\u00e5va"},"content":{"rendered":"<h3>Ge bort en h\u00f6gtidsg\u00e5va<\/h3>\n<p>Det finns m\u00e5nga h\u00f6gtidsdagar att fira. Ibland kan det vara sv\u00e5rt att hitta bra presenter. Vi har ett f\u00f6rslag! Ge bort en g\u00e5va till Djurskyddet J\u00e4mtland som en present till personen du vill uppvakta.<\/p>\n<h3>G\u00f6r s\u00e5 h\u00e4r f\u00f6r att ge bort en g\u00e5va<\/h3>\n<p>Ta kontakt i god tid, senast 1 vecka innan jamtland@djurskyddet.se<\/p>\n<p><strong>Vi beh\u00f6ver f\u00f6ljande uppgifter i god tid:<\/strong><\/p>\n<ul>\n<li>Best\u00e4llarens namn, tel.nr, mail- och postadress.<\/li>\n<li>Namn p\u00e5 person som ska gratuleras.<\/li>\n<li>Namn p\u00e5 person\/personer som gratulationen \u00e4r ifr\u00e5n.<\/li>\n<li>Eventuell h\u00e4lsning. (P\u00e5 h\u00f6gtidsbladet \u00e4r f\u00f6ljande text f\u00f6rtryckt: Djurskyddet J\u00e4mtlands Katthem har tacksamt tagit emot en g\u00e5va f\u00f6r att uppm\u00e4rksamma din h\u00f6gtidsdag).<\/li>\n<li>Adress dit h\u00f6gtidsbladet ska skickas, om annan \u00e4n best\u00e4llaren.<\/li>\n<li>Belopp.<\/li>\n<\/ul>\n<p>G\u00e5vobeloppet betalas i samband med best\u00e4llningen till <strong>bg 449-7459<\/strong> eller <strong>swish 123-441 76 55<\/strong>, Djurskyddet J\u00e4mtlands l\u00e4n. Ange ditt namn och H\u00f6gtidsg\u00e5va i meddelandef\u00e4ltet. Beloppet kommer inte att synas p\u00e5 h\u00f6gtidsbladet.<\/p>\n","protected":false},"excerpt":{"rendered":"<p>Ge bort en h\u00f6gtidsg\u00e5va Det finns m\u00e5nga h\u00f6gtidsdagar att fira. Ibland kan det vara sv\u00e5rt att hitta bra presenter. Vi har ett f\u00f6rslag! Ge bort en g\u00e5va till Djurskyddet J\u00e4mtland som en present till personen du vill uppvakta. G\u00f6r s\u00e5 h\u00e4r f\u00f6r att ge bort en g\u00e5va Ta kontakt i god tid, senast 1 vecka innan jamtland@djurskyddet.se Vi beh\u00f6ver f\u00f6ljande uppgifter i god tid: Best\u00e4llarens namn, tel.nr, mail- och postadress.&hellip;<\/p>\n<p><a class=\"more-link\" href=\"https:\/\/www.djurskyddet.se\/jamtland\/stod-oss\/ge-en-gava\/hogtidsgava\/\" title=\"Continue reading &lsquo;H\u00f6gtidsg\u00e5va&rsquo;\">L&auml;s mer<span class=\"meta-nav\">&raquo;<\/span><\/a><\/p>\n","protected":false},"author":3,"featured_media":0,"parent":5539,"menu_order":0,"comment_status":"closed","ping_status":"closed","template":"page-templates\/left-sidebar.php","meta":{"_acf_changed":false,"footnotes":""},"class_list":["post-5552","page","type-page","status-publish","hentry"],"acf":[],"_links":{"self":[{"href":"https:\/\/www.djurskyddet.se\/jamtland\/wp-json\/wp\/v2\/pages\/5552","targetHints":{"allow":["GET"]}}],"collection":[{"href":"https:\/\/www.djurskyddet.se\/jamtland\/wp-json\/wp\/v2\/pages"}],"about":[{"href":"https:\/\/www.djurskyddet.se\/jamtland\/wp-json\/wp\/v2\/types\/page"}],"author":[{"embeddable":true,"href":"https:\/\/www.djurskyddet.se\/jamtland\/wp-json\/wp\/v2\/users\/3"}],"replies":[{"embeddable":true,"href":"https:\/\/www.djurskyddet.se\/jamtland\/wp-json\/wp\/v2\/comments?post=5552"}],"version-history":[{"count":8,"href":"https:\/\/www.djurskyddet.se\/jamtland\/wp-json\/wp\/v2\/pages\/5552\/revisions"}],"predecessor-version":[{"id":6286,"href":"https:\/\/www.djurskyddet.se\/jamtland\/wp-json\/wp\/v2\/pages\/5552\/revisions\/6286"}],"up":[{"embeddable":true,"href":"https:\/\/www.djurskyddet.se\/jamtland\/wp-json\/wp\/v2\/pages\/5539"}],"wp:attachment":[{"href":"https:\/\/www.djurskyddet.se\/jamtland\/wp-json\/wp\/v2\/media?parent=5552"}],"curies":[{"name":"wp","href":"https:\/\/api.w.org\/{rel}","templated":true}]}}