{"id":5606,"date":"2018-03-26T13:31:37","date_gmt":"2018-03-26T12:31:37","guid":{"rendered":"http:\/\/www.djurskyddet.se\/jamtland\/?page_id=5606"},"modified":"2026-04-30T15:10:18","modified_gmt":"2026-04-30T14:10:18","slug":"kontakta-oss","status":"publish","type":"page","link":"https:\/\/www.djurskyddet.se\/jamtland\/kontakta-oss\/","title":{"rendered":"Kontaktuppgifter"},"content":{"rendered":"\n<p><\/p>\n\n\n<h2>Post- och bes\u00f6ksadress<\/h2>\n<p>Odens\u00e4ngsv\u00e4gen 4<br \/>831 44 \u00d6stersund<br \/><a href=\"https:\/\/www.google.se\/maps\/place\/ODENS\u00c4NGSV\u00c4GEN+4,+831+45+\u00d6stersund\/@63.1671972,14.6519528,17z\/data=!3m1!4b1!4m5!3m4!1s0x466fb84f603acc07:0xf54c20de38fb1b12!8m2!3d63.1671972!4d14.6563302?hl=sv\" target=\"_blank\" rel=\"noopener noreferrer\">Karta<\/a><\/p>\n<p><em>Bes\u00f6k p\u00e5 katthemmet sker endast efter \u00f6verenskommelse, se under rubriken &#8221;Adoptera katt&#8221; f\u00f6r tidsbokning.<strong><br \/><\/strong><\/em><\/p>\n<h2>Djur som far illa<\/h2>\n<p>Om du tror att ett djur far illa, kontakta <strong>l\u00e4nsstyrelsen<\/strong>:<br \/>Djurskyddsnummer: 010-225 30 30 (telefontid tisdag-fredag kl. 09.00\u201311.30)<br \/>E-postadress: <a href=\"https:\/\/www.djurskyddet.se\/jamtland\/tips\/djurskydd.jamtland@lansstyrelsen.se\">djurskydd.jamtland@lansstyrelsen.se<\/a><\/p>\n<p>Vid <strong>akuta<\/strong> djurskydds\u00e4renden kv\u00e4llar, n\u00e4tter och helger, ring <strong>polisen:<\/strong>\u00a0114 14.<\/p>\n<h2>Ang\u00e5ende v\u00e5ra telefontider<\/h2>\n<p>Djurskyddet J\u00e4mtlands l\u00e4n \u00e4r en helt igenom ideell organisation, och vi kan inte garantera att vi alltid svarar under v\u00e5ra telefontider. <strong>Om du har ett br\u00e5dskande \u00e4rende<\/strong>, skicka g\u00e4rna ett SMS med vad det g\u00e4ller samt dina kontaktuppgifter s\u00e5 \u00e5terkommer vi s\u00e5 fort vi har m\u00f6jlighet.<\/p>\n<h2 id=\"kontakt-adoption\">Adoptera katt<\/h2>\n<p><em><span class=\"tojvnm2t a6sixzi8 abs2jz4q a8s20v7p t1p8iaqh k5wvi7nf q3lfd5jv pk4s997a bipmatt0 cebpdrjk qowsmv63 owwhemhu dp1hu0rb dhp61c6y iyyx5f41\">V\u00e4nligen l\u00e4s igenom v\u00e5ra <a href=\"https:\/\/www.djurskyddet.se\/jamtland\/adoption\/pris-och-villkor\/\"><strong>villkor<\/strong><\/a> innan ni anm\u00e4ler intresse eller bokar in en tid f\u00f6r visning.<\/span><\/em><\/p>\n<p><span class=\"tojvnm2t a6sixzi8 abs2jz4q a8s20v7p t1p8iaqh k5wvi7nf q3lfd5jv pk4s997a bipmatt0 cebpdrjk qowsmv63 owwhemhu dp1hu0rb dhp61c6y iyyx5f41\">Telefonnummer: <strong>070-305 30 79<\/strong><br \/>M\u00e5ndag: kl. 17.00-19.00, torsdag: kl. 14.00-16.00<\/span><\/p>\n<p><span class=\"tojvnm2t a6sixzi8 abs2jz4q a8s20v7p t1p8iaqh k5wvi7nf q3lfd5jv pk4s997a bipmatt0 cebpdrjk qowsmv63 owwhemhu dp1hu0rb dhp61c6y iyyx5f41\">Telefonnummer: <strong>073-031 72 43<\/strong><br \/>Fredag: kl. 12.00-17.00 (skicka ett sms om du inte f\u00e5r n\u00e5got svar s\u00e5 ringer vi upp).<\/span><\/p>\n<p><span style=\"font-size: revert;color: initial\">Fyll i en <\/span><a style=\"font-size: revert\" href=\"https:\/\/www.djurskyddet.se\/jamtland\/intresseanmalan-for-adoption-av-katt\/\">intresseanm\u00e4lan<\/a><span style=\"font-size: revert;color: initial\"> om du \u00e4r intresserad att adoptera katt (g\u00e4rna med s\u00e5 mycket information som m\u00f6jligt om dig\/er och vilket slags liv ni har att erbjuda till den katt ni adopterar fr\u00e5n oss), s\u00e5 h\u00f6r vi av oss s\u00e5 snart vi f\u00e5r in n\u00e5gon katt som skulle passa. Vi kan s\u00e4llan hantera anm\u00e4lningar omedelbart, men jobbar p\u00e5 s\u00e5 snabbt vi kan.<\/span><\/p>\n<h2 id=\"kontakt-pensionat\">Pensionat<\/h2>\n<p><span class=\"tojvnm2t a6sixzi8 abs2jz4q a8s20v7p t1p8iaqh k5wvi7nf q3lfd5jv pk4s997a bipmatt0 cebpdrjk qowsmv63 owwhemhu dp1hu0rb dhp61c6y iyyx5f41\">Telefonnummer: <strong>070-584 08 11<\/strong> (Debora)<br \/><strong>OBS! Endast \u00e4renden relaterade till pensionatet, tack!<\/strong><br \/><\/span><span class=\"tojvnm2t a6sixzi8 abs2jz4q a8s20v7p t1p8iaqh k5wvi7nf q3lfd5jv pk4s997a bipmatt0 cebpdrjk qowsmv63 owwhemhu dp1hu0rb dhp61c6y iyyx5f41\">Telefontider: tisdag-s\u00f6ndag<\/span> kl. 17.00-21.00<\/p>\n<h2 id=\"kontakt-volontar\">Vill du bli volont\u00e4r?<\/h2>\n<p>Skicka ett sms till <span class=\"tojvnm2t a6sixzi8 abs2jz4q a8s20v7p t1p8iaqh k5wvi7nf q3lfd5jv pk4s997a bipmatt0 cebpdrjk qowsmv63 owwhemhu dp1hu0rb dhp61c6y iyyx5f41\"><strong>070-584 08 11<\/strong><\/span> s\u00e5 \u00e5terkopplar vi till dig f\u00f6r att boka in ett introduktionspass.<\/p>\n<h2>\u00d6vriga kattfr\u00e5gor\/\u00e4renden\/omplaceringar<\/h2>\n<p><span class=\"tojvnm2t a6sixzi8 abs2jz4q a8s20v7p t1p8iaqh k5wvi7nf q3lfd5jv pk4s997a bipmatt0 cebpdrjk qowsmv63 owwhemhu dp1hu0rb dhp61c6y iyyx5f41\">Telefonnummer: <strong>073-031 72 43<\/strong><br \/><\/span><span class=\"tojvnm2t a6sixzi8 abs2jz4q a8s20v7p t1p8iaqh k5wvi7nf q3lfd5jv pk4s997a bipmatt0 cebpdrjk qowsmv63 owwhemhu dp1hu0rb dhp61c6y iyyx5f41\"><strong>Endast SMS och akuta \u00e4renden<\/strong> (s\u00e5som upphittade katter eller akuta omplaceringar).<\/span><\/p>","protected":false},"excerpt":{"rendered":"<p>Post- och bes\u00f6ksadress Odens\u00e4ngsv\u00e4gen 4831 44 \u00d6stersundKarta Bes\u00f6k p\u00e5 katthemmet sker endast efter \u00f6verenskommelse, se under rubriken &#8221;Adoptera katt&#8221; f\u00f6r tidsbokning. Djur som far illa Om du tror att ett djur far illa, kontakta l\u00e4nsstyrelsen:Djurskyddsnummer: 010-225 30 30 (telefontid tisdag-fredag kl. 09.00\u201311.30)E-postadress: djurskydd.jamtland@lansstyrelsen.se Vid akuta djurskydds\u00e4renden kv\u00e4llar, n\u00e4tter och helger, ring polisen:\u00a0114 14. Ang\u00e5ende v\u00e5ra telefontider Djurskyddet J\u00e4mtlands l\u00e4n \u00e4r en helt igenom ideell organisation, och vi kan inte garantera&hellip;<\/p>\n<p><a class=\"more-link\" href=\"https:\/\/www.djurskyddet.se\/jamtland\/kontakta-oss\/\" title=\"Continue reading &lsquo;Kontaktuppgifter&rsquo;\">L&auml;s mer<span class=\"meta-nav\">&raquo;<\/span><\/a><\/p>\n","protected":false},"author":3,"featured_media":0,"parent":0,"menu_order":9,"comment_status":"closed","ping_status":"closed","template":"page-templates\/left-sidebar.php","meta":{"_acf_changed":false,"footnotes":""},"class_list":["post-5606","page","type-page","status-publish","hentry"],"acf":[],"_links":{"self":[{"href":"https:\/\/www.djurskyddet.se\/jamtland\/wp-json\/wp\/v2\/pages\/5606","targetHints":{"allow":["GET"]}}],"collection":[{"href":"https:\/\/www.djurskyddet.se\/jamtland\/wp-json\/wp\/v2\/pages"}],"about":[{"href":"https:\/\/www.djurskyddet.se\/jamtland\/wp-json\/wp\/v2\/types\/page"}],"author":[{"embeddable":true,"href":"https:\/\/www.djurskyddet.se\/jamtland\/wp-json\/wp\/v2\/users\/3"}],"replies":[{"embeddable":true,"href":"https:\/\/www.djurskyddet.se\/jamtland\/wp-json\/wp\/v2\/comments?post=5606"}],"version-history":[{"count":359,"href":"https:\/\/www.djurskyddet.se\/jamtland\/wp-json\/wp\/v2\/pages\/5606\/revisions"}],"predecessor-version":[{"id":12823,"href":"https:\/\/www.djurskyddet.se\/jamtland\/wp-json\/wp\/v2\/pages\/5606\/revisions\/12823"}],"wp:attachment":[{"href":"https:\/\/www.djurskyddet.se\/jamtland\/wp-json\/wp\/v2\/media?parent=5606"}],"curies":[{"name":"wp","href":"https:\/\/api.w.org\/{rel}","templated":true}]}}