{"id":6244,"date":"2019-02-07T13:42:20","date_gmt":"2019-02-07T12:42:20","guid":{"rendered":"https:\/\/www.djurskyddet.se\/jamtland\/?page_id=6244"},"modified":"2022-08-18T09:49:48","modified_gmt":"2022-08-18T08:49:48","slug":"anmalning","status":"publish","type":"page","link":"https:\/\/www.djurskyddet.se\/jamtland\/tips\/anmalning\/","title":{"rendered":"Anm\u00e4l brott mot djur"},"content":{"rendered":"<p><strong>Om du ser eller tror att ett djur far illa ska du g\u00f6ra en anm\u00e4lan till djurskyddshandl\u00e4ggaren hos din l\u00e4nsstyrelse.<\/strong><\/p>\n<p>Du kan ocks\u00e5 g\u00f6ra en anm\u00e4lan till Polisen som vidarebefordrar anm\u00e4lan till L\u00e4nsstyrelsen om de inte sj\u00e4lva har m\u00f6jlighet att handl\u00e4gga \u00e4rendet.<\/p>\n<p>Man kan ocks\u00e5 kontakta oss f\u00f6r st\u00f6d och r\u00e5d men vi m\u00e5ste d\u00e4refter h\u00e4nvisa vidare till l\u00e4nsstyrelsen eller polisen.<\/p>\n<p>Observera att den ideella f\u00f6reningen Djurskyddet&nbsp;inte \u00e4r en myndighet och d\u00e4rf\u00f6r inte har befogenhet att g\u00e5 in i enskilda \u00e4renden.<\/p>\n<h3>Anonym anm\u00e4lan<\/h3>\n<p>En anm\u00e4lan kan g\u00f6ras anonymt. L\u00e4nsstyrelsen har skyldighet att utreda anonyma anm\u00e4lningar till skillnad fr\u00e5n Polisen. Nackdelen med en anonym anm\u00e4lan \u00e4r att det kan vara sv\u00e5rt f\u00f6r den som utreder \u00e4rendet att g\u00e5 vidare. Det \u00e4r ibland n\u00f6dv\u00e4ndigt att n\u00e5gon kan vittna om vad de har sett och upplevt samt att det finns dokumentation om h\u00e4ndelsef\u00f6rlopp, tidsangivelser med mera.<\/p>\n<p>L\u00e4s mer p\u00e5 <a href=\"http:\/\/www.djurskyddet.nu\/\">www.djurskyddet.se<\/a> eller <a href=\"mailto:djurskydd.jamtland@lansstyrelsen.se\">djurskydd.jamtland@lansstyrelsen.se<\/a><\/p>\n","protected":false},"excerpt":{"rendered":"<p>Om du ser eller tror att ett djur far illa ska du g\u00f6ra en anm\u00e4lan till djurskyddshandl\u00e4ggaren hos din l\u00e4nsstyrelse. Du kan ocks\u00e5 g\u00f6ra en anm\u00e4lan till Polisen som vidarebefordrar anm\u00e4lan till L\u00e4nsstyrelsen om de inte sj\u00e4lva har m\u00f6jlighet att handl\u00e4gga \u00e4rendet. Man kan ocks\u00e5 kontakta oss f\u00f6r st\u00f6d och r\u00e5d men vi m\u00e5ste d\u00e4refter h\u00e4nvisa vidare till l\u00e4nsstyrelsen eller polisen. Observera att den ideella f\u00f6reningen Djurskyddet&nbsp;inte \u00e4r en myndighet&hellip;<\/p>\n<p><a class=\"more-link\" href=\"https:\/\/www.djurskyddet.se\/jamtland\/tips\/anmalning\/\" title=\"Continue reading &lsquo;Anm\u00e4l brott mot djur&rsquo;\">L&auml;s mer<span class=\"meta-nav\">&raquo;<\/span><\/a><\/p>\n","protected":false},"author":3,"featured_media":0,"parent":5506,"menu_order":0,"comment_status":"closed","ping_status":"closed","template":"page-templates\/left-sidebar.php","meta":{"_acf_changed":false,"footnotes":""},"class_list":["post-6244","page","type-page","status-publish","hentry"],"acf":[],"_links":{"self":[{"href":"https:\/\/www.djurskyddet.se\/jamtland\/wp-json\/wp\/v2\/pages\/6244","targetHints":{"allow":["GET"]}}],"collection":[{"href":"https:\/\/www.djurskyddet.se\/jamtland\/wp-json\/wp\/v2\/pages"}],"about":[{"href":"https:\/\/www.djurskyddet.se\/jamtland\/wp-json\/wp\/v2\/types\/page"}],"author":[{"embeddable":true,"href":"https:\/\/www.djurskyddet.se\/jamtland\/wp-json\/wp\/v2\/users\/3"}],"replies":[{"embeddable":true,"href":"https:\/\/www.djurskyddet.se\/jamtland\/wp-json\/wp\/v2\/comments?post=6244"}],"version-history":[{"count":7,"href":"https:\/\/www.djurskyddet.se\/jamtland\/wp-json\/wp\/v2\/pages\/6244\/revisions"}],"predecessor-version":[{"id":9947,"href":"https:\/\/www.djurskyddet.se\/jamtland\/wp-json\/wp\/v2\/pages\/6244\/revisions\/9947"}],"up":[{"embeddable":true,"href":"https:\/\/www.djurskyddet.se\/jamtland\/wp-json\/wp\/v2\/pages\/5506"}],"wp:attachment":[{"href":"https:\/\/www.djurskyddet.se\/jamtland\/wp-json\/wp\/v2\/media?parent=6244"}],"curies":[{"name":"wp","href":"https:\/\/api.w.org\/{rel}","templated":true}]}}