{"id":5624,"date":"2019-09-26T11:51:37","date_gmt":"2019-09-26T11:51:37","guid":{"rendered":"https:\/\/www.djurskyddet.se\/kalmar\/?page_id=5624"},"modified":"2020-09-15T11:06:38","modified_gmt":"2020-09-15T11:06:38","slug":"vara-oppetider","status":"publish","type":"page","link":"https:\/\/www.djurskyddet.se\/kalmardjurhem\/vara-oppetider\/","title":{"rendered":"V\u00e5ra \u00f6ppetider"},"content":{"rendered":"\n<p><strong>OBS! Vi tar endast emot f\u00f6rbokade bes\u00f6k som bokas via mail eller telefon:<\/strong><br><strong>0480 \u2013 41 11 00<br><\/strong><a href=\"mailto:djurhemmetskalby@hotmail.com\">djurhemmetskalby@hotmail.com<\/a><\/p>\n\n\n\n<p><strong><em>V\u00e5ra \u00f6ppetider<\/em><\/strong><em><br>\u00a0m\u00e5ndag-fredag\u00a0 tar vi emot\u00a0f\u00f6rbokade bes\u00f6k<br> kl 9.00-15.00<br> Helger och r\u00f6da dagar ST\u00c4NGT<br><br> <strong>Vi tar inte emot oanm\u00e4lda bes\u00f6k boka tid p\u00e5 telefon eller mail<\/strong><\/em><strong><em> <\/em><\/strong><br><em><br><\/em><br><br><\/p>\n","protected":false},"excerpt":{"rendered":"<p>OBS! Vi tar endast emot f\u00f6rbokade bes\u00f6k som bokas via mail eller telefon:0480 \u2013 41 11 00djurhemmetskalby@hotmail.com V\u00e5ra \u00f6ppetider\u00a0m\u00e5ndag-fredag\u00a0 tar vi emot\u00a0f\u00f6rbokade bes\u00f6k kl 9.00-15.00 Helger och r\u00f6da dagar ST\u00c4NGT Vi tar inte emot oanm\u00e4lda bes\u00f6k boka tid p\u00e5 telefon eller mail<\/p>\n","protected":false},"author":30,"featured_media":0,"parent":0,"menu_order":0,"comment_status":"closed","ping_status":"closed","template":"","meta":{"_acf_changed":false,"footnotes":""},"class_list":["post-5624","page","type-page","status-publish","hentry"],"acf":[],"_links":{"self":[{"href":"https:\/\/www.djurskyddet.se\/kalmardjurhem\/wp-json\/wp\/v2\/pages\/5624","targetHints":{"allow":["GET"]}}],"collection":[{"href":"https:\/\/www.djurskyddet.se\/kalmardjurhem\/wp-json\/wp\/v2\/pages"}],"about":[{"href":"https:\/\/www.djurskyddet.se\/kalmardjurhem\/wp-json\/wp\/v2\/types\/page"}],"author":[{"embeddable":true,"href":"https:\/\/www.djurskyddet.se\/kalmardjurhem\/wp-json\/wp\/v2\/users\/30"}],"replies":[{"embeddable":true,"href":"https:\/\/www.djurskyddet.se\/kalmardjurhem\/wp-json\/wp\/v2\/comments?post=5624"}],"version-history":[{"count":5,"href":"https:\/\/www.djurskyddet.se\/kalmardjurhem\/wp-json\/wp\/v2\/pages\/5624\/revisions"}],"predecessor-version":[{"id":6348,"href":"https:\/\/www.djurskyddet.se\/kalmardjurhem\/wp-json\/wp\/v2\/pages\/5624\/revisions\/6348"}],"wp:attachment":[{"href":"https:\/\/www.djurskyddet.se\/kalmardjurhem\/wp-json\/wp\/v2\/media?parent=5624"}],"curies":[{"name":"wp","href":"https:\/\/api.w.org\/{rel}","templated":true}]}}