{"id":5651,"date":"2019-09-30T13:11:08","date_gmt":"2019-09-30T13:11:08","guid":{"rendered":"https:\/\/www.djurskyddet.se\/kalmardjurhem\/?page_id=5651"},"modified":"2020-09-09T12:12:25","modified_gmt":"2020-09-09T12:12:25","slug":"volontar","status":"publish","type":"page","link":"https:\/\/www.djurskyddet.se\/kalmardjurhem\/volontar\/","title":{"rendered":"Volont\u00e4r"},"content":{"rendered":"\n<p>Volont\u00e4r arbete !<br>Som medlem \u00e4r du v\u00e4lkommen att vara med i v\u00e5r volont\u00e4rgrupp om du \u00e4r \u00f6ver 18 \u00e5r. Detta inneb\u00e4r att man jobbar ideellt ungef\u00e4r var sj\u00e4tte\/sjunde l\u00f6rdag eller s\u00f6ndag och r\u00f6da dagar som intr\u00e4ffar i veckorna mellan kl 9.00-16.00 Man jobbar alltid tv\u00e5 och tv\u00e5.<br><br>Som volont\u00e4r ser du till att katterna f\u00e5 mat &amp; vatten och sina mediciner, man reng\u00f6r kattl\u00e5dor, och har en vis st\u00e4dning att utf\u00f6ra, men inte i den utstr\u00e4ckning som ordinarie personal g\u00f6r, resten av tiden \u00e4r till f\u00f6r att leka och gosa med v\u00e5ra fyrbenta v\u00e4nner.<\/p>\n\n\n\n<p>Vi har ett rullande schema som \u00e4r lagt med 4 m\u00e5nader i taget, det \u00e4r v\u00e4ldigt viktigt att man anm\u00e4ler vilka helger och r\u00f6da dagar som man inte kan jobba, t.e.x om du jobbar varannan helg, s\u00e5 Katarina som s\u00e4tter ihop schemat f\u00e5 det r\u00e4tt fr\u00e5n b\u00f6rjan.<br><br>Vi \u00e4r alltid i behov av fler volont\u00e4rer, s\u00e5 h\u00f6r g\u00e4rna av er om ni \u00e4r intresserade eller bara vill fr\u00e5ga om n\u00e5got\u00a0<br> <br>H\u00f6r av dig till<br>Camilla Henningsson <br>djurhemmetskalby@hotmail.com\u00a0<\/p>\n\n\n\n<figure class=\"wp-block-image\"><img loading=\"lazy\" decoding=\"async\" width=\"501\" height=\"446\" src=\"https:\/\/www.djurskyddet.se\/kalmardjurhem\/wp-content\/uploads\/sites\/33\/2019\/10\/tv\u00e5-sm\u00e5-unfar-rusta.jpg\" alt=\"\" class=\"wp-image-5708\" srcset=\"https:\/\/www.djurskyddet.se\/kalmardjurhem\/wp-content\/uploads\/sites\/33\/2019\/10\/tv\u00e5-sm\u00e5-unfar-rusta.jpg 501w, https:\/\/www.djurskyddet.se\/kalmardjurhem\/wp-content\/uploads\/sites\/33\/2019\/10\/tv\u00e5-sm\u00e5-unfar-rusta-300x267.jpg 300w, https:\/\/www.djurskyddet.se\/kalmardjurhem\/wp-content\/uploads\/sites\/33\/2019\/10\/tv\u00e5-sm\u00e5-unfar-rusta-400x356.jpg 400w\" sizes=\"auto, (max-width: 501px) 100vw, 501px\" \/><\/figure>\n","protected":false},"excerpt":{"rendered":"<p>Volont\u00e4r arbete !Som medlem \u00e4r du v\u00e4lkommen att vara med i v\u00e5r volont\u00e4rgrupp om du \u00e4r \u00f6ver 18 \u00e5r. Detta inneb\u00e4r att man jobbar ideellt ungef\u00e4r var sj\u00e4tte\/sjunde l\u00f6rdag eller s\u00f6ndag och r\u00f6da dagar som intr\u00e4ffar i veckorna mellan kl 9.00-16.00 Man jobbar alltid tv\u00e5 och tv\u00e5. Som volont\u00e4r ser du till att katterna f\u00e5 mat &amp; vatten och sina mediciner, man reng\u00f6r kattl\u00e5dor, och har en vis st\u00e4dning att&hellip;<\/p>\n<p><a class=\"more-link\" href=\"https:\/\/www.djurskyddet.se\/kalmardjurhem\/volontar\/\" title=\"Continue reading &lsquo;Volont\u00e4r&rsquo;\">L&auml;s mer<span class=\"meta-nav\">&raquo;<\/span><\/a><\/p>\n","protected":false},"author":29,"featured_media":0,"parent":0,"menu_order":0,"comment_status":"closed","ping_status":"closed","template":"","meta":{"_acf_changed":false,"footnotes":""},"class_list":["post-5651","page","type-page","status-publish","hentry"],"acf":[],"_links":{"self":[{"href":"https:\/\/www.djurskyddet.se\/kalmardjurhem\/wp-json\/wp\/v2\/pages\/5651","targetHints":{"allow":["GET"]}}],"collection":[{"href":"https:\/\/www.djurskyddet.se\/kalmardjurhem\/wp-json\/wp\/v2\/pages"}],"about":[{"href":"https:\/\/www.djurskyddet.se\/kalmardjurhem\/wp-json\/wp\/v2\/types\/page"}],"author":[{"embeddable":true,"href":"https:\/\/www.djurskyddet.se\/kalmardjurhem\/wp-json\/wp\/v2\/users\/29"}],"replies":[{"embeddable":true,"href":"https:\/\/www.djurskyddet.se\/kalmardjurhem\/wp-json\/wp\/v2\/comments?post=5651"}],"version-history":[{"count":4,"href":"https:\/\/www.djurskyddet.se\/kalmardjurhem\/wp-json\/wp\/v2\/pages\/5651\/revisions"}],"predecessor-version":[{"id":6345,"href":"https:\/\/www.djurskyddet.se\/kalmardjurhem\/wp-json\/wp\/v2\/pages\/5651\/revisions\/6345"}],"wp:attachment":[{"href":"https:\/\/www.djurskyddet.se\/kalmardjurhem\/wp-json\/wp\/v2\/media?parent=5651"}],"curies":[{"name":"wp","href":"https:\/\/api.w.org\/{rel}","templated":true}]}}