{"id":5654,"date":"2019-09-30T13:11:20","date_gmt":"2019-09-30T13:11:20","guid":{"rendered":"https:\/\/www.djurskyddet.se\/kalmardjurhem\/?page_id=5654"},"modified":"2019-10-25T10:58:03","modified_gmt":"2019-10-25T10:58:03","slug":"akut","status":"publish","type":"page","link":"https:\/\/www.djurskyddet.se\/kalmardjurhem\/akut\/","title":{"rendered":"Akut"},"content":{"rendered":"\n<p><strong>N\u00e4r det \u00e4r helg eller efter v\u00e5ra &amp; myndigheters \u00f6ppettider<\/strong><br> Hittas en katt ute vardagar &amp; helger och \u00e4r ett <strong>friskt djur!!<\/strong><br> Bra hull<br> Social<br> Bara varit d\u00e4r n\u00e5gra dagar<br><br>\u00a0D\u00e5 \u00e4r det ganska troligt att katten h\u00f6r hemma n\u00e5gonstans i omr\u00e5det. I nu l\u00e4get f\u00e5r katten vara och\u00a0har m\u00f6jlighet att\u00a0g\u00e5 hem.\u00a0Viktigt att du\u00a0h\u00f6r med grannar, s\u00e4tter upp lappar i omr\u00e5det och aff\u00e4ren. Efterlys\u00a0\u00e4garen p\u00e5 fb. Kolla om n\u00e5gon saknar den p\u00e5 blocket m.m. Vi\u00a0kan l\u00e4gga ut en annons p\u00e5 v\u00e5r hemsida under upphittade katter d\u00e5 beh\u00f6ver vi veta f\u00f6ljande  Maila till <a href=\"mailto:djurhemmetskalby@hotmail.com\">djurhemmetskalby@hotmail.com<\/a><br> Vart den \u00e4r upphittad.<br> Hur l\u00e4nge har den varit d\u00e4r.<br> F\u00e4rg, k\u00f6n, id-m\u00e4rkt ?<br> En bra bild p\u00e5 katten<br> Kontakt uppgifter p\u00e5 upphittaren s\u00e5 som namn, mail, telnr.<br> <br> Skulle katten vara id-m\u00e4rkt kan vi p\u00e5 djurhemmet hj\u00e4lpa till att tyda id-m\u00e4rkningen. \u00c4ven om vi bara f\u00e5 n\u00e5got nr ur \u00f6rat s\u00e5 brukar vi kunna l\u00f6sa det. Djurhemmet och djursjukhusen, polisen har chip avl\u00e4sare. Man f\u00e5r ta kontakt med oss p\u00e5 vardagar i annat fall h\u00f6ra med djursjukhusen.\u00a0 Kolla v\u00e5r hemsida under bortsprungna katter.<br> <br> \u00c4r katten fortfarande\u00a0kvar efter 1-2 veckor ta kontakt med<br> <\/p>\n\n\n\n<p><strong>N\u00e4r det \u00e4r helg eller efter v\u00e5ra &amp; myndigheters \u00f6ppettider<\/strong><br> Hittas en katt ute vardagar &amp; helger som \u00e4r <strong>sjukt eller illa skadat !!<\/strong><br>P\u00e5k\u00f6rd<br>Extremt mager<br>Yr, snurrig och medtagen<br>Rej\u00e4la s\u00e5rskador el bitskador<br><br> Ska man ringa 114 14 och beg\u00e4r att f\u00e5 komma till PKC<br> \u00a0VIKTIGT! att man bara ringer om det \u00e4r en katt i akut n\u00f6d.<br><br>Det \u00e4r f\u00e5 g\u00e5nger Polisen har m\u00f6jlighet att \u00e5ka ut f\u00f6r de kan tyv\u00e4rr inte\u00a0prioritera djur f\u00f6re m\u00e4nniskor. Om upphittaren sj\u00e4lv s\u00e4ger att de kan k\u00f6ra katten till djursjukhuset brukar de kunna skriva ett \u00e4rende nummer s\u00e5 det finns till m\u00e5ndagen d\u00e5 r\u00e4tt handl\u00e4ggare jobbar.<br><br><strong>INFORMATION OM SKADAT VILT ELLER P\u00c5K\u00d6RDA\/D\u00d6DA DJUR<\/strong><br> Kalmar kommun har skyddsjakten i centrala Kalmar T.ex. om skadat sm\u00e5 vilt hittas i centrala Kalmar dagtid ring v\u00e5r kontaktperson Ekolog TOMAS BUR\u00c9N 0480-45 03 42<br> Sm\u00e5 vilt \u00e4r f\u00e5gel, kanin, hare<br><br> Kv\u00e4llstid\/helg ring Polisen som kontakta r\u00e4tt ekolog och skyddsj\u00e4gare.<br><br>K\u00f6r n\u00e5gon p\u00e5 ett st\u00f6rre djur \u00e4lg, r\u00e5djur, vildsvin har man anm\u00e4lningsplikt till polisen alla dagar om \u00e5ret. Polisen tar kontakt med j\u00e4gare f\u00f6r det omr\u00e5det olyckan har h\u00e4nt.<br><br>Trafikverket har ansvar f\u00f6r motorv\u00e4gar och v\u00e4gar utanf\u00f6r Kalmars centrala k\u00e4rna n\u00e4r det g\u00e4ller p\u00e5k\u00f6rda d\u00f6da djur ring 0771-921921 v\u00e4xeln \u00e4r \u00f6ppen dygnet runt antingen kopplar de dig eller s\u00f6ker ansvarigt distrikt f\u00f6r just den v\u00e4gen det handlar om.<br><br> OBS ! V\u00e4gverket har inte n\u00e5gon j\u00e4gare anst\u00e4lld om det skulle bli p\u00e5k\u00f6rt skadat vilt, d\u00e5 \u00e4r det polisen man f\u00e5r ringa till dygnet runt som har lista p\u00e5 vilka viltv\u00e5rdare man ska ringa till.<br><br> .<br><br><br><br><br><br><br><br><br><\/p>\n\n\n\n<p><br> <br> &nbsp;<br> <br> &nbsp;&nbsp;&nbsp;&nbsp;&nbsp;&nbsp;&nbsp;&nbsp;<br> &nbsp;<br> <br> <br> C<\/p>\n","protected":false},"excerpt":{"rendered":"<p>N\u00e4r det \u00e4r helg eller efter v\u00e5ra &amp; myndigheters \u00f6ppettider Hittas en katt ute vardagar &amp; helger och \u00e4r ett friskt djur!! Bra hull Social Bara varit d\u00e4r n\u00e5gra dagar \u00a0D\u00e5 \u00e4r det ganska troligt att katten h\u00f6r hemma n\u00e5gonstans i omr\u00e5det. I nu l\u00e4get f\u00e5r katten vara och\u00a0har m\u00f6jlighet att\u00a0g\u00e5 hem.\u00a0Viktigt att du\u00a0h\u00f6r med grannar, s\u00e4tter upp lappar i omr\u00e5det och aff\u00e4ren. Efterlys\u00a0\u00e4garen p\u00e5 fb. Kolla om n\u00e5gon saknar&hellip;<\/p>\n<p><a class=\"more-link\" href=\"https:\/\/www.djurskyddet.se\/kalmardjurhem\/akut\/\" title=\"Continue reading &lsquo;Akut&rsquo;\">L&auml;s mer<span class=\"meta-nav\">&raquo;<\/span><\/a><\/p>\n","protected":false},"author":29,"featured_media":0,"parent":0,"menu_order":0,"comment_status":"closed","ping_status":"closed","template":"","meta":{"_acf_changed":false,"footnotes":""},"class_list":["post-5654","page","type-page","status-publish","hentry"],"acf":[],"_links":{"self":[{"href":"https:\/\/www.djurskyddet.se\/kalmardjurhem\/wp-json\/wp\/v2\/pages\/5654","targetHints":{"allow":["GET"]}}],"collection":[{"href":"https:\/\/www.djurskyddet.se\/kalmardjurhem\/wp-json\/wp\/v2\/pages"}],"about":[{"href":"https:\/\/www.djurskyddet.se\/kalmardjurhem\/wp-json\/wp\/v2\/types\/page"}],"author":[{"embeddable":true,"href":"https:\/\/www.djurskyddet.se\/kalmardjurhem\/wp-json\/wp\/v2\/users\/29"}],"replies":[{"embeddable":true,"href":"https:\/\/www.djurskyddet.se\/kalmardjurhem\/wp-json\/wp\/v2\/comments?post=5654"}],"version-history":[{"count":3,"href":"https:\/\/www.djurskyddet.se\/kalmardjurhem\/wp-json\/wp\/v2\/pages\/5654\/revisions"}],"predecessor-version":[{"id":6009,"href":"https:\/\/www.djurskyddet.se\/kalmardjurhem\/wp-json\/wp\/v2\/pages\/5654\/revisions\/6009"}],"wp:attachment":[{"href":"https:\/\/www.djurskyddet.se\/kalmardjurhem\/wp-json\/wp\/v2\/media?parent=5654"}],"curies":[{"name":"wp","href":"https:\/\/api.w.org\/{rel}","templated":true}]}}