{"id":5660,"date":"2019-09-30T13:12:02","date_gmt":"2019-09-30T13:12:02","guid":{"rendered":"https:\/\/www.djurskyddet.se\/kalmardjurhem\/?page_id=5660"},"modified":"2019-10-31T12:42:34","modified_gmt":"2019-10-31T12:42:34","slug":"bortsprungna","status":"publish","type":"page","link":"https:\/\/www.djurskyddet.se\/kalmardjurhem\/bortsprungna\/","title":{"rendered":"Bortsprungna katter"},"content":{"rendered":"\n<p>H\u00e4r kan ni se katter som f\u00f6rsvunnit ifr\u00e5n sina hem, har din katt f\u00f6rsvunnit kan du maila en bra bild, text och dina kontaktuppgifter till djurhemmetskalby@hotmail.com s\u00e5 l\u00e4gger vi upp en annons.<\/p>\n\n\n\n<ul class=\"wp-block-gallery columns-3 is-cropped wp-block-gallery-1 is-layout-flex wp-block-gallery-is-layout-flex\"><li class=\"blocks-gallery-item\"><figure><img loading=\"lazy\" decoding=\"async\" width=\"478\" height=\"640\" src=\"https:\/\/www.djurskyddet.se\/kalmardjurhem\/wp-content\/uploads\/sites\/33\/2019\/10\/bortsp1.jpg\" alt=\"\" data-id=\"5773\" data-link=\"https:\/\/www.djurskyddet.se\/kalmardjurhem\/bortsprungna\/attachment\/bortsp1\/\" class=\"wp-image-5773\" srcset=\"https:\/\/www.djurskyddet.se\/kalmardjurhem\/wp-content\/uploads\/sites\/33\/2019\/10\/bortsp1.jpg 478w, https:\/\/www.djurskyddet.se\/kalmardjurhem\/wp-content\/uploads\/sites\/33\/2019\/10\/bortsp1-224x300.jpg 224w, https:\/\/www.djurskyddet.se\/kalmardjurhem\/wp-content\/uploads\/sites\/33\/2019\/10\/bortsp1-400x536.jpg 400w\" sizes=\"auto, (max-width: 478px) 100vw, 478px\" \/><figcaption>F\u00f6rsvann 7\/8-19<br>Katten Max f\u00f6rsvann fr\u00e5n Kylinge (smedby). Han \u00e4r 5 \u00e5r. Han \u00e4r idm\u00e4rkt v\u00e4 \u00f6raT896D.<br>Ring 0703937002 eller maila <br>christina.elmjonsson@telia.com<br><\/figcaption><\/figure><\/li><li class=\"blocks-gallery-item\"><figure><img loading=\"lazy\" decoding=\"async\" width=\"512\" height=\"316\" src=\"https:\/\/www.djurskyddet.se\/kalmardjurhem\/wp-content\/uploads\/sites\/33\/2019\/10\/borts-katt-2.jpg\" alt=\"\" data-id=\"5774\" data-link=\"https:\/\/www.djurskyddet.se\/kalmardjurhem\/bortsprungna\/attachment\/borts-katt-2\/\" class=\"wp-image-5774\" srcset=\"https:\/\/www.djurskyddet.se\/kalmardjurhem\/wp-content\/uploads\/sites\/33\/2019\/10\/borts-katt-2.jpg 512w, https:\/\/www.djurskyddet.se\/kalmardjurhem\/wp-content\/uploads\/sites\/33\/2019\/10\/borts-katt-2-300x185.jpg 300w, https:\/\/www.djurskyddet.se\/kalmardjurhem\/wp-content\/uploads\/sites\/33\/2019\/10\/borts-katt-2-400x247.jpg 400w\" sizes=\"auto, (max-width: 512px) 100vw, 512px\" \/><figcaption>F\u00f6rsvann 26\/3-19<br>Har n\u00e5gon set Tirion, han f\u00f6rsvann fr\u00e5n Gullabo\/Kyrkebo. Han \u00e4r idm\u00e4rkt 5070T. Han \u00e4r svart med vita tassar &amp; mage &amp; l\u00e5ngh\u00e5rig. Ring till Angelika Tapper 0723115350 eller maila angelikatapper08@gmail.com<\/figcaption><\/figure><\/li><li class=\"blocks-gallery-item\"><figure><img loading=\"lazy\" decoding=\"async\" width=\"768\" height=\"1024\" src=\"https:\/\/www.djurskyddet.se\/kalmardjurhem\/wp-content\/uploads\/sites\/33\/2019\/10\/katt-5-bort-768x1024.jpg\" alt=\"\" data-id=\"5776\" data-link=\"https:\/\/www.djurskyddet.se\/kalmardjurhem\/bortsprungna\/attachment\/katt-5-bort\/\" class=\"wp-image-5776\" srcset=\"https:\/\/www.djurskyddet.se\/kalmardjurhem\/wp-content\/uploads\/sites\/33\/2019\/10\/katt-5-bort.jpg 768w, https:\/\/www.djurskyddet.se\/kalmardjurhem\/wp-content\/uploads\/sites\/33\/2019\/10\/katt-5-bort-225x300.jpg 225w, https:\/\/www.djurskyddet.se\/kalmardjurhem\/wp-content\/uploads\/sites\/33\/2019\/10\/katt-5-bort-400x533.jpg 400w\" sizes=\"auto, (max-width: 768px) 100vw, 768px\" \/><figcaption>F\u00f6rsvann 12\/7-18<br>Tjorven \u00e4r f\u00f6rsvunnen fr\u00e5n M\u00f6nster\u00e5s. Hon \u00e4 ren chinchillaperser\/ragdoll. Har ni set henne ring till Maria 0761022882<\/figcaption><\/figure><\/li><li class=\"blocks-gallery-item\"><figure><img loading=\"lazy\" decoding=\"async\" width=\"576\" height=\"1024\" src=\"https:\/\/www.djurskyddet.se\/kalmardjurhem\/wp-content\/uploads\/sites\/33\/2019\/10\/katt-6-bort-576x1024.png\" alt=\"\" data-id=\"5778\" data-link=\"https:\/\/www.djurskyddet.se\/kalmardjurhem\/bortsprungna\/attachment\/katt-6-bort\/\" class=\"wp-image-5778\" srcset=\"https:\/\/www.djurskyddet.se\/kalmardjurhem\/wp-content\/uploads\/sites\/33\/2019\/10\/katt-6-bort.png 576w, https:\/\/www.djurskyddet.se\/kalmardjurhem\/wp-content\/uploads\/sites\/33\/2019\/10\/katt-6-bort-169x300.png 169w, https:\/\/www.djurskyddet.se\/kalmardjurhem\/wp-content\/uploads\/sites\/33\/2019\/10\/katt-6-bort-400x711.png 400w\" sizes=\"auto, (max-width: 576px) 100vw, 576px\" \/><figcaption>F\u00f6rsvann 16\/5-18<br>Simba f\u00f6rsvann fr\u00e5n vaktarev\u00e4gen i M\u00f6nster\u00e5s. Han har ett halsband p\u00e5 sig &amp; ett \u00e4rr p\u00e5 h\u00f6ger framtass. H\u00f6r av er p\u00e5 0728870792 eller maila kenankamenjas@gmail.com <\/figcaption><\/figure><\/li><li class=\"blocks-gallery-item\"><figure><img loading=\"lazy\" decoding=\"async\" width=\"360\" height=\"640\" src=\"https:\/\/www.djurskyddet.se\/kalmardjurhem\/wp-content\/uploads\/sites\/33\/2019\/10\/katt-7-bort.png\" alt=\"\" data-id=\"5780\" data-link=\"https:\/\/www.djurskyddet.se\/kalmardjurhem\/bortsprungna\/attachment\/katt-7-bort-2\/\" class=\"wp-image-5780\" srcset=\"https:\/\/www.djurskyddet.se\/kalmardjurhem\/wp-content\/uploads\/sites\/33\/2019\/10\/katt-7-bort.png 360w, https:\/\/www.djurskyddet.se\/kalmardjurhem\/wp-content\/uploads\/sites\/33\/2019\/10\/katt-7-bort-169x300.png 169w\" sizes=\"auto, (max-width: 360px) 100vw, 360px\" \/><figcaption>F\u00f6rsvann 29\/3-18<br>Har n\u00e5gon set v\u00e5r k\u00e4ra Jason? Han f\u00f6rsvann ifr\u00e5n Hovstigen i Lindsdal. Han \u00e4r idm\u00e4rkt. Vi tar tacksamt emot alla tips<br>Sofie 0705291454<br><\/figcaption><\/figure><\/li><li class=\"blocks-gallery-item\"><figure><img loading=\"lazy\" decoding=\"async\" width=\"724\" height=\"485\" src=\"https:\/\/www.djurskyddet.se\/kalmardjurhem\/wp-content\/uploads\/sites\/33\/2019\/10\/katt-8-bort.jpg\" alt=\"\" data-id=\"5781\" data-link=\"https:\/\/www.djurskyddet.se\/kalmardjurhem\/bortsprungna\/attachment\/katt-8-bort\/\" class=\"wp-image-5781\" srcset=\"https:\/\/www.djurskyddet.se\/kalmardjurhem\/wp-content\/uploads\/sites\/33\/2019\/10\/katt-8-bort.jpg 724w, https:\/\/www.djurskyddet.se\/kalmardjurhem\/wp-content\/uploads\/sites\/33\/2019\/10\/katt-8-bort-300x201.jpg 300w, https:\/\/www.djurskyddet.se\/kalmardjurhem\/wp-content\/uploads\/sites\/33\/2019\/10\/katt-8-bort-400x268.jpg 400w\" sizes=\"auto, (max-width: 724px) 100vw, 724px\" \/><figcaption>F\u00f6rsvann 24\/12-16<br>Har n\u00e5gon set Sune, f\u00f6rsvann fr\u00e5n Centrala Nybro p\u00e5 julaftonskv\u00e4ll. Maila Dan_sivertsson@hotmail.com eller ring 0709188333<\/figcaption><\/figure><\/li><\/ul>\n\n\n\n<p><\/p>\n","protected":false},"excerpt":{"rendered":"<p>H\u00e4r kan ni se katter som f\u00f6rsvunnit ifr\u00e5n sina hem, har din katt f\u00f6rsvunnit kan du maila en bra bild, text och dina kontaktuppgifter till djurhemmetskalby@hotmail.com s\u00e5 l\u00e4gger vi upp en annons.<\/p>\n","protected":false},"author":29,"featured_media":0,"parent":0,"menu_order":0,"comment_status":"closed","ping_status":"closed","template":"","meta":{"_acf_changed":false,"footnotes":""},"class_list":["post-5660","page","type-page","status-publish","hentry"],"acf":[],"_links":{"self":[{"href":"https:\/\/www.djurskyddet.se\/kalmardjurhem\/wp-json\/wp\/v2\/pages\/5660","targetHints":{"allow":["GET"]}}],"collection":[{"href":"https:\/\/www.djurskyddet.se\/kalmardjurhem\/wp-json\/wp\/v2\/pages"}],"about":[{"href":"https:\/\/www.djurskyddet.se\/kalmardjurhem\/wp-json\/wp\/v2\/types\/page"}],"author":[{"embeddable":true,"href":"https:\/\/www.djurskyddet.se\/kalmardjurhem\/wp-json\/wp\/v2\/users\/29"}],"replies":[{"embeddable":true,"href":"https:\/\/www.djurskyddet.se\/kalmardjurhem\/wp-json\/wp\/v2\/comments?post=5660"}],"version-history":[{"count":5,"href":"https:\/\/www.djurskyddet.se\/kalmardjurhem\/wp-json\/wp\/v2\/pages\/5660\/revisions"}],"predecessor-version":[{"id":6156,"href":"https:\/\/www.djurskyddet.se\/kalmardjurhem\/wp-json\/wp\/v2\/pages\/5660\/revisions\/6156"}],"wp:attachment":[{"href":"https:\/\/www.djurskyddet.se\/kalmardjurhem\/wp-json\/wp\/v2\/media?parent=5660"}],"curies":[{"name":"wp","href":"https:\/\/api.w.org\/{rel}","templated":true}]}}

<p>Här kan ni se katter som försvunnit ifrån sina hem, har din katt försvunnit kan du maila en bra bild, text och dina kontaktuppgifter till djurhemmetskalby@hotmail.com så lägger vi upp en annons.</p>



<ul class="wp-block-gallery columns-3 is-cropped wp-block-gallery-1 is-layout-flex wp-block-gallery-is-layout-flex"><li class="blocks-gallery-item"><figure><img loading="lazy" decoding="async" width="478" height="640" src="https://www.djurskyddet.se/kalmardjurhem/wp-content/uploads/sites/33/2019/10/bortsp1.jpg" alt="" data-id="5773" data-link="https://www.djurskyddet.se/kalmardjurhem/bortsprungna/attachment/bortsp1/" class="wp-image-5773" srcset="https://www.djurskyddet.se/kalmardjurhem/wp-content/uploads/sites/33/2019/10/bortsp1.jpg 478w, https://www.djurskyddet.se/kalmardjurhem/wp-content/uploads/sites/33/2019/10/bortsp1-224x300.jpg 224w, https://www.djurskyddet.se/kalmardjurhem/wp-content/uploads/sites/33/2019/10/bortsp1-400x536.jpg 400w" sizes="auto, (max-width: 478px) 100vw, 478px" /><figcaption>Försvann 7/8-19<br>Katten Max försvann från Kylinge (smedby). Han är 5 år. Han är idmärkt vä öraT896D.<br>Ring 0703937002 eller maila <br>christina.elmjonsson@telia.com<br></figcaption></figure></li><li class="blocks-gallery-item"><figure><img loading="lazy" decoding="async" width="512" height="316" src="https://www.djurskyddet.se/kalmardjurhem/wp-content/uploads/sites/33/2019/10/borts-katt-2.jpg" alt="" data-id="5774" data-link="https://www.djurskyddet.se/kalmardjurhem/bortsprungna/attachment/borts-katt-2/" class="wp-image-5774" srcset="https://www.djurskyddet.se/kalmardjurhem/wp-content/uploads/sites/33/2019/10/borts-katt-2.jpg 512w, https://www.djurskyddet.se/kalmardjurhem/wp-content/uploads/sites/33/2019/10/borts-katt-2-300x185.jpg 300w, https://www.djurskyddet.se/kalmardjurhem/wp-content/uploads/sites/33/2019/10/borts-katt-2-400x247.jpg 400w" sizes="auto, (max-width: 512px) 100vw, 512px" /><figcaption>Försvann 26/3-19<br>Har någon set Tirion, han försvann från Gullabo/Kyrkebo. Han är idmärkt 5070T. Han är svart med vita tassar &amp; mage &amp; långhårig. Ring till Angelika Tapper 0723115350 eller maila angelikatapper08@gmail.com</figcaption></figure></li><li class="blocks-gallery-item"><figure><img loading="lazy" decoding="async" width="768" height="1024" src="https://www.djurskyddet.se/kalmardjurhem/wp-content/uploads/sites/33/2019/10/katt-5-bort-768x1024.jpg" alt="" data-id="5776" data-link="https://www.djurskyddet.se/kalmardjurhem/bortsprungna/attachment/katt-5-bort/" class="wp-image-5776" srcset="https://www.djurskyddet.se/kalmardjurhem/wp-content/uploads/sites/33/2019/10/katt-5-bort.jpg 768w, https://www.djurskyddet.se/kalmardjurhem/wp-content/uploads/sites/33/2019/10/katt-5-bort-225x300.jpg 225w, https://www.djurskyddet.se/kalmardjurhem/wp-content/uploads/sites/33/2019/10/katt-5-bort-400x533.jpg 400w" sizes="auto, (max-width: 768px) 100vw, 768px" /><figcaption>Försvann 12/7-18<br>Tjorven är försvunnen från Mönsterås. Hon ä ren chinchillaperser/ragdoll. Har ni set henne ring till Maria 0761022882</figcaption></figure></li><li class="blocks-gallery-item"><figure><img loading="lazy" decoding="async" width="576" height="1024" src="https://www.djurskyddet.se/kalmardjurhem/wp-content/uploads/sites/33/2019/10/katt-6-bort-576x1024.png" alt="" data-id="5778" data-link="https://www.djurskyddet.se/kalmardjurhem/bortsprungna/attachment/katt-6-bort/" class="wp-image-5778" srcset="https://www.djurskyddet.se/kalmardjurhem/wp-content/uploads/sites/33/2019/10/katt-6-bort.png 576w, https://www.djurskyddet.se/kalmardjurhem/wp-content/uploads/sites/33/2019/10/katt-6-bort-169x300.png 169w, https://www.djurskyddet.se/kalmardjurhem/wp-content/uploads/sites/33/2019/10/katt-6-bort-400x711.png 400w" sizes="auto, (max-width: 576px) 100vw, 576px" /><figcaption>Försvann 16/5-18<br>Simba försvann från vaktarevägen i Mönsterås. Han har ett halsband på sig &amp; ett ärr på höger framtass. Hör av er på 0728870792 eller maila kenankamenjas@gmail.com </figcaption></figure></li><li class="blocks-gallery-item"><figure><img loading="lazy" decoding="async" width="360" height="640" src="https://www.djurskyddet.se/kalmardjurhem/wp-content/uploads/sites/33/2019/10/katt-7-bort.png" alt="" data-id="5780" data-link="https://www.djurskyddet.se/kalmardjurhem/bortsprungna/attachment/katt-7-bort-2/" class="wp-image-5780" srcset="https://www.djurskyddet.se/kalmardjurhem/wp-content/uploads/sites/33/2019/10/katt-7-bort.png 360w, https://www.djurskyddet.se/kalmardjurhem/wp-content/uploads/sites/33/2019/10/katt-7-bort-169x300.png 169w" sizes="auto, (max-width: 360px) 100vw, 360px" /><figcaption>Försvann 29/3-18<br>Har någon set vår kära Jason? Han försvann ifrån Hovstigen i Lindsdal. Han är idmärkt. Vi tar tacksamt emot alla tips<br>Sofie 0705291454<br></figcaption></figure></li><li class="blocks-gallery-item"><figure><img loading="lazy" decoding="async" width="724" height="485" src="https://www.djurskyddet.se/kalmardjurhem/wp-content/uploads/sites/33/2019/10/katt-8-bort.jpg" alt="" data-id="5781" data-link="https://www.djurskyddet.se/kalmardjurhem/bortsprungna/attachment/katt-8-bort/" class="wp-image-5781" srcset="https://www.djurskyddet.se/kalmardjurhem/wp-content/uploads/sites/33/2019/10/katt-8-bort.jpg 724w, https://www.djurskyddet.se/kalmardjurhem/wp-content/uploads/sites/33/2019/10/katt-8-bort-300x201.jpg 300w, https://www.djurskyddet.se/kalmardjurhem/wp-content/uploads/sites/33/2019/10/katt-8-bort-400x268.jpg 400w" sizes="auto, (max-width: 724px) 100vw, 724px" /><figcaption>Försvann 24/12-16<br>Har någon set Sune, försvann från Centrala Nybro på julaftonskväll. Maila Dan_sivertsson@hotmail.com eller ring 0709188333</figcaption></figure></li></ul>



<p></p>

<p>Här kan ni se katter som försvunnit ifrån sina hem, har din katt försvunnit kan du maila en bra bild, text och dina kontaktuppgifter till djurhemmetskalby@hotmail.com så lägger vi upp en annons.</p>
