{"id":5855,"date":"2019-10-23T13:35:35","date_gmt":"2019-10-23T13:35:35","guid":{"rendered":"https:\/\/www.djurskyddet.se\/kalmardjurhem\/?page_id=5855"},"modified":"2024-05-07T09:57:40","modified_gmt":"2024-05-07T09:57:40","slug":"djurskyddet-kalmar","status":"publish","type":"page","link":"https:\/\/www.djurskyddet.se\/kalmardjurhem\/djurskyddet-kalmar\/","title":{"rendered":"Djurskyddet Kalmar"},"content":{"rendered":"\n<p><strong><em>Information om Djurskyddet Kalmar som \u00e4ger\n&amp; driver Kalmar djurhem<\/em><\/strong><\/p>\n\n\n\n<ul class=\"wp-block-list\">\n<li><em>Djurskyddet i Kalmar startade redan den 18 april 1905.<\/em><\/li>\n\n\n\n<li><em>November 2003 slogs d\u00f6rrarna upp f\u00f6r v\u00e5rt efterl\u00e4ngtade djurhem.<\/em><\/li>\n\n\n\n<li><em>Annandag pingst 2004 invigdes Minneslunden p\u00e5 sk\u00e4lby g\u00e5rd<\/em><\/li>\n\n\n\n<li><em>2005 firade vi 100 \u00e5rs jubileum.<\/em><\/li>\n\n\n\n<li><em>2013 firade vi 10-\u00e5rs jubileum p\u00e5 djurhemmet<\/em><\/li>\n<\/ul>\n\n\n\n<p><strong><em>F\u00f6reningens ordf\u00f6rande under ett sekel<\/em><\/strong><\/p>\n\n\n\n<p><em>L\u00e4nsveterin\u00e4ren A Th Helleborg 1905-1906 <\/em><br><em>Apotekaren axel westerstr\u00f6m 1907-1917 <\/em><br><em>Stationsskrivaren R Liljegren 1918-1927 <\/em><br><em>Folkskoleinspekt\u00f6ren Manfred Berg 1928-1933 <\/em><br><em>Folkskoll\u00e4raren Hjalmar Ahlberg 1934<br> Borgm\u00e4staren Yngve Malmqvist 1935-1963 <\/em><br><em>Landsh\u00f6vdingen Ivar Persson 1964-1968&nbsp;&nbsp;&nbsp;&nbsp;<br> Lagman Sven Willner 1969-1983<br> L\u00e4nsveterin\u00e4ren Folke Carlsson 1984-1985 <\/em><br><em>L\u00e4nsveterin\u00e4ren Jan-Olof R\u00f6nneg\u00e5rd 1986-1992 <\/em><br><em>Chefsveterin\u00e4ren Kjell Kappers 1992<br> Veterin\u00e4ren Marija Wuorinen 1993-1994<br> N\u00e4rpolis Sivert Andersson 1995-1997<\/em><br><em> Informationssekreterare Sonja Iouanno 1998-2011 <\/em><br><em>Mats Lindahl 2012-2014<br> Veronica Apell 2015-2015<br> Katarina Joelsson 2015-2016<br> Kristin Karlsson 2017-2017<br> Maria Ericsson 2018-<\/em>2020<br>Carina Nygren Edlund 2021-<\/p>\n\n\n\n<figure class=\"wp-block-image\"><img loading=\"lazy\" decoding=\"async\" width=\"200\" height=\"200\" src=\"https:\/\/www.djurskyddet.se\/kalmardjurhem\/wp-content\/uploads\/sites\/33\/2019\/10\/carina-1.jpg\" alt=\"\" class=\"wp-image-5916\" srcset=\"https:\/\/www.djurskyddet.se\/kalmardjurhem\/wp-content\/uploads\/sites\/33\/2019\/10\/carina-1.jpg 200w, https:\/\/www.djurskyddet.se\/kalmardjurhem\/wp-content\/uploads\/sites\/33\/2019\/10\/carina-1-150x150.jpg 150w\" sizes=\"auto, (max-width: 200px) 100vw, 200px\" \/><figcaption class=\"wp-element-caption\"><strong>Ordf\u00f6rande Carina Nygren Edlund<\/strong><\/figcaption><\/figure>\n\n\n\n<figure class=\"wp-block-image\"><img loading=\"lazy\" decoding=\"async\" width=\"291\" height=\"400\" src=\"https:\/\/www.djurskyddet.se\/kalmardjurhem\/wp-content\/uploads\/sites\/33\/2019\/10\/ewa-1.jpg\" alt=\"\" class=\"wp-image-5913\" srcset=\"https:\/\/www.djurskyddet.se\/kalmardjurhem\/wp-content\/uploads\/sites\/33\/2019\/10\/ewa-1.jpg 291w, https:\/\/www.djurskyddet.se\/kalmardjurhem\/wp-content\/uploads\/sites\/33\/2019\/10\/ewa-1-218x300.jpg 218w\" sizes=\"auto, (max-width: 291px) 100vw, 291px\" \/><figcaption class=\"wp-element-caption\"><strong>Ewa Hadelind<\/strong><\/figcaption><\/figure>\n\n\n\n<figure class=\"wp-block-image size-full\"><img loading=\"lazy\" decoding=\"async\" width=\"188\" height=\"320\" src=\"https:\/\/www.djurskyddet.se\/kalmardjurhem\/wp-content\/uploads\/sites\/33\/2023\/02\/eva-y-liten-bild-1.jpg\" alt=\"\" class=\"wp-image-6872\" srcset=\"https:\/\/www.djurskyddet.se\/kalmardjurhem\/wp-content\/uploads\/sites\/33\/2023\/02\/eva-y-liten-bild-1.jpg 188w, https:\/\/www.djurskyddet.se\/kalmardjurhem\/wp-content\/uploads\/sites\/33\/2023\/02\/eva-y-liten-bild-1-176x300.jpg 176w\" sizes=\"auto, (max-width: 188px) 100vw, 188px\" \/><figcaption class=\"wp-element-caption\"><strong>Kass\u00f6r Eva Yrne<\/strong><\/figcaption><\/figure>\n\n\n\n<figure class=\"wp-block-gallery has-nested-images columns-default is-cropped wp-block-gallery-1 is-layout-flex wp-block-gallery-is-layout-flex\"><\/figure>\n","protected":false},"excerpt":{"rendered":"<p>Information om Djurskyddet Kalmar som \u00e4ger &amp; driver Kalmar djurhem F\u00f6reningens ordf\u00f6rande under ett sekel L\u00e4nsveterin\u00e4ren A Th Helleborg 1905-1906 Apotekaren axel westerstr\u00f6m 1907-1917 Stationsskrivaren R Liljegren 1918-1927 Folkskoleinspekt\u00f6ren Manfred Berg 1928-1933 Folkskoll\u00e4raren Hjalmar Ahlberg 1934 Borgm\u00e4staren Yngve Malmqvist 1935-1963 Landsh\u00f6vdingen Ivar Persson 1964-1968&nbsp;&nbsp;&nbsp;&nbsp; Lagman Sven Willner 1969-1983 L\u00e4nsveterin\u00e4ren Folke Carlsson 1984-1985 L\u00e4nsveterin\u00e4ren Jan-Olof R\u00f6nneg\u00e5rd 1986-1992 Chefsveterin\u00e4ren Kjell Kappers 1992 Veterin\u00e4ren Marija Wuorinen 1993-1994 N\u00e4rpolis Sivert Andersson 1995-1997 Informationssekreterare Sonja&hellip;<\/p>\n<p><a class=\"more-link\" href=\"https:\/\/www.djurskyddet.se\/kalmardjurhem\/djurskyddet-kalmar\/\" title=\"Continue reading &lsquo;Djurskyddet Kalmar&rsquo;\">L&auml;s mer<span class=\"meta-nav\">&raquo;<\/span><\/a><\/p>\n","protected":false},"author":3,"featured_media":0,"parent":0,"menu_order":0,"comment_status":"closed","ping_status":"closed","template":"","meta":{"_acf_changed":false,"footnotes":""},"class_list":["post-5855","page","type-page","status-publish","hentry"],"acf":[],"_links":{"self":[{"href":"https:\/\/www.djurskyddet.se\/kalmardjurhem\/wp-json\/wp\/v2\/pages\/5855","targetHints":{"allow":["GET"]}}],"collection":[{"href":"https:\/\/www.djurskyddet.se\/kalmardjurhem\/wp-json\/wp\/v2\/pages"}],"about":[{"href":"https:\/\/www.djurskyddet.se\/kalmardjurhem\/wp-json\/wp\/v2\/types\/page"}],"author":[{"embeddable":true,"href":"https:\/\/www.djurskyddet.se\/kalmardjurhem\/wp-json\/wp\/v2\/users\/3"}],"replies":[{"embeddable":true,"href":"https:\/\/www.djurskyddet.se\/kalmardjurhem\/wp-json\/wp\/v2\/comments?post=5855"}],"version-history":[{"count":11,"href":"https:\/\/www.djurskyddet.se\/kalmardjurhem\/wp-json\/wp\/v2\/pages\/5855\/revisions"}],"predecessor-version":[{"id":7218,"href":"https:\/\/www.djurskyddet.se\/kalmardjurhem\/wp-json\/wp\/v2\/pages\/5855\/revisions\/7218"}],"wp:attachment":[{"href":"https:\/\/www.djurskyddet.se\/kalmardjurhem\/wp-json\/wp\/v2\/media?parent=5855"}],"curies":[{"name":"wp","href":"https:\/\/api.w.org\/{rel}","templated":true}]}}

<p><strong><em>Information om Djurskyddet Kalmar som äger
&amp; driver Kalmar djurhem</em></strong></p>



<ul class="wp-block-list">
<li><em>Djurskyddet i Kalmar startade redan den 18 april 1905.</em></li>



<li><em>November 2003 slogs dörrarna upp för vårt efterlängtade djurhem.</em></li>



<li><em>Annandag pingst 2004 invigdes Minneslunden på skälby gård</em></li>



<li><em>2005 firade vi 100 års jubileum.</em></li>



<li><em>2013 firade vi 10-års jubileum på djurhemmet</em></li>
</ul>



<p><strong><em>Föreningens ordförande under ett sekel</em></strong></p>



<p><em>Länsveterinären A Th Helleborg 1905-1906 </em><br><em>Apotekaren axel westerström 1907-1917 </em><br><em>Stationsskrivaren R Liljegren 1918-1927 </em><br><em>Folkskoleinspektören Manfred Berg 1928-1933 </em><br><em>Folkskolläraren Hjalmar Ahlberg 1934<br> Borgmästaren Yngve Malmqvist 1935-1963 </em><br><em>Landshövdingen Ivar Persson 1964-1968&nbsp;&nbsp;&nbsp;&nbsp;<br> Lagman Sven Willner 1969-1983<br> Länsveterinären Folke Carlsson 1984-1985 </em><br><em>Länsveterinären Jan-Olof Rönnegård 1986-1992 </em><br><em>Chefsveterinären Kjell Kappers 1992<br> Veterinären Marija Wuorinen 1993-1994<br> Närpolis Sivert Andersson 1995-1997</em><br><em> Informationssekreterare Sonja Iouanno 1998-2011 </em><br><em>Mats Lindahl 2012-2014<br> Veronica Apell 2015-2015<br> Katarina Joelsson 2015-2016<br> Kristin Karlsson 2017-2017<br> Maria Ericsson 2018-</em>2020<br>Carina Nygren Edlund 2021-</p>



<figure class="wp-block-image"><img loading="lazy" decoding="async" width="200" height="200" src="https://www.djurskyddet.se/kalmardjurhem/wp-content/uploads/sites/33/2019/10/carina-1.jpg" alt="" class="wp-image-5916" srcset="https://www.djurskyddet.se/kalmardjurhem/wp-content/uploads/sites/33/2019/10/carina-1.jpg 200w, https://www.djurskyddet.se/kalmardjurhem/wp-content/uploads/sites/33/2019/10/carina-1-150x150.jpg 150w" sizes="auto, (max-width: 200px) 100vw, 200px" /><figcaption class="wp-element-caption"><strong>Ordförande Carina Nygren Edlund</strong></figcaption></figure>



<figure class="wp-block-image"><img loading="lazy" decoding="async" width="291" height="400" src="https://www.djurskyddet.se/kalmardjurhem/wp-content/uploads/sites/33/2019/10/ewa-1.jpg" alt="" class="wp-image-5913" srcset="https://www.djurskyddet.se/kalmardjurhem/wp-content/uploads/sites/33/2019/10/ewa-1.jpg 291w, https://www.djurskyddet.se/kalmardjurhem/wp-content/uploads/sites/33/2019/10/ewa-1-218x300.jpg 218w" sizes="auto, (max-width: 291px) 100vw, 291px" /><figcaption class="wp-element-caption"><strong>Ewa Hadelind</strong></figcaption></figure>



<figure class="wp-block-image size-full"><img loading="lazy" decoding="async" width="188" height="320" src="https://www.djurskyddet.se/kalmardjurhem/wp-content/uploads/sites/33/2023/02/eva-y-liten-bild-1.jpg" alt="" class="wp-image-6872" srcset="https://www.djurskyddet.se/kalmardjurhem/wp-content/uploads/sites/33/2023/02/eva-y-liten-bild-1.jpg 188w, https://www.djurskyddet.se/kalmardjurhem/wp-content/uploads/sites/33/2023/02/eva-y-liten-bild-1-176x300.jpg 176w" sizes="auto, (max-width: 188px) 100vw, 188px" /><figcaption class="wp-element-caption"><strong>Kassör Eva Yrne</strong></figcaption></figure>



<figure class="wp-block-gallery has-nested-images columns-default is-cropped wp-block-gallery-1 is-layout-flex wp-block-gallery-is-layout-flex"></figure>

<p>Information om Djurskyddet Kalmar som äger &amp; driver Kalmar djurhem Föreningens ordförande under ett sekel Länsveterinären A Th Helleborg 1905-1906 Apotekaren axel westerström 1907-1917 Stationsskrivaren R Liljegren 1918-1927 Folkskoleinspektören Manfred Berg 1928-1933 Folkskolläraren Hjalmar Ahlberg 1934 Borgmästaren Yngve Malmqvist 1935-1963 Landshövdingen Ivar Persson 1964-1968&nbsp;&nbsp;&nbsp;&nbsp; Lagman Sven Willner 1969-1983 Länsveterinären Folke Carlsson 1984-1985 Länsveterinären Jan-Olof Rönnegård 1986-1992 Chefsveterinären Kjell Kappers 1992 Veterinären Marija Wuorinen 1993-1994 Närpolis Sivert Andersson 1995-1997 Informationssekreterare Sonja&hellip;</p>
<p><a class="more-link" href="https://www.djurskyddet.se/kalmardjurhem/djurskyddet-kalmar/" title="Continue reading &lsquo;Djurskyddet Kalmar&rsquo;">L&auml;s mer<span class="meta-nav">&raquo;</span></a></p>
