{"id":6134,"date":"2019-10-31T11:59:26","date_gmt":"2019-10-31T11:59:26","guid":{"rendered":"https:\/\/www.djurskyddet.se\/kalmardjurhem\/?page_id=6134"},"modified":"2025-07-28T10:32:53","modified_gmt":"2025-07-28T10:32:53","slug":"om-adoption","status":"publish","type":"page","link":"https:\/\/www.djurskyddet.se\/kalmardjurhem\/om-adoption\/","title":{"rendered":"Om adoption"},"content":{"rendered":"\n<p>Vi \u00e4r mycket m\u00e5na om att katten f\u00e5r den allra b\u00e4sta t\u00e4nkbara\nv\u00e5rd i sin ny familj, det inneb\u00e4r att vi har h\u00f6ga krav p\u00e5 er som vill ge v\u00e5ra\nkatter ett nytt hem, k\u00e4rlek, kel och tid ska vara en sj\u00e4lvklarhet.<\/p>\n\n\n\n<p>M\u00e5nga av v\u00e5ra katter \u00e4r sociala och fram\u00e5t, men en del\nkatter har levt ett h\u00e5rt liv ute och vissa katter kommer ifr\u00e5n betydligt\nsv\u00e5rare milj\u00f6er, dom kan ha utsatts f\u00f6r b\u00e5de fysiska och psykiska\np\u00e5frestningar, och \u00e4r m\u00e5nga g\u00e5nger omh\u00e4ndertagna av polisen\/djurinspekt\u00f6ren.<\/p>\n\n\n\n<p>Vi vill att du och din familj kommer upp och bes\u00f6ker v\u00e5ra\nkatter och oss i personalen. den katt som ni sedan skulle vilja ta hand om,\nvill vi att ni bes\u00f6ker en g\u00e5ng till, och att ni diskuterar igenom om katten kan\nkomma att passa er familj, s\u00e5 att man verkligen \u00e4r s\u00e4ker p\u00e5 sin sak.<\/p>\n\n\n\n<p>D\u00e4refter \u00e4r katten din enligt de villkor vi har i v\u00e5rt\navtal, som du skriver p\u00e5 och som \u00e4r juridiskt bindande, vi h\u00e5ller regelbunden\nkontakt med dig och din familj, vi vill att ni v\u00e4nder er till Djurhemmet vid eventuella\nproblem eller om ni bara undrar \u00f6ver n\u00e5got.<\/p>\n\n\n\n<p>K\u00e4nner Du och Din familj att ni inte kan leva upp till v\u00e5ra\nkrav och erbjuda en katt ett fint fortsatt liv, b\u00f6r Du\/Ni avst\u00e5 fr\u00e5n\nkattinnehav.T\u00e4nk p\u00e5 att det inte bara \u00e4r gulligt att vara med katt, det kostar\npengar ocks\u00e5.<\/p>\n\n\n\n<p>\u00c4r Du och din familj intresserade och k\u00e4nner att du kan\nerbjuda ett tryggt och k\u00e4rleksfullt hem, tveka d\u00e5 inte utan ring och prata med\nn\u00e5gon av oss p\u00e5 djurhemmet.<\/p>\n\n\n\n<p>Katter fr\u00e5n 5-6 m\u00e5nader och upp\u00e5t \u00e4r kastrerade, id-m\u00e4rkta\/chippad, full vaccinerade, avmaskade, och veterin\u00e4r besiktigade och man f\u00e5r erl\u00e4gga en administrationsavgift p\u00e5 1700kr, v\u00e4ljer man att adoptera tv\u00e5 katter betalar man 2500kr, som alltid l\u00e4mnas i j\u00e4mna kontanter eller betalas via swish n\u00e4r man h\u00e4mtar katten.<\/p>\n\n\n\n<p>Kattungar: 12 veckor upp till ca 5 m\u00e5nader \u00e4r fullvaccinerade och avmaskade, veterin\u00e4rbesiktigade, chippad och man f\u00e5r erl\u00e4gga en administrationsavgift p\u00e5 1700 kr, v\u00e4ljer man att adoptera tv\u00e5 katter betalar man 2500kr. D\u00e5 ing\u00e5r det en kastrering av katten n\u00e4r den \u00e4r 5-6 m\u00e5nader. Vi tar tillbaka katten f\u00f6r kastreringen. Betalning sker i j\u00e4mna kontanter eller via swish n\u00e4r man h\u00e4mtar katten.<\/p>\n\n\n\n<p>Katten ska h\u00e5llas f\u00f6rs\u00e4krad och det tecknas direkt p\u00e5 djurhemmet vid hemg\u00e5ng.<br><br>Tar du kattunge ska den kastreras n\u00e4r den \u00e4r ca 5-6 m\u00e5nader, tid f\u00f6r det bokas vid hemg\u00e5ng av katten eller s\u00e5 kommer det en kallelse per post.<br><br>Du ska vaccinera din katt \u00e5rligen.<br><br>Vi har avelsf\u00f6rbud p\u00e5 v\u00e5ra katter.<\/p>\n","protected":false},"excerpt":{"rendered":"<p>Vi \u00e4r mycket m\u00e5na om att katten f\u00e5r den allra b\u00e4sta t\u00e4nkbara v\u00e5rd i sin ny familj, det inneb\u00e4r att vi har h\u00f6ga krav p\u00e5 er som vill ge v\u00e5ra katter ett nytt hem, k\u00e4rlek, kel och tid ska vara en sj\u00e4lvklarhet. M\u00e5nga av v\u00e5ra katter \u00e4r sociala och fram\u00e5t, men en del katter har levt ett h\u00e5rt liv ute och vissa katter kommer ifr\u00e5n betydligt sv\u00e5rare milj\u00f6er, dom kan&hellip;<\/p>\n<p><a class=\"more-link\" href=\"https:\/\/www.djurskyddet.se\/kalmardjurhem\/om-adoption\/\" title=\"Continue reading &lsquo;Om adoption&rsquo;\">L&auml;s mer<span class=\"meta-nav\">&raquo;<\/span><\/a><\/p>\n","protected":false},"author":3,"featured_media":0,"parent":0,"menu_order":0,"comment_status":"closed","ping_status":"closed","template":"","meta":{"_acf_changed":false,"footnotes":""},"class_list":["post-6134","page","type-page","status-publish","hentry"],"acf":[],"_links":{"self":[{"href":"https:\/\/www.djurskyddet.se\/kalmardjurhem\/wp-json\/wp\/v2\/pages\/6134","targetHints":{"allow":["GET"]}}],"collection":[{"href":"https:\/\/www.djurskyddet.se\/kalmardjurhem\/wp-json\/wp\/v2\/pages"}],"about":[{"href":"https:\/\/www.djurskyddet.se\/kalmardjurhem\/wp-json\/wp\/v2\/types\/page"}],"author":[{"embeddable":true,"href":"https:\/\/www.djurskyddet.se\/kalmardjurhem\/wp-json\/wp\/v2\/users\/3"}],"replies":[{"embeddable":true,"href":"https:\/\/www.djurskyddet.se\/kalmardjurhem\/wp-json\/wp\/v2\/comments?post=6134"}],"version-history":[{"count":6,"href":"https:\/\/www.djurskyddet.se\/kalmardjurhem\/wp-json\/wp\/v2\/pages\/6134\/revisions"}],"predecessor-version":[{"id":7283,"href":"https:\/\/www.djurskyddet.se\/kalmardjurhem\/wp-json\/wp\/v2\/pages\/6134\/revisions\/7283"}],"wp:attachment":[{"href":"https:\/\/www.djurskyddet.se\/kalmardjurhem\/wp-json\/wp\/v2\/media?parent=6134"}],"curies":[{"name":"wp","href":"https:\/\/api.w.org\/{rel}","templated":true}]}}