{"id":7440,"date":"2025-03-25T09:39:04","date_gmt":"2025-03-25T09:39:04","guid":{"rendered":"https:\/\/www.djurskyddet.se\/kalmardjurhem\/?page_id=7440"},"modified":"2026-03-19T14:54:19","modified_gmt":"2026-03-19T14:54:19","slug":"arsmote","status":"publish","type":"page","link":"https:\/\/www.djurskyddet.se\/kalmardjurhem\/arsmote\/","title":{"rendered":"\u00c5rsm\u00f6te"},"content":{"rendered":"\n<figure class=\"wp-block-image size-full\"><img loading=\"lazy\" decoding=\"async\" width=\"1024\" height=\"683\" src=\"https:\/\/www.djurskyddet.se\/kalmardjurhem\/wp-content\/uploads\/sites\/33\/2025\/03\/Hund-och-katt_tittar-upp_L.jpg\" alt=\"Hund och katt kikar ut genom ett f\u00f6nster\" class=\"wp-image-7441\" srcset=\"https:\/\/www.djurskyddet.se\/kalmardjurhem\/wp-content\/uploads\/sites\/33\/2025\/03\/Hund-och-katt_tittar-upp_L.jpg 1024w, https:\/\/www.djurskyddet.se\/kalmardjurhem\/wp-content\/uploads\/sites\/33\/2025\/03\/Hund-och-katt_tittar-upp_L-300x200.jpg 300w, https:\/\/www.djurskyddet.se\/kalmardjurhem\/wp-content\/uploads\/sites\/33\/2025\/03\/Hund-och-katt_tittar-upp_L-768x512.jpg 768w, https:\/\/www.djurskyddet.se\/kalmardjurhem\/wp-content\/uploads\/sites\/33\/2025\/03\/Hund-och-katt_tittar-upp_L-400x267.jpg 400w\" sizes=\"auto, (max-width: 1024px) 100vw, 1024px\" \/><\/figure>\n\n\n\n<p><strong>V\u00e4lkommen p\u00e5 \u00e5rsm\u00f6te! <\/strong><\/p>\n\n\n\n<p>Som medlem i Djurskyddet Kalmar inbjuds du att n\u00e4rvara vid f\u00f6reningens \u00e5rsm\u00f6te. <\/p>\n\n\n\n<p>Datum: 24 mars, 2026<br>Tid: 18.00<br>Plats: Caf\u00e9 Sk\u00e4lby Loge. OBS! ej 4hg\u00e5rden.<\/p>\n\n\n\n<p>Vi bjuder p\u00e5 sm\u00f6rg\u00e5st\u00e5rta!<\/p>\n\n\n\n<p>Anm\u00e4l dig senast 10 mars till Djurskyddets kass\u00f6r Eva Yrne, mobil 0703579303 eller e-post <a href=\"mailto:eva.yrne@gmail.com\" target=\"_blank\" rel=\"noreferrer noopener\">eva.yrne@gmail.com<\/a>.<br>Motioner till \u00e5rsm\u00f6tet m\u00e5ste ha n\u00e5tt styrelsen senast tv\u00e5 veckor innan \u00e5rsm\u00f6tet.<\/p>\n\n\n\n<p>Se handlingar f\u00f6r \u00e5rsm\u00f6tet nedan.<br><a href=\"https:\/\/www.djurskyddet.se\/kalmardjurhem\/wp-content\/uploads\/sites\/33\/2026\/02\/Kallelse-Kalmar-2026.pdf\" target=\"_blank\" rel=\"noreferrer noopener\">Kallelse.<\/a><br><a href=\"https:\/\/www.djurskyddet.se\/kalmardjurhem\/wp-content\/uploads\/sites\/33\/2026\/02\/Kalmar-foredragningslista.pdf\" target=\"_blank\" rel=\"noreferrer noopener\">Dagordning.<\/a><br><a href=\"https:\/\/www.djurskyddet.se\/kalmardjurhem\/wp-content\/uploads\/sites\/33\/2026\/03\/Djsk-Arsbokslut-2025_v2.pdf\" target=\"_blank\" rel=\"noreferrer noopener\">\u00c5rsbokslut 2025.<\/a><br><a href=\"https:\/\/www.djurskyddet.se\/kalmardjurhem\/wp-content\/uploads\/sites\/33\/2026\/02\/Djsk-Verksamhetsberattelse-2025.pdf\" target=\"_blank\" rel=\"noreferrer noopener\">Verksamhetsber\u00e4ttelse 2025.<\/a><br><a href=\"https:\/\/www.djurskyddet.se\/kalmardjurhem\/wp-content\/uploads\/sites\/33\/2026\/03\/Djsk-Revisionsberattelse-2025.pdf\" target=\"_blank\" rel=\"noreferrer noopener\">Revisionsber\u00e4ttelse 2025.<\/a><br><a href=\"https:\/\/www.djurskyddet.se\/kalmardjurhem\/wp-content\/uploads\/sites\/33\/2026\/02\/Djsk-Verksamhetsplan-2026.pdf\" target=\"_blank\" rel=\"noreferrer noopener\">Verksamhetsplan 2026.<\/a><br><a href=\"https:\/\/www.djurskyddet.se\/kalmardjurhem\/wp-content\/uploads\/sites\/33\/2026\/02\/Djsk-Budgt-2026.pdf\" target=\"_blank\" rel=\"noreferrer noopener\">Budgetf\u00f6rslag 2026.<\/a><br><a href=\"https:\/\/www.djurskyddet.se\/kalmardjurhem\/wp-content\/uploads\/sites\/33\/2026\/02\/Djsk-Valberedn-forslag-2026.pdf\" target=\"_blank\" rel=\"noreferrer noopener\">Valberedningens f\u00f6rslag.<\/a><\/p>\n\n\n\n<p>Varmt v\u00e4lkomna!<\/p>\n","protected":false},"excerpt":{"rendered":"<p>V\u00e4lkommen p\u00e5 \u00e5rsm\u00f6te! Som medlem i Djurskyddet Kalmar inbjuds du att n\u00e4rvara vid f\u00f6reningens \u00e5rsm\u00f6te. Datum: 24 mars, 2026Tid: 18.00Plats: Caf\u00e9 Sk\u00e4lby Loge. OBS! ej 4hg\u00e5rden. Vi bjuder p\u00e5 sm\u00f6rg\u00e5st\u00e5rta! Anm\u00e4l dig senast 10 mars till Djurskyddets kass\u00f6r Eva Yrne, mobil 0703579303 eller e-post eva.yrne@gmail.com.Motioner till \u00e5rsm\u00f6tet m\u00e5ste ha n\u00e5tt styrelsen senast tv\u00e5 veckor innan \u00e5rsm\u00f6tet. Se handlingar f\u00f6r \u00e5rsm\u00f6tet nedan.Kallelse.Dagordning.\u00c5rsbokslut 2025.Verksamhetsber\u00e4ttelse 2025.Revisionsber\u00e4ttelse 2025.Verksamhetsplan 2026.Budgetf\u00f6rslag 2026.Valberedningens f\u00f6rslag. Varmt v\u00e4lkomna!<\/p>\n","protected":false},"author":3,"featured_media":0,"parent":0,"menu_order":0,"comment_status":"closed","ping_status":"closed","template":"","meta":{"_acf_changed":false,"footnotes":""},"class_list":["post-7440","page","type-page","status-publish","hentry"],"acf":[],"_links":{"self":[{"href":"https:\/\/www.djurskyddet.se\/kalmardjurhem\/wp-json\/wp\/v2\/pages\/7440","targetHints":{"allow":["GET"]}}],"collection":[{"href":"https:\/\/www.djurskyddet.se\/kalmardjurhem\/wp-json\/wp\/v2\/pages"}],"about":[{"href":"https:\/\/www.djurskyddet.se\/kalmardjurhem\/wp-json\/wp\/v2\/types\/page"}],"author":[{"embeddable":true,"href":"https:\/\/www.djurskyddet.se\/kalmardjurhem\/wp-json\/wp\/v2\/users\/3"}],"replies":[{"embeddable":true,"href":"https:\/\/www.djurskyddet.se\/kalmardjurhem\/wp-json\/wp\/v2\/comments?post=7440"}],"version-history":[{"count":5,"href":"https:\/\/www.djurskyddet.se\/kalmardjurhem\/wp-json\/wp\/v2\/pages\/7440\/revisions"}],"predecessor-version":[{"id":7823,"href":"https:\/\/www.djurskyddet.se\/kalmardjurhem\/wp-json\/wp\/v2\/pages\/7440\/revisions\/7823"}],"wp:attachment":[{"href":"https:\/\/www.djurskyddet.se\/kalmardjurhem\/wp-json\/wp\/v2\/media?parent=7440"}],"curies":[{"name":"wp","href":"https:\/\/api.w.org\/{rel}","templated":true}]}}

Årsmöte

<figure class="wp-block-image size-full"><img loading="lazy" decoding="async" width="1024" height="683" src="https://www.djurskyddet.se/kalmardjurhem/wp-content/uploads/sites/33/2025/03/Hund-och-katt_tittar-upp_L.jpg" alt="Hund och katt kikar ut genom ett fönster" class="wp-image-7441" srcset="https://www.djurskyddet.se/kalmardjurhem/wp-content/uploads/sites/33/2025/03/Hund-och-katt_tittar-upp_L.jpg 1024w, https://www.djurskyddet.se/kalmardjurhem/wp-content/uploads/sites/33/2025/03/Hund-och-katt_tittar-upp_L-300x200.jpg 300w, https://www.djurskyddet.se/kalmardjurhem/wp-content/uploads/sites/33/2025/03/Hund-och-katt_tittar-upp_L-768x512.jpg 768w, https://www.djurskyddet.se/kalmardjurhem/wp-content/uploads/sites/33/2025/03/Hund-och-katt_tittar-upp_L-400x267.jpg 400w" sizes="auto, (max-width: 1024px) 100vw, 1024px" /></figure>



<p><strong>Välkommen på årsmöte! </strong></p>



<p>Som medlem i Djurskyddet Kalmar inbjuds du att närvara vid föreningens årsmöte. </p>



<p>Datum: 24 mars, 2026<br>Tid: 18.00<br>Plats: Café Skälby Loge. OBS! ej 4hgården.</p>



<p>Vi bjuder på smörgåstårta!</p>



<p>Anmäl dig senast 10 mars till Djurskyddets kassör Eva Yrne, mobil 0703579303 eller e-post <a href="mailto:eva.yrne@gmail.com" target="_blank" rel="noreferrer noopener">eva.yrne@gmail.com</a>.<br>Motioner till årsmötet måste ha nått styrelsen senast två veckor innan årsmötet.</p>



<p>Se handlingar för årsmötet nedan.<br><a href="https://www.djurskyddet.se/kalmardjurhem/wp-content/uploads/sites/33/2026/02/Kallelse-Kalmar-2026.pdf" target="_blank" rel="noreferrer noopener">Kallelse.</a><br><a href="https://www.djurskyddet.se/kalmardjurhem/wp-content/uploads/sites/33/2026/02/Kalmar-foredragningslista.pdf" target="_blank" rel="noreferrer noopener">Dagordning.</a><br><a href="https://www.djurskyddet.se/kalmardjurhem/wp-content/uploads/sites/33/2026/03/Djsk-Arsbokslut-2025_v2.pdf" target="_blank" rel="noreferrer noopener">Årsbokslut 2025.</a><br><a href="https://www.djurskyddet.se/kalmardjurhem/wp-content/uploads/sites/33/2026/02/Djsk-Verksamhetsberattelse-2025.pdf" target="_blank" rel="noreferrer noopener">Verksamhetsberättelse 2025.</a><br><a href="https://www.djurskyddet.se/kalmardjurhem/wp-content/uploads/sites/33/2026/03/Djsk-Revisionsberattelse-2025.pdf" target="_blank" rel="noreferrer noopener">Revisionsberättelse 2025.</a><br><a href="https://www.djurskyddet.se/kalmardjurhem/wp-content/uploads/sites/33/2026/02/Djsk-Verksamhetsplan-2026.pdf" target="_blank" rel="noreferrer noopener">Verksamhetsplan 2026.</a><br><a href="https://www.djurskyddet.se/kalmardjurhem/wp-content/uploads/sites/33/2026/02/Djsk-Budgt-2026.pdf" target="_blank" rel="noreferrer noopener">Budgetförslag 2026.</a><br><a href="https://www.djurskyddet.se/kalmardjurhem/wp-content/uploads/sites/33/2026/02/Djsk-Valberedn-forslag-2026.pdf" target="_blank" rel="noreferrer noopener">Valberedningens förslag.</a></p>



<p>Varmt välkomna!</p>

<p>Välkommen på årsmöte! Som medlem i Djurskyddet Kalmar inbjuds du att närvara vid föreningens årsmöte. Datum: 24 mars, 2026Tid: 18.00Plats: Café Skälby Loge. OBS! ej 4hgården. Vi bjuder på smörgåstårta! Anmäl dig senast 10 mars till Djurskyddets kassör Eva Yrne, mobil 0703579303 eller e-post eva.yrne@gmail.com.Motioner till årsmötet måste ha nått styrelsen senast två veckor innan årsmötet. Se handlingar för årsmötet nedan.Kallelse.Dagordning.Årsbokslut 2025.Verksamhetsberättelse 2025.Revisionsberättelse 2025.Verksamhetsplan 2026.Budgetförslag 2026.Valberedningens förslag. Varmt välkomna!</p>
