{"id":5507,"date":"2018-08-06T11:13:39","date_gmt":"2018-08-06T11:13:39","guid":{"rendered":"http:\/\/www.djurskyddet.se\/karlshamn\/?page_id=5507"},"modified":"2023-11-30T16:35:22","modified_gmt":"2023-11-30T16:35:22","slug":"adoptering","status":"publish","type":"page","link":"https:\/\/www.djurskyddet.se\/karlshamn\/adoptering\/","title":{"rendered":"Adoptering"},"content":{"rendered":"\n<p><\/p><h4><strong>Intresserad av att adoptera en katt?\n<\/strong><\/h4>\n<br>\nN\u00e4r du adopterar en katt fr\u00e5n oss kommer den vara:\n<p><\/p>\n\n\n\n<ul class=\"wp-block-list\">\n<li>Chippad<\/li>\n\n\n\n<li>F\u00e5tt sin 1:sta vaccination (Obs! Djurskyddet st\u00e5r EJ f\u00f6r fler vaccinationer efter adoption.)<\/li>\n\n\n\n<li>Avmaskad<\/li>\n<\/ul>\n\n\n\n<p>Alla vuxna katter \u00e4r ocks\u00e5 kastrerade.<\/p>\n\n\n\n<p><strong>P\u00e5 v\u00e5r Facebook sida kommer det finnas information kring katter som s\u00f6ker hem.<\/strong><\/p>\n\n\n\n<div class=\"wp-block-media-text alignwide is-stacked-on-mobile\"><figure class=\"wp-block-media-text__media\"><img loading=\"lazy\" decoding=\"async\" width=\"975\" height=\"550\" src=\"https:\/\/www.djurskyddet.se\/karlshamn\/wp-content\/uploads\/sites\/19\/2020\/10\/djurskyddet_fb_prntscreen.png\" alt=\"\" class=\"wp-image-7119 size-full\" srcset=\"https:\/\/www.djurskyddet.se\/karlshamn\/wp-content\/uploads\/sites\/19\/2020\/10\/djurskyddet_fb_prntscreen.png 975w, https:\/\/www.djurskyddet.se\/karlshamn\/wp-content\/uploads\/sites\/19\/2020\/10\/djurskyddet_fb_prntscreen-300x169.png 300w, https:\/\/www.djurskyddet.se\/karlshamn\/wp-content\/uploads\/sites\/19\/2020\/10\/djurskyddet_fb_prntscreen-768x433.png 768w, https:\/\/www.djurskyddet.se\/karlshamn\/wp-content\/uploads\/sites\/19\/2020\/10\/djurskyddet_fb_prntscreen-400x226.png 400w\" sizes=\"auto, (max-width: 975px) 100vw, 975px\" \/><\/figure><div class=\"wp-block-media-text__content\">\n<div class=\"wp-block-button\"><a class=\"wp-block-button__link wp-element-button\" href=\"https:\/\/www.facebook.com\/djurskyddetikarlshamn\">Till Facebook<\/a><\/div>\n<\/div><\/div>\n\n\n\n<p><br>Har du n\u00e5gra fr\u00e5gor ang\u00e5ende v\u00e5ra katter skicka ett mail till: <a href=\"mailto:karlshamn@djurskyddet.se\">karlshamn@djurskyddet.se.<\/a><\/p>\n\n\n\n<hr class=\"wp-block-separator has-css-opacity\"\/>\n\n\n<p><strong>Vill du hj\u00e4lpa utan att adoptera?<\/strong><br \/>I menyn kan du l\u00e4sa mer om hur du kan hj\u00e4lpa oss med att till exempel agera som <a href=\"https:\/\/www.djurskyddet.se\/karlshamn\/stod-oss\/jourhem\/\">jourhem<\/a>.<\/p>\n<p>I den m\u00e5n f\u00f6reningen har m\u00f6jlighet hj\u00e4lper vi till med omplacering av djur s\u00e5som katter, hundar eller andra sm\u00e5djur.<\/p>\n<p><strong>Under 2020 fick 100 katter nya hem!<\/strong><\/p>\n\n\n<hr class=\"wp-block-separator has-css-opacity is-style-wide\"\/>\n\n\n\n<p>Senast uppdaterad 13\/10\/2021<\/p>\n","protected":false},"excerpt":{"rendered":"<p>Intresserad av att adoptera en katt? N\u00e4r du adopterar en katt fr\u00e5n oss kommer den vara: Alla vuxna katter \u00e4r ocks\u00e5 kastrerade. P\u00e5 v\u00e5r Facebook sida kommer det finnas information kring katter som s\u00f6ker hem. Har du n\u00e5gra fr\u00e5gor ang\u00e5ende v\u00e5ra katter skicka ett mail till: karlshamn@djurskyddet.se. Vill du hj\u00e4lpa utan att adoptera?I menyn kan du l\u00e4sa mer om hur du kan hj\u00e4lpa oss med att till exempel agera som&hellip;<\/p>\n<p><a class=\"more-link\" href=\"https:\/\/www.djurskyddet.se\/karlshamn\/adoptering\/\" title=\"Continue reading &lsquo;Adoptering&rsquo;\">L&auml;s mer<span class=\"meta-nav\">&raquo;<\/span><\/a><\/p>\n","protected":false},"author":3,"featured_media":0,"parent":0,"menu_order":0,"comment_status":"closed","ping_status":"closed","template":"page-templates\/left-sidebar.php","meta":{"_acf_changed":false,"footnotes":""},"class_list":["post-5507","page","type-page","status-publish","hentry"],"acf":[],"_links":{"self":[{"href":"https:\/\/www.djurskyddet.se\/karlshamn\/wp-json\/wp\/v2\/pages\/5507","targetHints":{"allow":["GET"]}}],"collection":[{"href":"https:\/\/www.djurskyddet.se\/karlshamn\/wp-json\/wp\/v2\/pages"}],"about":[{"href":"https:\/\/www.djurskyddet.se\/karlshamn\/wp-json\/wp\/v2\/types\/page"}],"author":[{"embeddable":true,"href":"https:\/\/www.djurskyddet.se\/karlshamn\/wp-json\/wp\/v2\/users\/3"}],"replies":[{"embeddable":true,"href":"https:\/\/www.djurskyddet.se\/karlshamn\/wp-json\/wp\/v2\/comments?post=5507"}],"version-history":[{"count":70,"href":"https:\/\/www.djurskyddet.se\/karlshamn\/wp-json\/wp\/v2\/pages\/5507\/revisions"}],"predecessor-version":[{"id":7690,"href":"https:\/\/www.djurskyddet.se\/karlshamn\/wp-json\/wp\/v2\/pages\/5507\/revisions\/7690"}],"wp:attachment":[{"href":"https:\/\/www.djurskyddet.se\/karlshamn\/wp-json\/wp\/v2\/media?parent=5507"}],"curies":[{"name":"wp","href":"https:\/\/api.w.org\/{rel}","templated":true}]}}