{"id":5540,"date":"2018-08-06T11:42:20","date_gmt":"2018-08-06T11:42:20","guid":{"rendered":"http:\/\/www.djurskyddet.se\/karlshamn\/?page_id=5540"},"modified":"2026-04-26T18:56:27","modified_gmt":"2026-04-26T18:56:27","slug":"medlem","status":"publish","type":"page","link":"https:\/\/www.djurskyddet.se\/karlshamn\/medlem\/","title":{"rendered":"Medlem"},"content":{"rendered":"<p><strong>Vad f\u00e5r jag som medlem? <\/strong><\/p>\n<p>Som medlem hj\u00e4lper du v\u00e5rt arbete f\u00f6r djurens b\u00e4sta, det inneb\u00e4r bland annat:<\/p>\n<ul>\n<li>Djur f\u00e5r nya hem<\/li>\n<li>Fler st\u00f6dhem f\u00f6r katter<\/li>\n<li>Veterin\u00e4rv\u00e5rd f\u00f6r de djur som beh\u00f6ver det<\/li>\n<li>F\u00e5gelmat och verktyg till <a href=\"https:\/\/www.djurskyddet.se\/karlshamn\/djurlunden\/\">Djurlunden<\/a><\/li>\n<\/ul>\n<p>Alla medlemmar f\u00e5r dessutom <a href=\"http:\/\/tidningen.djurskyddet.se\" target=\"_blank\" rel=\"noopener noreferrer\">Tidningen Djurskyddet<\/a> som ges ut 4 g\u00e5nger per \u00e5r. <br \/>Ta del av en rad f\u00f6rm\u00e5ner, och har m\u00f6jlighet att n\u00e4rvara vid medlemstr\u00e4ffar!<\/p>\n\n\n<hr class=\"wp-block-separator has-css-opacity is-style-wide\" \/>\n\n\n\n<p><\/p>\n","protected":false},"excerpt":{"rendered":"<p>Vad f\u00e5r jag som medlem? Som medlem hj\u00e4lper du v\u00e5rt arbete f\u00f6r djurens b\u00e4sta, det inneb\u00e4r bland annat: Djur f\u00e5r nya hem Fler st\u00f6dhem f\u00f6r katter Veterin\u00e4rv\u00e5rd f\u00f6r de djur som beh\u00f6ver det F\u00e5gelmat och verktyg till Djurlunden Alla medlemmar f\u00e5r dessutom Tidningen Djurskyddet som ges ut 4 g\u00e5nger per \u00e5r. Ta del av en rad f\u00f6rm\u00e5ner, och har m\u00f6jlighet att n\u00e4rvara vid medlemstr\u00e4ffar!<\/p>\n","protected":false},"author":3,"featured_media":0,"parent":0,"menu_order":0,"comment_status":"closed","ping_status":"closed","template":"page-templates\/left-sidebar.php","meta":{"_acf_changed":false,"footnotes":""},"class_list":["post-5540","page","type-page","status-publish","hentry"],"acf":[],"_links":{"self":[{"href":"https:\/\/www.djurskyddet.se\/karlshamn\/wp-json\/wp\/v2\/pages\/5540","targetHints":{"allow":["GET"]}}],"collection":[{"href":"https:\/\/www.djurskyddet.se\/karlshamn\/wp-json\/wp\/v2\/pages"}],"about":[{"href":"https:\/\/www.djurskyddet.se\/karlshamn\/wp-json\/wp\/v2\/types\/page"}],"author":[{"embeddable":true,"href":"https:\/\/www.djurskyddet.se\/karlshamn\/wp-json\/wp\/v2\/users\/3"}],"replies":[{"embeddable":true,"href":"https:\/\/www.djurskyddet.se\/karlshamn\/wp-json\/wp\/v2\/comments?post=5540"}],"version-history":[{"count":41,"href":"https:\/\/www.djurskyddet.se\/karlshamn\/wp-json\/wp\/v2\/pages\/5540\/revisions"}],"predecessor-version":[{"id":7983,"href":"https:\/\/www.djurskyddet.se\/karlshamn\/wp-json\/wp\/v2\/pages\/5540\/revisions\/7983"}],"wp:attachment":[{"href":"https:\/\/www.djurskyddet.se\/karlshamn\/wp-json\/wp\/v2\/media?parent=5540"}],"curies":[{"name":"wp","href":"https:\/\/api.w.org\/{rel}","templated":true}]}}