{"id":5569,"date":"2018-08-06T12:05:47","date_gmt":"2018-08-06T12:05:47","guid":{"rendered":"http:\/\/www.djurskyddet.se\/karlshamn\/?page_id=5569"},"modified":"2026-04-23T19:11:03","modified_gmt":"2026-04-23T19:11:03","slug":"styrelsen","status":"publish","type":"page","link":"https:\/\/www.djurskyddet.se\/karlshamn\/om-oss\/styrelsen\/","title":{"rendered":"Styrelsen"},"content":{"rendered":"<p><strong>Styrelsens konstitution 2026:<\/strong><\/p>\n<p>Ordf\u00f6rande<br \/>\n<em>Kerstin Linde<\/em><\/p>\n<p>Vice ordf\u00f6rande<br \/>\n<em>Birgitta Malmros<\/em><\/p>\n<p>Kass\u00f6r<br \/>\n<em>Jim Nilsson<\/em><\/p>\n<p>Sekreterare<br \/>\n<em>Alexander Isaksson<\/em><\/p>\n<p>Ledamot<br \/>\n<em>Henrik Wolinski<\/em><\/p>\n<p>Ledamot<br \/>\n<em>Helena Clementson<\/em><\/p>\n<p>Djuransvarig<br \/>\n<em>Birgitta Malmros<\/em><\/p>\n<p>Studieorganisat\u00f6r<br \/>\n<em>Henrik Wolinski<\/em><\/p>\n<p>Sociala medier ansvarig<br \/>\n<em>Alexander Isaksson<\/em><\/p>\n<p>Utst\u00e4llningar\/Event<br \/>\n<em>Helena Clementson<\/em><\/p>\n<p>Kontaktperson Djurskyddet Ungdom<br \/>\n<em>Alexander Isaksson<\/em><\/p>\n<p>Pressreferent<br \/>\n<em>Kerstin Linde<\/em><\/p>\n<p><strong>\u00d6vrig medhj\u00e4lpare:<\/strong><\/p>\n<p>Ansvarig f\u00f6r begravning av djur<strong><br \/>\n<\/strong><em>S\u00f6lve Turn\u00e9us<\/em><\/p>\n","protected":false},"excerpt":{"rendered":"<p>Styrelsens konstitution 2026: Ordf\u00f6rande Kerstin Linde Vice ordf\u00f6rande Birgitta Malmros Kass\u00f6r Jim Nilsson Sekreterare Alexander Isaksson Ledamot Henrik Wolinski Ledamot Helena Clementson Djuransvarig Birgitta Malmros Studieorganisat\u00f6r Henrik Wolinski Sociala medier ansvarig Alexander Isaksson Utst\u00e4llningar\/Event Helena Clementson Kontaktperson Djurskyddet Ungdom Alexander Isaksson Pressreferent Kerstin Linde \u00d6vrig medhj\u00e4lpare: Ansvarig f\u00f6r begravning av djur S\u00f6lve Turn\u00e9us<\/p>\n","protected":false},"author":3,"featured_media":0,"parent":5495,"menu_order":0,"comment_status":"closed","ping_status":"closed","template":"page-templates\/left-sidebar.php","meta":{"_acf_changed":false,"footnotes":""},"class_list":["post-5569","page","type-page","status-publish","hentry"],"acf":[],"_links":{"self":[{"href":"https:\/\/www.djurskyddet.se\/karlshamn\/wp-json\/wp\/v2\/pages\/5569","targetHints":{"allow":["GET"]}}],"collection":[{"href":"https:\/\/www.djurskyddet.se\/karlshamn\/wp-json\/wp\/v2\/pages"}],"about":[{"href":"https:\/\/www.djurskyddet.se\/karlshamn\/wp-json\/wp\/v2\/types\/page"}],"author":[{"embeddable":true,"href":"https:\/\/www.djurskyddet.se\/karlshamn\/wp-json\/wp\/v2\/users\/3"}],"replies":[{"embeddable":true,"href":"https:\/\/www.djurskyddet.se\/karlshamn\/wp-json\/wp\/v2\/comments?post=5569"}],"version-history":[{"count":40,"href":"https:\/\/www.djurskyddet.se\/karlshamn\/wp-json\/wp\/v2\/pages\/5569\/revisions"}],"predecessor-version":[{"id":7817,"href":"https:\/\/www.djurskyddet.se\/karlshamn\/wp-json\/wp\/v2\/pages\/5569\/revisions\/7817"}],"up":[{"embeddable":true,"href":"https:\/\/www.djurskyddet.se\/karlshamn\/wp-json\/wp\/v2\/pages\/5495"}],"wp:attachment":[{"href":"https:\/\/www.djurskyddet.se\/karlshamn\/wp-json\/wp\/v2\/media?parent=5569"}],"curies":[{"name":"wp","href":"https:\/\/api.w.org\/{rel}","templated":true}]}}