{"id":5695,"date":"2018-08-14T09:41:32","date_gmt":"2018-08-14T09:41:32","guid":{"rendered":"http:\/\/www.djurskyddet.se\/karlshamn\/?page_id=5695"},"modified":"2020-08-25T07:12:06","modified_gmt":"2020-08-25T07:12:06","slug":"djurid","status":"publish","type":"page","link":"https:\/\/www.djurskyddet.se\/karlshamn\/tips\/djurid\/","title":{"rendered":"DjurID"},"content":{"rendered":"<p><strong>Du har v\u00e4l inte missat att anm\u00e4la dig?<\/strong><br \/>\n<a href=\"http:\/\/www.djurid.se\" target=\"_blank\" rel=\"noopener noreferrer\">DjurID.se<\/a> \u00e4r svenska kennelklubbens stora \u00e4garregister.<br \/>\nH\u00e4r kan du l\u00e4sa mer om hur man kan f\u00e5 hj\u00e4lp som djur\u00e4gare att hitta en bortsprungen katt eller hund.<\/p>\n<p>Om du har hittat en bortsprungen katt eller hund kan du med hj\u00e4lp av registret dygnet runt f\u00f6rs\u00f6ka sp\u00e5ra djurets \u00e4gare. Registret samarbetar med Europetnet (en tj\u00e4nst som anv\u00e4nds i hela europa). Bra att veta om du ska resa utomlands med ditt djur.<\/p>\n<p>Du kan ocks\u00e5 g\u00f6ra en efterlysning via Facebook.<\/p>\n","protected":false},"excerpt":{"rendered":"<p>Du har v\u00e4l inte missat att anm\u00e4la dig? DjurID.se \u00e4r svenska kennelklubbens stora \u00e4garregister. H\u00e4r kan du l\u00e4sa mer om hur man kan f\u00e5 hj\u00e4lp som djur\u00e4gare att hitta en bortsprungen katt eller hund. Om du har hittat en bortsprungen katt eller hund kan du med hj\u00e4lp av registret dygnet runt f\u00f6rs\u00f6ka sp\u00e5ra djurets \u00e4gare. Registret samarbetar med Europetnet (en tj\u00e4nst som anv\u00e4nds i hela europa). Bra att veta om&hellip;<\/p>\n<p><a class=\"more-link\" href=\"https:\/\/www.djurskyddet.se\/karlshamn\/tips\/djurid\/\" title=\"Continue reading &lsquo;DjurID&rsquo;\">L&auml;s mer<span class=\"meta-nav\">&raquo;<\/span><\/a><\/p>\n","protected":false},"author":3,"featured_media":0,"parent":5518,"menu_order":0,"comment_status":"closed","ping_status":"closed","template":"page-templates\/left-sidebar.php","meta":{"_acf_changed":false,"footnotes":""},"class_list":["post-5695","page","type-page","status-publish","hentry"],"acf":[],"_links":{"self":[{"href":"https:\/\/www.djurskyddet.se\/karlshamn\/wp-json\/wp\/v2\/pages\/5695","targetHints":{"allow":["GET"]}}],"collection":[{"href":"https:\/\/www.djurskyddet.se\/karlshamn\/wp-json\/wp\/v2\/pages"}],"about":[{"href":"https:\/\/www.djurskyddet.se\/karlshamn\/wp-json\/wp\/v2\/types\/page"}],"author":[{"embeddable":true,"href":"https:\/\/www.djurskyddet.se\/karlshamn\/wp-json\/wp\/v2\/users\/3"}],"replies":[{"embeddable":true,"href":"https:\/\/www.djurskyddet.se\/karlshamn\/wp-json\/wp\/v2\/comments?post=5695"}],"version-history":[{"count":7,"href":"https:\/\/www.djurskyddet.se\/karlshamn\/wp-json\/wp\/v2\/pages\/5695\/revisions"}],"predecessor-version":[{"id":7960,"href":"https:\/\/www.djurskyddet.se\/karlshamn\/wp-json\/wp\/v2\/pages\/5695\/revisions\/7960"}],"up":[{"embeddable":true,"href":"https:\/\/www.djurskyddet.se\/karlshamn\/wp-json\/wp\/v2\/pages\/5518"}],"wp:attachment":[{"href":"https:\/\/www.djurskyddet.se\/karlshamn\/wp-json\/wp\/v2\/media?parent=5695"}],"curies":[{"name":"wp","href":"https:\/\/api.w.org\/{rel}","templated":true}]}}