{"id":6208,"date":"2020-02-12T18:42:59","date_gmt":"2020-02-12T18:42:59","guid":{"rendered":"https:\/\/www.djurskyddet.se\/karlshamn\/?page_id=6208"},"modified":"2026-04-25T17:34:38","modified_gmt":"2026-04-25T17:34:38","slug":"kravadoption","status":"publish","type":"page","link":"https:\/\/www.djurskyddet.se\/karlshamn\/adoptering\/kravadoption\/","title":{"rendered":"Krav p\u00e5 Adoption"},"content":{"rendered":"\n<p><strong>Vad kostar en Katt?<\/strong><br> Djurskyddet Karlshamn f\u00e5r ofta fr\u00e5gan \u201dHur mycket kostar en katt hos er\u201d?<br> Vi vill i f\u00f6rsta hand att katten (eller annat djur) f\u00e5r ett varmt, tryggt och k\u00e4rleksfullt hem. <\/p>\n\n\n\n<p><strong>Vad beg\u00e4r vi?<\/strong><br> *Alla v\u00e5ra katter \u00e4r unders\u00f6kta av veterin\u00e4r (Hemveterin\u00e4ren Lena i Blekinge), de \u00e4r vaccinerade, avmaskade och chippade. Har de uppn\u00e5tt k\u00f6nsmogen \u00e5lder innan flytten, \u00e4r de ocks\u00e5 kastrerade.<br> *Vi vill att du blir medlem i Djurskyddet Karlshamn n\u00e4r du h\u00e4mtar katten. Det kostar 240 kr per \u00e5r. <br>*Att adoptera en katt kostar 1300 kr. <br><br>Om du \u00e4r medlem i Djurskyddet Karlshamn och har adopterat en katt fr\u00e5n oss, <br>kan du ans\u00f6ka efter ett <a href=\"https:\/\/www.djurskyddet.se\/karlshamn\/medlem\/kastreringsbidrag\/\">kastreringsbidrag<\/a> mot <strong>uppvisande av kvitto<\/strong> och att <strong>katten st\u00e5r registrerad p\u00e5 dig (chipp nummer)<\/strong>.<br><br><strong>Vi vill att du bes\u00f6ker katten du t\u00e4nker adoptera i f\u00f6rv\u00e4g f\u00f6r att s\u00e4kerst\u00e4lla att det \u00e4r r\u00e4tt katt f\u00f6r Dig!<\/strong><\/p>\n\n\n\n<hr class=\"wp-block-separator has-css-opacity is-style-default\" \/>\n\n\n\n<p><strong>Nedan finns v\u00e5ra \u00d6verl\u00e5telsevillkor vid adoption<\/strong>:<br><br><a rel=\"noreferrer noopener\" aria-label=\" (\u00f6ppnas i en ny flik)\" href=\"https:\/\/www.djurskyddet.se\/karlshamn\/wp-content\/uploads\/sites\/19\/2020\/07\/%C3%96verl%C3%A5telsevillkorkarlshamn.pdf\" target=\"_blank\">\u00d6verl\u00e5telsevillkor<\/a><\/p>\n\n\n\n<hr class=\"wp-block-separator has-css-opacity is-style-wide\" \/>\n\n\n<div class=\"wp-block-image\">\n<figure class=\"aligncenter is-resized\"><img loading=\"lazy\" decoding=\"async\" width=\"720\" height=\"960\" src=\"https:\/\/www.djurskyddet.se\/karlshamn\/wp-content\/uploads\/sites\/19\/2020\/03\/grynet2.jpg\" alt=\"\" class=\"wp-image-6599\" style=\"width:251px;height:335px\" srcset=\"https:\/\/www.djurskyddet.se\/karlshamn\/wp-content\/uploads\/sites\/19\/2020\/03\/grynet2.jpg 720w, https:\/\/www.djurskyddet.se\/karlshamn\/wp-content\/uploads\/sites\/19\/2020\/03\/grynet2-225x300.jpg 225w, https:\/\/www.djurskyddet.se\/karlshamn\/wp-content\/uploads\/sites\/19\/2020\/03\/grynet2-400x533.jpg 400w\" sizes=\"auto, (max-width: 720px) 100vw, 720px\" \/><figcaption class=\"wp-element-caption\">Grynet<\/figcaption><\/figure><\/div>\n\n\n<p>Senast uppdaterad: 27\/11\/2020<\/p>\n","protected":false},"excerpt":{"rendered":"<p>Vad kostar en Katt? Djurskyddet Karlshamn f\u00e5r ofta fr\u00e5gan \u201dHur mycket kostar en katt hos er\u201d? Vi vill i f\u00f6rsta hand att katten (eller annat djur) f\u00e5r ett varmt, tryggt och k\u00e4rleksfullt hem. Vad beg\u00e4r vi? *Alla v\u00e5ra katter \u00e4r unders\u00f6kta av veterin\u00e4r (Hemveterin\u00e4ren Lena i Blekinge), de \u00e4r vaccinerade, avmaskade och chippade. Har de uppn\u00e5tt k\u00f6nsmogen \u00e5lder innan flytten, \u00e4r de ocks\u00e5 kastrerade. *Vi vill att du blir medlem&hellip;<\/p>\n<p><a class=\"more-link\" href=\"https:\/\/www.djurskyddet.se\/karlshamn\/adoptering\/kravadoption\/\" title=\"Continue reading &lsquo;Krav p\u00e5 Adoption&rsquo;\">L&auml;s mer<span class=\"meta-nav\">&raquo;<\/span><\/a><\/p>\n","protected":false},"author":17,"featured_media":0,"parent":5507,"menu_order":0,"comment_status":"closed","ping_status":"closed","template":"left-sidebar.php","meta":{"_acf_changed":false,"footnotes":""},"class_list":["post-6208","page","type-page","status-publish","hentry"],"acf":[],"_links":{"self":[{"href":"https:\/\/www.djurskyddet.se\/karlshamn\/wp-json\/wp\/v2\/pages\/6208","targetHints":{"allow":["GET"]}}],"collection":[{"href":"https:\/\/www.djurskyddet.se\/karlshamn\/wp-json\/wp\/v2\/pages"}],"about":[{"href":"https:\/\/www.djurskyddet.se\/karlshamn\/wp-json\/wp\/v2\/types\/page"}],"author":[{"embeddable":true,"href":"https:\/\/www.djurskyddet.se\/karlshamn\/wp-json\/wp\/v2\/users\/17"}],"replies":[{"embeddable":true,"href":"https:\/\/www.djurskyddet.se\/karlshamn\/wp-json\/wp\/v2\/comments?post=6208"}],"version-history":[{"count":24,"href":"https:\/\/www.djurskyddet.se\/karlshamn\/wp-json\/wp\/v2\/pages\/6208\/revisions"}],"predecessor-version":[{"id":7853,"href":"https:\/\/www.djurskyddet.se\/karlshamn\/wp-json\/wp\/v2\/pages\/6208\/revisions\/7853"}],"up":[{"embeddable":true,"href":"https:\/\/www.djurskyddet.se\/karlshamn\/wp-json\/wp\/v2\/pages\/5507"}],"wp:attachment":[{"href":"https:\/\/www.djurskyddet.se\/karlshamn\/wp-json\/wp\/v2\/media?parent=6208"}],"curies":[{"name":"wp","href":"https:\/\/api.w.org\/{rel}","templated":true}]}}