{"id":7961,"date":"2026-04-26T16:42:59","date_gmt":"2026-04-26T16:42:59","guid":{"rendered":"https:\/\/www.djurskyddet.se\/karlshamn\/?page_id=7961"},"modified":"2026-04-26T16:52:01","modified_gmt":"2026-04-26T16:52:01","slug":"har-du-hittat-ett-husdjur","status":"publish","type":"page","link":"https:\/\/www.djurskyddet.se\/karlshamn\/har-du-hittat-ett-husdjur\/","title":{"rendered":"Har du hittat ett husdjur?"},"content":{"rendered":"\n<p>Har du tappat bort eller hittat ett djur?<\/p>\n\n\n\n<p>Sedan 1 januari 2023 g\u00e4ller lagkrav p\u00e5 att katter ska vara ID-m\u00e4rkta och registrerade hos Jordbruksverket. Detta \u00f6kar chansen att snabbt kunna \u00e5terf\u00f6rena djur med sina \u00e4gare.<\/p>\n\n\n\n<p>Om du har hittat ett djur:<br>B\u00f6rja med att kontrollera om djuret \u00e4r ID-m\u00e4rkt. Det kan du g\u00f6ra via olika register, till exempel <a href=\"https:\/\/www.djurid.se\/\" data-type=\"link\" data-id=\"https:\/\/www.djurid.se\/\">DjurID<\/a>.<\/p>\n\n\n\n<p>Om du har tappat bort ett djur:<br>Du kan l\u00e4gga upp en efterlysning via <a href=\"https:\/\/www.vilse.nu\/\" data-type=\"link\" data-id=\"https:\/\/www.vilse.nu\/\">Vilse.nu<\/a> d\u00e4r du ocks\u00e5 kan s\u00f6ka efter upphittade djur.<\/p>\n\n\n\n<p>Unders\u00f6k f\u00f6rst om katten \u00e4r ID-m\u00e4rkt, tatuering i \u00f6rat eller \u00e4r chippad!<br>Veterin\u00e4r, polis eller Djurskyddet Karlshamn kan hj\u00e4lpa till att l\u00e4sa av ett chip.<br>Finns det en m\u00e4rkning kolla med&nbsp;<a href=\"https:\/\/hundar.skk.se\/agarreg\">https:\/\/hundar.skk.se\/agarreg<\/a><\/p>\n\n\n\n<p><strong>Djurskyddet I Karlshamn har inget tillst\u00e5nd att ta emot vilda vuxna katter.<br>Ungkatter\/Kattungars status bed\u00f6ms i samr\u00e5d med veterin\u00e4r.<br><\/strong><br>Vi hj\u00e4lper till i den m\u00e5n vi har m\u00f6jlighet med omplacering av s\u00e4llskapsdjur och ger tips om vad man kan g\u00f6ra i olika situationer!<\/p>\n\n\n\n<p>L\u00e4nkar:<br>Jordbruksverket \u2013 registrering av katt<br><a href=\"https:\/\/www.jordbruksverket.se\/\">https:\/\/www.jordbruksverket.se\/<\/a><\/p>\n\n\n\n<p>DjurID<br><a href=\"https:\/\/www.djurid.se\/\">https:\/\/www.djurid.se\/<\/a><\/p>\n\n\n\n<p>Vilse.nu<br><a href=\"https:\/\/www.vilse.nu\/\">https:\/\/www.vilse.nu\/<\/a><\/p>\n\n\n\n<figure class=\"wp-block-image size-large\"><img loading=\"lazy\" decoding=\"async\" width=\"1024\" height=\"583\" src=\"https:\/\/www.djurskyddet.se\/karlshamn\/wp-content\/uploads\/sites\/19\/2021\/01\/findus_2019-1024x583.jpg\" alt=\"\" class=\"wp-image-7304\" srcset=\"https:\/\/www.djurskyddet.se\/karlshamn\/wp-content\/uploads\/sites\/19\/2021\/01\/findus_2019.jpg 1024w, https:\/\/www.djurskyddet.se\/karlshamn\/wp-content\/uploads\/sites\/19\/2021\/01\/findus_2019-300x171.jpg 300w, https:\/\/www.djurskyddet.se\/karlshamn\/wp-content\/uploads\/sites\/19\/2021\/01\/findus_2019-768x437.jpg 768w, https:\/\/www.djurskyddet.se\/karlshamn\/wp-content\/uploads\/sites\/19\/2021\/01\/findus_2019-400x228.jpg 400w\" sizes=\"auto, (max-width: 1024px) 100vw, 1024px\" \/><\/figure>\n","protected":false},"excerpt":{"rendered":"<p>Har du tappat bort eller hittat ett djur? Sedan 1 januari 2023 g\u00e4ller lagkrav p\u00e5 att katter ska vara ID-m\u00e4rkta och registrerade hos Jordbruksverket. Detta \u00f6kar chansen att snabbt kunna \u00e5terf\u00f6rena djur med sina \u00e4gare. Om du har hittat ett djur:B\u00f6rja med att kontrollera om djuret \u00e4r ID-m\u00e4rkt. Det kan du g\u00f6ra via olika register, till exempel DjurID. Om du har tappat bort ett djur:Du kan l\u00e4gga upp en efterlysning&hellip;<\/p>\n<p><a class=\"more-link\" href=\"https:\/\/www.djurskyddet.se\/karlshamn\/har-du-hittat-ett-husdjur\/\" title=\"Continue reading &lsquo;Har du hittat ett husdjur?&rsquo;\">L&auml;s mer<span class=\"meta-nav\">&raquo;<\/span><\/a><\/p>\n","protected":false},"author":17,"featured_media":0,"parent":0,"menu_order":0,"comment_status":"closed","ping_status":"closed","template":"","meta":{"_acf_changed":false,"footnotes":""},"class_list":["post-7961","page","type-page","status-publish","hentry"],"acf":[],"_links":{"self":[{"href":"https:\/\/www.djurskyddet.se\/karlshamn\/wp-json\/wp\/v2\/pages\/7961","targetHints":{"allow":["GET"]}}],"collection":[{"href":"https:\/\/www.djurskyddet.se\/karlshamn\/wp-json\/wp\/v2\/pages"}],"about":[{"href":"https:\/\/www.djurskyddet.se\/karlshamn\/wp-json\/wp\/v2\/types\/page"}],"author":[{"embeddable":true,"href":"https:\/\/www.djurskyddet.se\/karlshamn\/wp-json\/wp\/v2\/users\/17"}],"replies":[{"embeddable":true,"href":"https:\/\/www.djurskyddet.se\/karlshamn\/wp-json\/wp\/v2\/comments?post=7961"}],"version-history":[{"count":2,"href":"https:\/\/www.djurskyddet.se\/karlshamn\/wp-json\/wp\/v2\/pages\/7961\/revisions"}],"predecessor-version":[{"id":7966,"href":"https:\/\/www.djurskyddet.se\/karlshamn\/wp-json\/wp\/v2\/pages\/7961\/revisions\/7966"}],"wp:attachment":[{"href":"https:\/\/www.djurskyddet.se\/karlshamn\/wp-json\/wp\/v2\/media?parent=7961"}],"curies":[{"name":"wp","href":"https:\/\/api.w.org\/{rel}","templated":true}]}}