{"id":5725,"date":"2025-10-10T14:04:18","date_gmt":"2025-10-10T14:04:18","guid":{"rendered":"https:\/\/www.djurskyddet.se\/karlskrona\/?page_id=5725"},"modified":"2025-10-29T15:19:16","modified_gmt":"2025-10-29T15:19:16","slug":"skotselrad","status":"publish","type":"page","link":"https:\/\/www.djurskyddet.se\/karlskrona\/skotselrad\/","title":{"rendered":"Sk\u00f6tselr\u00e5d"},"content":{"rendered":"\n<p>Innan du skaffar ett djur t\u00e4nk efter om du verkligen har kunskaper, tid, ekonomi och intresse f\u00f6r att ge djuret ett livsl\u00e5ngt och bra hem. H\u00e4r kommer f\u00f6rslag p\u00e5 sidor d\u00e4r du kan l\u00e4sa p\u00e5 vad som kr\u00e4vs f\u00f6r att djuret ska m\u00e5 bra hos dig. Oavsett djurslag kr\u00e4vs att du vet hur djuret ska sk\u00f6tas. H\u00e4r kan du l\u00e4ra dig mer om du vill skaffa akvariefiskar, gnagare, hund, h\u00e4st, kanin, katt, reptiler, groddjur eller s\u00e4llskapsf\u00e5gel. L\u00e4s detta INNAN du skaffar djuret <a href=\"https:\/\/www.djurskyddet.se\/tips\/blivande-djuragare\/\">Blivande djur\u00e4gare \u2013 Djurskyddet<\/a><\/p>\n\n\n\n<figure class=\"wp-block-image size-full\"><img loading=\"lazy\" decoding=\"async\" width=\"269\" height=\"180\" src=\"https:\/\/www.djurskyddet.se\/karlskrona\/wp-content\/uploads\/sites\/61\/2025\/10\/image-14.png\" alt=\"\" class=\"wp-image-5747\" \/><\/figure>\n\n\n\n<h3 class=\"wp-block-heading\"><strong>Lagar g\u00e4llande Kastrering, ID-m\u00e4rkning och Registrering<\/strong><\/h3>\n\n\n\n<p>Fr\u00e5n 2020 finns rekommendationer fr\u00e5n Jordbruksverket som s\u00e4ger att katt\u00e4gare som l\u00e5ter sin katt g\u00e5 ute m\u00e5ste se till att den inte kan f\u00f6r\u00f6ka sig oplanerat.<\/p>\n\n\n\n<p>1 januari 2023 tr\u00e4der en ny lag i kraft som s\u00e4ger att alla katter f\u00f6dda efter 2008 m\u00e5ste ID-m\u00e4rkas och registreras hos Jordbruksverket. Sedan 2001 \u00e4r det lag p\u00e5 att registrera sin hund.<\/p>\n\n\n\n<p>Kastrering \u00e4r tillsammans med ID-m\u00e4rkning och registrering de viktigaste f\u00f6rebyggande \u00e5tg\u00e4rderna f\u00f6r att minska antalet heml\u00f6sa katter. Djurskyddet har drivit dessa fr\u00e5gor i m\u00e5nga \u00e5r.<\/p>\n\n\n\n<p>Djurens motsvarighet till m\u00e4nniskans 1177.<\/p>\n\n\n\n<p><a href=\"https:\/\/www.svenskveterinartidning.se\/2288-djurens-vardguide\/\">2288 \u2013 Djurens v\u00e5rdguide &#8211; Svensk Veterin\u00e4rstidning<\/a><\/p>\n\n\n\n<p><a href=\"https:\/\/jordbruksverket.se\/djur\/hundar-katter-och-smadjur\">Hundar, katter och sm\u00e5djur &#8211; Jordbruksverket.se<\/a> <\/p>\n\n\n\n<p><a href=\"https:\/\/www.skvf.se\/\">skvf.se<\/a><\/p>\n\n\n\n<figure class=\"wp-block-image size-full\"><img loading=\"lazy\" decoding=\"async\" width=\"200\" height=\"122\" src=\"https:\/\/www.djurskyddet.se\/karlskrona\/wp-content\/uploads\/sites\/61\/2025\/10\/image-7.png\" alt=\"\" class=\"wp-image-5726\" \/><\/figure>\n\n\n\n<p><a href=\"https:\/\/www.svenskamarsvinsforeningen.se\/\">Svenska Marsvinsf\u00f6reningen \u2013 Ideell f\u00f6rening<\/a> <\/p>\n\n\n\n<figure class=\"wp-block-image size-large\"><img loading=\"lazy\" decoding=\"async\" width=\"1024\" height=\"247\" src=\"https:\/\/www.djurskyddet.se\/karlskrona\/wp-content\/uploads\/sites\/61\/2025\/10\/image-8-1024x247.png\" alt=\"\" class=\"wp-image-5727\" srcset=\"https:\/\/www.djurskyddet.se\/karlskrona\/wp-content\/uploads\/sites\/61\/2025\/10\/image-8-1024x247.png 1024w, https:\/\/www.djurskyddet.se\/karlskrona\/wp-content\/uploads\/sites\/61\/2025\/10\/image-8-300x72.png 300w, https:\/\/www.djurskyddet.se\/karlskrona\/wp-content\/uploads\/sites\/61\/2025\/10\/image-8-768x185.png 768w, https:\/\/www.djurskyddet.se\/karlskrona\/wp-content\/uploads\/sites\/61\/2025\/10\/image-8-400x96.png 400w, https:\/\/www.djurskyddet.se\/karlskrona\/wp-content\/uploads\/sites\/61\/2025\/10\/image-8.png 1038w\" sizes=\"auto, (max-width: 1024px) 100vw, 1024px\" \/><\/figure>\n\n\n\n<p>\u00c4r du intresserad av sk\u00f6ldpaddor, \u00f6dlar, grodor eller ormar s\u00e5 finns h\u00e4r mycket att l\u00e4sa. <a href=\"https:\/\/www.terrariedjur.se\/caresheet\">Terrariedjur.se &#8211; Communityn f\u00f6r folk med intresse f\u00f6r terrariedjur | Terrariedjur.se<\/a><\/p>\n\n\n\n<p><a href=\"https:\/\/www.skk.se\/aga-hund\/\">\u00c4ga hund<\/a>  <\/p>\n\n\n\n<figure class=\"wp-block-image size-full\"><img loading=\"lazy\" decoding=\"async\" width=\"115\" height=\"112\" src=\"https:\/\/www.djurskyddet.se\/karlskrona\/wp-content\/uploads\/sites\/61\/2025\/10\/image-9.png\" alt=\"\" class=\"wp-image-5728\" \/><\/figure>\n\n\n\n<p><a href=\"https:\/\/www.sverak.se\/for-kattagare\/huskatt\/\">Huskatt \u2013 Kattf\u00f6rbundet SVERAK<\/a>  <\/p>\n\n\n\n<figure class=\"wp-block-image size-full\"><img loading=\"lazy\" decoding=\"async\" width=\"238\" height=\"208\" src=\"https:\/\/www.djurskyddet.se\/karlskrona\/wp-content\/uploads\/sites\/61\/2025\/10\/image-10.png\" alt=\"\" class=\"wp-image-5729\" \/><\/figure>\n\n\n\n<figure class=\"wp-block-image size-full is-resized\"><img loading=\"lazy\" decoding=\"async\" width=\"768\" height=\"512\" src=\"https:\/\/www.djurskyddet.se\/karlskrona\/wp-content\/uploads\/sites\/61\/2025\/10\/image-19.png\" alt=\"\" class=\"wp-image-5805\" style=\"width:375px;height:auto\" srcset=\"https:\/\/www.djurskyddet.se\/karlskrona\/wp-content\/uploads\/sites\/61\/2025\/10\/image-19.png 768w, https:\/\/www.djurskyddet.se\/karlskrona\/wp-content\/uploads\/sites\/61\/2025\/10\/image-19-300x200.png 300w, https:\/\/www.djurskyddet.se\/karlskrona\/wp-content\/uploads\/sites\/61\/2025\/10\/image-19-400x267.png 400w\" sizes=\"auto, (max-width: 768px) 100vw, 768px\" \/><\/figure>\n\n\n\n<p><a href=\"https:\/\/hastsverige.se\/\">H\u00e4star &#8211; Allt om h\u00e4sten med H\u00e4stSverige<\/a> <\/p>\n\n\n\n<figure class=\"wp-block-image size-full\"><img loading=\"lazy\" decoding=\"async\" width=\"262\" height=\"84\" src=\"https:\/\/www.djurskyddet.se\/karlskrona\/wp-content\/uploads\/sites\/61\/2025\/10\/image-11.png\" alt=\"\" class=\"wp-image-5730\" \/><\/figure>\n\n\n\n<p><a href=\"https:\/\/tamfagel.se\/Skotselrad.htm\">Tamf\u00e5gel.se &#8211; Tamf\u00e5gel\u00e4gares guide p\u00e5 Internet<\/a> <\/p>\n\n\n\n<p>Djursjukhusf\u00f6retagen Anicura och Evidensia har bra sidor att l\u00e4sa om hur olika djurslag ska sk\u00f6tas.<\/p>\n\n\n\n<p>Jordbruksverket \u00e4r den myndighet i Sverige som ansvarar f\u00f6r djurskyddet. H\u00e4r kan du l\u00e4sa vad som g\u00e4ller f\u00f6r olika djurslag i Sverige. Det finns mycket information h\u00e4r s\u00e5 l\u00e4s och l\u00e4r!<\/p>\n\n\n\n<p><a href=\"https:\/\/jordbruksverket.se\/djur\">Djur, foder och produkter fr\u00e5n djur &#8211; Jordbruksverket.se<\/a><\/p>\n\n\n\n<p>H\u00e4r finner du information om djurskyddslagstiftningen i Sverige. <a href=\"https:\/\/jordbruksverket.se\/djur\/djurskydd-smittskydd-djurhalsa-och-folkhalsa\/djurskyddet-i-sverige\">Djurskyddet i Sverige &#8211; Jordbruksverket.se<\/a><\/p>\n\n\n\n<p><\/p>\n\n\n\n<h3 class=\"wp-block-heading\" id=\"om-olyckan-ar-framme-och-du-kor-pa-ett-djur\"><strong>Hj\u00e4lp med transport av djur:<\/strong><\/h3>\n\n\n\n<p><br><a href=\"https:\/\/www.svenskadjurambulansen.se\/\" target=\"_blank\" rel=\"noreferrer noopener\">https:\/\/www.svenskadjurambulansen.se\/<\/a>, 0771 \u2013 999 112<\/p>\n\n\n\n<p><br><strong>Exempel p\u00e5 vad de kan hj\u00e4lpa till med:<\/strong><br>\u25cf Du har ett akut sjukt eller skadat husdjur och beh\u00f6ver hj\u00e4lp med transport.<br>\u25cf Du har hittat en skadad f\u00e5gel, igelkott eller ekorre.<br>( OBS! Larm eller fr\u00e5gor kring utryckningar skall alltid ringas in.)<\/p>\n\n\n\n<figure class=\"wp-block-image size-full is-resized\"><img loading=\"lazy\" decoding=\"async\" width=\"1024\" height=\"1024\" src=\"https:\/\/www.djurskyddet.se\/karlskrona\/wp-content\/uploads\/sites\/61\/2025\/10\/IMG_3907.jpg\" alt=\"\" class=\"wp-image-5699\" style=\"width:350px;height:auto\" srcset=\"https:\/\/www.djurskyddet.se\/karlskrona\/wp-content\/uploads\/sites\/61\/2025\/10\/IMG_3907.jpg 1024w, https:\/\/www.djurskyddet.se\/karlskrona\/wp-content\/uploads\/sites\/61\/2025\/10\/IMG_3907-300x300.jpg 300w, https:\/\/www.djurskyddet.se\/karlskrona\/wp-content\/uploads\/sites\/61\/2025\/10\/IMG_3907-150x150.jpg 150w, https:\/\/www.djurskyddet.se\/karlskrona\/wp-content\/uploads\/sites\/61\/2025\/10\/IMG_3907-768x768.jpg 768w, https:\/\/www.djurskyddet.se\/karlskrona\/wp-content\/uploads\/sites\/61\/2025\/10\/IMG_3907-400x400.jpg 400w\" sizes=\"auto, (max-width: 1024px) 100vw, 1024px\" \/><\/figure>\n\n\n\n<p><\/p>\n","protected":false},"excerpt":{"rendered":"<p>Innan du skaffar ett djur t\u00e4nk efter om du verkligen har kunskaper, tid, ekonomi och intresse f\u00f6r att ge djuret ett livsl\u00e5ngt och bra hem. H\u00e4r kommer f\u00f6rslag p\u00e5 sidor d\u00e4r du kan l\u00e4sa p\u00e5 vad som kr\u00e4vs f\u00f6r att djuret ska m\u00e5 bra hos dig. Oavsett djurslag kr\u00e4vs att du vet hur djuret ska sk\u00f6tas. H\u00e4r kan du l\u00e4ra dig mer om du vill skaffa akvariefiskar, gnagare, hund, h\u00e4st,&hellip;<\/p>\n<p><a class=\"more-link\" href=\"https:\/\/www.djurskyddet.se\/karlskrona\/skotselrad\/\" title=\"Continue reading &lsquo;Sk\u00f6tselr\u00e5d&rsquo;\">L&auml;s mer<span class=\"meta-nav\">&raquo;<\/span><\/a><\/p>\n","protected":false},"author":82,"featured_media":0,"parent":0,"menu_order":0,"comment_status":"closed","ping_status":"closed","template":"","meta":{"_acf_changed":false,"footnotes":""},"class_list":["post-5725","page","type-page","status-publish","hentry"],"acf":[],"_links":{"self":[{"href":"https:\/\/www.djurskyddet.se\/karlskrona\/wp-json\/wp\/v2\/pages\/5725","targetHints":{"allow":["GET"]}}],"collection":[{"href":"https:\/\/www.djurskyddet.se\/karlskrona\/wp-json\/wp\/v2\/pages"}],"about":[{"href":"https:\/\/www.djurskyddet.se\/karlskrona\/wp-json\/wp\/v2\/types\/page"}],"author":[{"embeddable":true,"href":"https:\/\/www.djurskyddet.se\/karlskrona\/wp-json\/wp\/v2\/users\/82"}],"replies":[{"embeddable":true,"href":"https:\/\/www.djurskyddet.se\/karlskrona\/wp-json\/wp\/v2\/comments?post=5725"}],"version-history":[{"count":14,"href":"https:\/\/www.djurskyddet.se\/karlskrona\/wp-json\/wp\/v2\/pages\/5725\/revisions"}],"predecessor-version":[{"id":5889,"href":"https:\/\/www.djurskyddet.se\/karlskrona\/wp-json\/wp\/v2\/pages\/5725\/revisions\/5889"}],"wp:attachment":[{"href":"https:\/\/www.djurskyddet.se\/karlskrona\/wp-json\/wp\/v2\/media?parent=5725"}],"curies":[{"name":"wp","href":"https:\/\/api.w.org\/{rel}","templated":true}]}}