{"id":5603,"date":"2020-02-13T14:57:05","date_gmt":"2020-02-13T14:57:05","guid":{"rendered":"https:\/\/www.djurskyddet.se\/karlstad\/?page_id=5603"},"modified":"2023-01-15T16:42:47","modified_gmt":"2023-01-15T16:42:47","slug":"kontakt","status":"publish","type":"page","link":"https:\/\/www.djurskyddet.se\/karlstad\/kontakt\/","title":{"rendered":"Kontakt"},"content":{"rendered":"\n<p>Du \u00e4r v\u00e4lkommen att h\u00f6ra av dig! Beroende p\u00e5 vad ditt \u00e4rende g\u00e4ller finns det olika s\u00e4tt att s\u00e4tt att kontakta oss, b\u00e5de via email, post och telefon.<\/p>\n\n\n\n<p class=\"has-vivid-cyan-blue-color has-text-color has-normal-font-size\"><a href=\"https:\/\/www.djurskyddet.se\/karlstad\/soker-for-alltid-hem\/\">Om du \u00e4r intresserad av att adoptera katt fr\u00e5n oss, klicka dig vidare h\u00e4r.<\/a><\/p>\n\n\n\n<p><strong>V\u00e4nligen respektera att personalen p\u00e5 djurhemmet alltid m\u00e5ste prioritera djuren i v\u00e5r verksamhet.<\/strong>&nbsp;Vissa dagar har vi f\u00e4ltarbete, och vissa dagar arbetar vi med akuta veterin\u00e4r\u00e4renden. Om du inte n\u00e5r oss direkt beror det p\u00e5 att personalen arbetar med prioriterade \u00e4renden, och d\u00e5 \u00e5terkommer vi till dig s\u00e5 snart vi har m\u00f6jlighet.&nbsp;<\/p>\n\n\n\n<p>V\u00e4lkommen att h\u00f6ra av dig!<\/p>\n\n\n\n<p class=\"has-medium-font-size\"><strong>KONTAKTUPPGIFTER   <\/strong><\/p>\n\n\n\n<p><strong>G\u00e4llande adoption av katt, djurskydds\u00e4renden, upphittade katter, l\u00e5n av f\u00e4lla<\/strong> <strong>kontakta djurhemmet<\/strong> via mail: kontakt@djurskyddetkarlstad.se, eller p\u00e5 telefon: 072-520 00 28. Vi svarar i telefon i m\u00e5n av tid men prata in ett tydligt meddelande d\u00e4r du uppger namn, \u00e4rende och telefonnummer s\u00e5 ringer vi upp s\u00e5 fort vi f\u00e5r tid.<\/p>\n\n\n\n<p><strong>Medlemskap         <\/strong>                                         maila till: medlemskap@djurskyddetkarlstad.se <\/p>\n\n\n\n<p><strong>Vill du bli jourhem?<\/strong>                                       Maila till: blijourhem@djurskyddetkarlstad.se<\/p>\n\n\n\n<p><strong>Vill du bli volont\u00e4r?<\/strong>                                       Fyll i formul\u00e4ret l\u00e4ngst ner p\u00e5 denna sida: <a href=\"https:\/\/www.djurskyddet.se\/karlstad\/helgpassare\/\">https:\/\/www.djurskyddet.se\/karlstad\/helgpassare\/<\/a><\/p>\n\n\n\n<p><strong>F\u00f6renings\u00e4renden, jobb\/praktik, media, kondoleanser<\/strong>          maila till: styrelsen@djurskyddetkarlstad.se<br><\/p>\n\n\n\n<p><strong>Valberedning<\/strong>                                                  maila till:valberedning@djurskyddetkarlstad.se<\/p>\n\n\n\n<p>I v\u00e5r&nbsp;<a href=\"https:\/\/www.djurskyddet.se\/karlstad\/integritetspolicy\/\">integritetspolicy<\/a>&nbsp;kan du l\u00e4sa om hur vi hanterar personuppgifter.<\/p>\n\n\n\n<p>V\u00e5r adress \u00e4r:<br><strong>Djurskyddet Karlstad<\/strong><br><strong>Norra Grava 714<\/strong><br><strong>655 91 Karlstad<\/strong><\/p>\n\n\n\n<p><\/p>\n","protected":false},"excerpt":{"rendered":"<p>Du \u00e4r v\u00e4lkommen att h\u00f6ra av dig! Beroende p\u00e5 vad ditt \u00e4rende g\u00e4ller finns det olika s\u00e4tt att s\u00e4tt att kontakta oss, b\u00e5de via email, post och telefon. Om du \u00e4r intresserad av att adoptera katt fr\u00e5n oss, klicka dig vidare h\u00e4r. V\u00e4nligen respektera att personalen p\u00e5 djurhemmet alltid m\u00e5ste prioritera djuren i v\u00e5r verksamhet.&nbsp;Vissa dagar har vi f\u00e4ltarbete, och vissa dagar arbetar vi med akuta veterin\u00e4r\u00e4renden. Om du inte&hellip;<\/p>\n<p><a class=\"more-link\" href=\"https:\/\/www.djurskyddet.se\/karlstad\/kontakt\/\" title=\"Continue reading &lsquo;Kontakt&rsquo;\">L&auml;s mer<span class=\"meta-nav\">&raquo;<\/span><\/a><\/p>\n","protected":false},"author":3,"featured_media":0,"parent":0,"menu_order":0,"comment_status":"closed","ping_status":"closed","template":"left-sidebar.php","meta":{"_acf_changed":false,"footnotes":""},"class_list":["post-5603","page","type-page","status-publish","hentry"],"acf":[],"_links":{"self":[{"href":"https:\/\/www.djurskyddet.se\/karlstad\/wp-json\/wp\/v2\/pages\/5603","targetHints":{"allow":["GET"]}}],"collection":[{"href":"https:\/\/www.djurskyddet.se\/karlstad\/wp-json\/wp\/v2\/pages"}],"about":[{"href":"https:\/\/www.djurskyddet.se\/karlstad\/wp-json\/wp\/v2\/types\/page"}],"author":[{"embeddable":true,"href":"https:\/\/www.djurskyddet.se\/karlstad\/wp-json\/wp\/v2\/users\/3"}],"replies":[{"embeddable":true,"href":"https:\/\/www.djurskyddet.se\/karlstad\/wp-json\/wp\/v2\/comments?post=5603"}],"version-history":[{"count":58,"href":"https:\/\/www.djurskyddet.se\/karlstad\/wp-json\/wp\/v2\/pages\/5603\/revisions"}],"predecessor-version":[{"id":7847,"href":"https:\/\/www.djurskyddet.se\/karlstad\/wp-json\/wp\/v2\/pages\/5603\/revisions\/7847"}],"wp:attachment":[{"href":"https:\/\/www.djurskyddet.se\/karlstad\/wp-json\/wp\/v2\/media?parent=5603"}],"curies":[{"name":"wp","href":"https:\/\/api.w.org\/{rel}","templated":true}]}}