{"id":5613,"date":"2020-02-13T15:34:21","date_gmt":"2020-02-13T15:34:21","guid":{"rendered":"https:\/\/www.djurskyddet.se\/karlstad\/?page_id=5613"},"modified":"2025-04-13T18:48:31","modified_gmt":"2025-04-13T18:48:31","slug":"djurvilan","status":"publish","type":"page","link":"https:\/\/www.djurskyddet.se\/karlstad\/djurvilan\/","title":{"rendered":"Djurvilan"},"content":{"rendered":"\n<p>En \u00e4lskad familjemedlem l\u00e4mnar alltid ett stort tomrum efter sig, vare sig det \u00e4r en m\u00e4nniska eller ett husdjur. D\u00e4rf\u00f6r anser vi p\u00e5 Djurskyddet Karlstad att det \u00e4r viktigt att \u00e4ven v\u00e5ra husdjur ges m\u00f6jlighet att f\u00e5 en vacker sista viloplats, d\u00e4r det finns m\u00f6jlighet f\u00f6r den \u00f6vriga familjen att regelbundet bes\u00f6ka den saknade familjemedlemmen. Kanske f\u00f6r en stunds tyst kontemplation, en kort pratstund eller helt enkelt en plats d\u00e4r man har m\u00f6jlighet att minnas och s\u00f6rja sin v\u00e4n.<\/p>\n\n\n\n<p>Djurvilan \u00e4r en begravningsplats f\u00f6r alla sorters djur, och man beh\u00f6ver inte vara medlem i Djurskyddet Karlstad f\u00f6r att f\u00e5 begrava sin v\u00e4n h\u00e4r. Det \u00e4r alltid \u00f6ppet p\u00e5 Djurvilan f\u00f6r bes\u00f6k.<\/p>\n\n\n\n<h1 class=\"wp-block-heading\">Vackert l\u00e4ge&nbsp;<\/h1>\n\n\n\n<p>V\u00e5r djurbegravningsplats, Djurvilan, \u00e4r bel\u00e4gen cirka en mil utanf\u00f6r centrala Karlstad i ett vackert skogsparti p\u00e5 Klar\u00e4lvens \u00f6stra sida. P\u00e5 v\u00e4gen passerar man Almar och strax efter Rud \u00e4r infarten till Djurvilan skyltad med texten \u201dDjurbegravningsplats\u201d.&nbsp;&nbsp;<\/p>\n\n\n\n<figure class=\"wp-block-gallery has-nested-images columns-default is-cropped wp-block-gallery-1 is-layout-flex wp-block-gallery-is-layout-flex\">\n<figure class=\"wp-block-image size-large\"><img loading=\"lazy\" decoding=\"async\" width=\"800\" height=\"450\" data-id=\"5614\" src=\"https:\/\/www.djurskyddet.se\/karlstad\/wp-content\/uploads\/sites\/42\/2020\/02\/1-1.jpg\" alt=\"\" class=\"wp-image-5614\" srcset=\"https:\/\/www.djurskyddet.se\/karlstad\/wp-content\/uploads\/sites\/42\/2020\/02\/1-1.jpg 800w, https:\/\/www.djurskyddet.se\/karlstad\/wp-content\/uploads\/sites\/42\/2020\/02\/1-1-300x169.jpg 300w, https:\/\/www.djurskyddet.se\/karlstad\/wp-content\/uploads\/sites\/42\/2020\/02\/1-1-768x432.jpg 768w, https:\/\/www.djurskyddet.se\/karlstad\/wp-content\/uploads\/sites\/42\/2020\/02\/1-1-400x225.jpg 400w\" sizes=\"auto, (max-width: 800px) 100vw, 800px\" \/><\/figure>\n\n\n\n<figure class=\"wp-block-image size-large\"><img loading=\"lazy\" decoding=\"async\" width=\"800\" height=\"600\" data-id=\"5615\" src=\"https:\/\/www.djurskyddet.se\/karlstad\/wp-content\/uploads\/sites\/42\/2020\/02\/2-1.jpg\" alt=\"\" class=\"wp-image-5615\" srcset=\"https:\/\/www.djurskyddet.se\/karlstad\/wp-content\/uploads\/sites\/42\/2020\/02\/2-1.jpg 800w, https:\/\/www.djurskyddet.se\/karlstad\/wp-content\/uploads\/sites\/42\/2020\/02\/2-1-300x225.jpg 300w, https:\/\/www.djurskyddet.se\/karlstad\/wp-content\/uploads\/sites\/42\/2020\/02\/2-1-768x576.jpg 768w, https:\/\/www.djurskyddet.se\/karlstad\/wp-content\/uploads\/sites\/42\/2020\/02\/2-1-400x300.jpg 400w\" sizes=\"auto, (max-width: 800px) 100vw, 800px\" \/><\/figure>\n\n\n\n<figure class=\"wp-block-image size-large\"><img loading=\"lazy\" decoding=\"async\" width=\"720\" height=\"445\" data-id=\"5616\" src=\"https:\/\/www.djurskyddet.se\/karlstad\/wp-content\/uploads\/sites\/42\/2020\/02\/3-1.jpg\" alt=\"\" class=\"wp-image-5616\" srcset=\"https:\/\/www.djurskyddet.se\/karlstad\/wp-content\/uploads\/sites\/42\/2020\/02\/3-1.jpg 720w, https:\/\/www.djurskyddet.se\/karlstad\/wp-content\/uploads\/sites\/42\/2020\/02\/3-1-300x185.jpg 300w, https:\/\/www.djurskyddet.se\/karlstad\/wp-content\/uploads\/sites\/42\/2020\/02\/3-1-400x247.jpg 400w\" sizes=\"auto, (max-width: 720px) 100vw, 720px\" \/><\/figure>\n<\/figure>\n\n\n\n<h1 class=\"wp-block-heading\">Begravning djurkyrkog\u00e5rden&nbsp;<\/h1>\n\n\n\n<p>Kostnaden f\u00f6r att f\u00e5 begrava sitt husdjur p\u00e5 Djurvilan \u00e4r en eng\u00e5ngskostnad p\u00e5 500 kronor per djur och begravning. Gravplatsens storlek \u00e4r 60 cm x 80 cm. Djur m\u00e5ste kremeras innan begravning, vi begraver inte okremerade djur pga platsbrist.&nbsp;(undantag kan g\u00f6ras f\u00f6r sm\u00e5djur s\u00e5som marsvin och hamster). <\/p>\n\n\n\n<p>Kostnaderna f\u00f6r att begrava fler \u00e4n ett djur i samma grav ser du nedan:<\/p>\n\n\n\n<p>1 djur i egen gravplats: 500:-<br>2 djur i samma gravplats: 750:-<br>3 djur i samma gravplats: 1000:-<br>4 djur i samma gravplats: 1200:-<\/p>\n\n\n\n<h1 class=\"wp-block-heading\">Minneslunden<\/h1>\n\n\n\n<p>Den 3:e juni 2014 invigdes Djurvilans nya minneslund. Centralt vid minneslunden st\u00e5r ett vackert minnesmonument i form av ett tr\u00e4d inspirerat av de gamla Eksh\u00e4radkorsen, med smyckningar av olika djur i kopparpl\u00e5t. Konstn\u00e4ren Margaretha Jansson har tillsammans med designelever p\u00e5 Folkuniversitetets Gymnasium f\u00f6r innovation och kreativitet skapat minnestr\u00e4det. D\u00e4r kan man t\u00e4nda ett ljus till minne av sitt \u00e4lskade husdjur, och det finns en b\u00e4nk bredvid minneslunden d\u00e4r man kan vila en stund och minnas sitt \u00e4lskade husdjur.&nbsp;&nbsp;<\/p>\n\n\n\n<p>Det kostar 300:- att nyttja minneslunden f\u00f6r begravning, d\u00e5 askan fr\u00e5n kremeringen s\u00e4tts i jorden i ringen runt minnestr\u00e4det. Kontakta oss g\u00e4rna f\u00f6r mer information eller bokning.<\/p>\n\n\n\n<figure class=\"wp-block-gallery has-nested-images columns-default is-cropped wp-block-gallery-2 is-layout-flex wp-block-gallery-is-layout-flex\">\n<figure class=\"wp-block-image size-large\"><img loading=\"lazy\" decoding=\"async\" width=\"658\" height=\"500\" data-id=\"5617\" src=\"https:\/\/www.djurskyddet.se\/karlstad\/wp-content\/uploads\/sites\/42\/2020\/02\/4-1.jpg\" alt=\"\" class=\"wp-image-5617\" srcset=\"https:\/\/www.djurskyddet.se\/karlstad\/wp-content\/uploads\/sites\/42\/2020\/02\/4-1.jpg 658w, https:\/\/www.djurskyddet.se\/karlstad\/wp-content\/uploads\/sites\/42\/2020\/02\/4-1-300x228.jpg 300w, https:\/\/www.djurskyddet.se\/karlstad\/wp-content\/uploads\/sites\/42\/2020\/02\/4-1-400x304.jpg 400w\" sizes=\"auto, (max-width: 658px) 100vw, 658px\" \/><\/figure>\n\n\n\n<figure class=\"wp-block-image size-large\"><img loading=\"lazy\" decoding=\"async\" width=\"800\" height=\"593\" data-id=\"5618\" src=\"https:\/\/www.djurskyddet.se\/karlstad\/wp-content\/uploads\/sites\/42\/2020\/02\/5-1.jpg\" alt=\"\" class=\"wp-image-5618\" srcset=\"https:\/\/www.djurskyddet.se\/karlstad\/wp-content\/uploads\/sites\/42\/2020\/02\/5-1.jpg 800w, https:\/\/www.djurskyddet.se\/karlstad\/wp-content\/uploads\/sites\/42\/2020\/02\/5-1-300x222.jpg 300w, https:\/\/www.djurskyddet.se\/karlstad\/wp-content\/uploads\/sites\/42\/2020\/02\/5-1-768x569.jpg 768w, https:\/\/www.djurskyddet.se\/karlstad\/wp-content\/uploads\/sites\/42\/2020\/02\/5-1-400x297.jpg 400w\" sizes=\"auto, (max-width: 800px) 100vw, 800px\" \/><\/figure>\n\n\n\n<figure class=\"wp-block-image size-large\"><img loading=\"lazy\" decoding=\"async\" width=\"800\" height=\"600\" data-id=\"5619\" src=\"https:\/\/www.djurskyddet.se\/karlstad\/wp-content\/uploads\/sites\/42\/2020\/02\/6-1.jpg\" alt=\"\" class=\"wp-image-5619\" srcset=\"https:\/\/www.djurskyddet.se\/karlstad\/wp-content\/uploads\/sites\/42\/2020\/02\/6-1.jpg 800w, https:\/\/www.djurskyddet.se\/karlstad\/wp-content\/uploads\/sites\/42\/2020\/02\/6-1-300x225.jpg 300w, https:\/\/www.djurskyddet.se\/karlstad\/wp-content\/uploads\/sites\/42\/2020\/02\/6-1-768x576.jpg 768w, https:\/\/www.djurskyddet.se\/karlstad\/wp-content\/uploads\/sites\/42\/2020\/02\/6-1-400x300.jpg 400w\" sizes=\"auto, (max-width: 800px) 100vw, 800px\" \/><\/figure>\n<\/figure>\n\n\n\n<h1 class=\"wp-block-heading\">Att boka begravning&nbsp;<\/h1>\n\n\n\n<p>Om du vill boka en begravning \u00e4r du v\u00e4lkommen att kontakta oss p\u00e5&nbsp;<strong>djurvilan@djurskyddetkarlstad.se<\/strong>.&nbsp;L\u00e4mna ett meddelande via mejl och d\u00e5 blir ni kontaktade av de volont\u00e4rer som sk\u00f6ter djurbegravningarna. Tillsammans g\u00f6r ni upp om l\u00e4mplig tid f\u00f6r begravning. <\/p>\n\n\n\n<p>Djurskyddet har inte m\u00f6jlighet att f\u00f6rvara djur i v\u00e4ntan p\u00e5 begravning. V\u00e4nd er till en veterin\u00e4r f\u00f6r att f\u00e5 hj\u00e4lp med detta.<\/p>\n\n\n\n<h1 class=\"wp-block-heading\">Regler<\/h1>\n\n\n\n<p>Dessa \u00e4r v\u00e5ra regler f\u00f6r begravningar vid Djurvilan.&nbsp;<\/p>\n\n\n\n<p><em>1. Nedgr\u00e4vning f\u00e5r endast ske av Djurskyddet Karlstads ombud.<br>2. Gravplatsens storlek \u00e4r 60\u00d780 cm. Djuren ska vara  kremerade(undantag kan g\u00f6ras f\u00f6r sm\u00e5djur s\u00e5som marsvin och hamster). <br>3. Endast nedbrytningsbart material f\u00e5r finnas i graven.<br>4. F\u00f6r markering av gr\u00e4nserna kan en ram av exempelvis tr\u00e4 eller sten anv\u00e4ndas. Det blir mer praktiskt f\u00f6r gr\u00e4sklippningen d\u00e5.<br>5. Avst\u00e5ndet mellan gravarna b\u00f6r vara ca 60 cm.<br>6. Gravarna kan prydas med blomster men f\u00e5r ocks\u00e5 ha \u00f6ppen jord eller sand. Gr\u00e4set intill graven klipps av grav\u00e4garen, men representanter f\u00f6r Djurvilan klipper gr\u00e4set p\u00e5 sj\u00e4lva djurkyrkog\u00e5rden.<br>7. Gravlyktor och vaser f\u00e5r g\u00e4rna s\u00e4ttas ut men tas om hand av innehavaren. <br>8. Komposterbart \u00f6verskottsmaterial s\u00e5som gr\u00e4s, blommor och l\u00f6v l\u00e4ggs p\u00e5 komposten bakom boden. Grenar, buskage och liknande l\u00e4ggs p\u00e5 rish\u00f6gen l\u00e4ngre in i skogen. Sortera annat skr\u00e4p i tunnorna.<br>9. F\u00f6reningen ansvarar f\u00f6r begravningsplatsens sk\u00f6tsel. En ov\u00e5rdad grav f\u00f6rverkas.<br>10. Avgiften best\u00e4ms av Djurskyddet Karlstad och utg\u00f6r 500<br>kronor f\u00f6r 1 djur (begravning) eller 300 kronor f\u00f6r ett djur vid minneslunden. F\u00f6r fler djur i samma gravplats, se info i v\u00e5r broschyr eller p\u00e5 hemsidan. Begravningsavgiften betalas via Swish p\u00e5 123 417 16 90 eller PlusGiro 70 718-2, <br>11. Det finns ett gravregister d\u00e4r uppgifter fr\u00e5n grav\u00e4garen registreras. Detta register \u00e4r sekretessbelagt. Vi \u00e4r tacksamma f\u00f6r information om eventuella \u00e4ndringar i registret.<\/em>\u00a0<\/p>\n","protected":false},"excerpt":{"rendered":"<p>En \u00e4lskad familjemedlem l\u00e4mnar alltid ett stort tomrum efter sig, vare sig det \u00e4r en m\u00e4nniska eller ett husdjur. D\u00e4rf\u00f6r anser vi p\u00e5 Djurskyddet Karlstad att det \u00e4r viktigt att \u00e4ven v\u00e5ra husdjur ges m\u00f6jlighet att f\u00e5 en vacker sista viloplats, d\u00e4r det finns m\u00f6jlighet f\u00f6r den \u00f6vriga familjen att regelbundet bes\u00f6ka den saknade familjemedlemmen. Kanske f\u00f6r en stunds tyst kontemplation, en kort pratstund eller helt enkelt en plats d\u00e4r&hellip;<\/p>\n<p><a class=\"more-link\" href=\"https:\/\/www.djurskyddet.se\/karlstad\/djurvilan\/\" title=\"Continue reading &lsquo;Djurvilan&rsquo;\">L&auml;s mer<span class=\"meta-nav\">&raquo;<\/span><\/a><\/p>\n","protected":false},"author":3,"featured_media":0,"parent":0,"menu_order":0,"comment_status":"closed","ping_status":"closed","template":"left-sidebar.php","meta":{"_acf_changed":false,"footnotes":""},"class_list":["post-5613","page","type-page","status-publish","hentry"],"acf":[],"_links":{"self":[{"href":"https:\/\/www.djurskyddet.se\/karlstad\/wp-json\/wp\/v2\/pages\/5613","targetHints":{"allow":["GET"]}}],"collection":[{"href":"https:\/\/www.djurskyddet.se\/karlstad\/wp-json\/wp\/v2\/pages"}],"about":[{"href":"https:\/\/www.djurskyddet.se\/karlstad\/wp-json\/wp\/v2\/types\/page"}],"author":[{"embeddable":true,"href":"https:\/\/www.djurskyddet.se\/karlstad\/wp-json\/wp\/v2\/users\/3"}],"replies":[{"embeddable":true,"href":"https:\/\/www.djurskyddet.se\/karlstad\/wp-json\/wp\/v2\/comments?post=5613"}],"version-history":[{"count":18,"href":"https:\/\/www.djurskyddet.se\/karlstad\/wp-json\/wp\/v2\/pages\/5613\/revisions"}],"predecessor-version":[{"id":8848,"href":"https:\/\/www.djurskyddet.se\/karlstad\/wp-json\/wp\/v2\/pages\/5613\/revisions\/8848"}],"wp:attachment":[{"href":"https:\/\/www.djurskyddet.se\/karlstad\/wp-json\/wp\/v2\/media?parent=5613"}],"curies":[{"name":"wp","href":"https:\/\/api.w.org\/{rel}","templated":true}]}}