{"id":5629,"date":"2020-02-13T15:44:12","date_gmt":"2020-02-13T15:44:12","guid":{"rendered":"https:\/\/www.djurskyddet.se\/karlstad\/?page_id=5629"},"modified":"2020-04-09T11:07:00","modified_gmt":"2020-04-09T11:07:00","slug":"privata-omplaceringar","status":"publish","type":"page","link":"https:\/\/www.djurskyddet.se\/karlstad\/privata-omplaceringar\/","title":{"rendered":"Funderar du p\u00e5 att omplacera ditt djur?"},"content":{"rendered":"\n<p>Djurskyddet Karlstad \u00e4r en djurskyddsf\u00f6rening, inte en omplaceringsf\u00f6rening f\u00f6r privat bruk. De djur vi tar emot p\u00e5 v\u00e5rt djurhem kommer fr\u00e5n omst\u00e4ndigheter d\u00e4r ingen \u00e4gare kan ta ansvar f\u00f6r dem, och m\u00e5nga av de katter som vi tar emot \u00e4r akut avlivningshotade eller i behov av v\u00e5rd. Vi ber er respektera djurhemspersonalens arbete genom att skilja p\u00e5 djurskydds\u00e4renden och privata omplaceringar.&nbsp;&nbsp;<\/p>\n\n\n\n<p>Katt\u00e4renden som uppst\u00e5r p g a flytt, \u00e4ndrade familjef\u00f6rh\u00e5llanden, eller allergi \u00e4r inte \u00e4r detsamma som djurskyddsarbete f\u00f6r oss. Vi har st\u00e4ndigt k\u00f6lista in till v\u00e5rt djurhem vad g\u00e4ller heml\u00f6sa djur som ingen \u00e4gare tar hand om, och de djuren kommer alltid f\u00f6rst f\u00f6r oss. Om en \u00e4gare finns till en katt och det inte g\u00e4ller ett vanv\u00e5rdsfall d\u00e4r myndigheterna \u00e4r inkopplade s\u00e5 \u00e4r det \u00e4garens skyldighet att omplacera sitt husdjur p\u00e5 ett ansvarsfullt s\u00e4tt \u2013 det tillh\u00f6r inte v\u00e5r djurskyddsverksamhet. Vi tar s\u00e5ledes inte in katter p\u00e5 v\u00e5rt djurhem som kommer fr\u00e5n en k\u00e4nd \u00e4gare och d\u00e4r det handlar om en ren omplacering.&nbsp;<em>Det finns vissa undantagsfall till denna regel<\/em>, t ex om det handlar om d\u00f6dsfall eller andra tragiska omst\u00e4ndigheter som g\u00f6r att katten \u00e4r i akut behov av hj\u00e4lp. Kontakta oss om du \u00e4r os\u00e4ker p\u00e5 vad du ska g\u00f6ra och du inte kan anv\u00e4nda dig av l\u00e4nkarna nedan.<\/p>\n\n\n\n<p>Innan du tar beslut p\u00e5 att omplacera din katt \/ dina katter, \u00e4r du s\u00e4ker p\u00e5 att du &#8221;m\u00e5ste&#8221;? M\u00e5nga tror att en katt inte skulle trivas i ett nytt hem vid en flytt, men det \u00e4r ofta l\u00e4ttare f\u00f6r en katt att anpassa sig till ett nytt hem \u00e4n en ny \u00e4gare, bara introduktionen g\u00e5r till p\u00e5 ett bra s\u00e4tt. En f d utekatt kanske inte alls vantrivs som innekatt om katten blir aktiverad och har s\u00e4llskap. En misst\u00e4nkt allergi kanske inte alls beror p\u00e5 katten &#8211; har prov tagits hos l\u00e4kare? Det \u00e4r ett stort beslut att skaffa katt, och katten ska vara en familjemedlem som f\u00f6ljer med \u00e4garen livet ut. Det \u00e4r viktigt f\u00f6r kattens status i Sverige att djur\u00e4gare inte tar l\u00e4ttvindigt p\u00e5 beslutet att skaffa katt &#8211; och att djur\u00e4gare g\u00f6r allt de kan f\u00f6r att kunna beh\u00e5lla sitt djur som familjemedlem under hela djurets livsl\u00e4ngd. F\u00f6r hj\u00e4lp med beteendeproblem hos katter kan man kontakta veterin\u00e4r eller t ex Susanne Hellman Holmstr\u00f6m p\u00e5 kattproblem.se.<br><\/p>\n\n\n\n<p>Om du \u00e4nd\u00e5 best\u00e4mt dig f\u00f6r att omplacera din katt rekommenderar vi f\u00f6ljande sidor f\u00f6r privata omplaceringar:&nbsp;<\/p>\n\n\n\n<p><strong>Djur som s\u00f6ker hem V\u00e4rmlands l\u00e4n (Facebook)<\/strong>: <a href=\"https:\/\/www.facebook.com\/groups\/124920667630816\/?fref=ts\">https:\/\/www.facebook.com\/groups\/124920667630816\/?fref=ts<\/a><\/p>\n\n\n\n<p><strong>Blocket<\/strong>: <a href=\"http:\/\/www.blocket.se\">www.blocket.se<\/a><\/p>\n\n\n\n<p><strong>Djur till salu\/omplacering ENDAST V\u00e4rmland (Facebook)<\/strong>: <a href=\"https:\/\/www.facebook.com\/groups\/172018009607634\/?fref=ts\">https:\/\/www.facebook.com\/groups\/172018009607634\/?fref=ts<\/a><\/p>\n\n\n\n<p><strong>Avlivningshotade hundar &amp; katter s\u00f6ker hem &#8211; Sverige (Facebook)<\/strong>: <a href=\"https:\/\/www.facebook.com\/groups\/209132519239611\/?fref=ts\">https:\/\/www.facebook.com\/groups\/209132519239611\/?fref=ts<\/a><\/p>\n","protected":false},"excerpt":{"rendered":"<p>Djurskyddet Karlstad \u00e4r en djurskyddsf\u00f6rening, inte en omplaceringsf\u00f6rening f\u00f6r privat bruk. De djur vi tar emot p\u00e5 v\u00e5rt djurhem kommer fr\u00e5n omst\u00e4ndigheter d\u00e4r ingen \u00e4gare kan ta ansvar f\u00f6r dem, och m\u00e5nga av de katter som vi tar emot \u00e4r akut avlivningshotade eller i behov av v\u00e5rd. Vi ber er respektera djurhemspersonalens arbete genom att skilja p\u00e5 djurskydds\u00e4renden och privata omplaceringar.&nbsp;&nbsp; Katt\u00e4renden som uppst\u00e5r p g a flytt, \u00e4ndrade familjef\u00f6rh\u00e5llanden,&hellip;<\/p>\n<p><a class=\"more-link\" href=\"https:\/\/www.djurskyddet.se\/karlstad\/privata-omplaceringar\/\" title=\"Continue reading &lsquo;Funderar du p\u00e5 att omplacera ditt djur?&rsquo;\">L&auml;s mer<span class=\"meta-nav\">&raquo;<\/span><\/a><\/p>\n","protected":false},"author":3,"featured_media":0,"parent":0,"menu_order":0,"comment_status":"closed","ping_status":"closed","template":"left-sidebar.php","meta":{"_acf_changed":false,"footnotes":""},"class_list":["post-5629","page","type-page","status-publish","hentry"],"acf":[],"_links":{"self":[{"href":"https:\/\/www.djurskyddet.se\/karlstad\/wp-json\/wp\/v2\/pages\/5629","targetHints":{"allow":["GET"]}}],"collection":[{"href":"https:\/\/www.djurskyddet.se\/karlstad\/wp-json\/wp\/v2\/pages"}],"about":[{"href":"https:\/\/www.djurskyddet.se\/karlstad\/wp-json\/wp\/v2\/types\/page"}],"author":[{"embeddable":true,"href":"https:\/\/www.djurskyddet.se\/karlstad\/wp-json\/wp\/v2\/users\/3"}],"replies":[{"embeddable":true,"href":"https:\/\/www.djurskyddet.se\/karlstad\/wp-json\/wp\/v2\/comments?post=5629"}],"version-history":[{"count":2,"href":"https:\/\/www.djurskyddet.se\/karlstad\/wp-json\/wp\/v2\/pages\/5629\/revisions"}],"predecessor-version":[{"id":5860,"href":"https:\/\/www.djurskyddet.se\/karlstad\/wp-json\/wp\/v2\/pages\/5629\/revisions\/5860"}],"wp:attachment":[{"href":"https:\/\/www.djurskyddet.se\/karlstad\/wp-json\/wp\/v2\/media?parent=5629"}],"curies":[{"name":"wp","href":"https:\/\/api.w.org\/{rel}","templated":true}]}}