{"id":5631,"date":"2020-02-13T15:44:59","date_gmt":"2020-02-13T15:44:59","guid":{"rendered":"https:\/\/www.djurskyddet.se\/karlstad\/?page_id=5631"},"modified":"2020-04-09T10:46:06","modified_gmt":"2020-04-09T10:46:06","slug":"har-din-hund-eller-katt-forsvunnit","status":"publish","type":"page","link":"https:\/\/www.djurskyddet.se\/karlstad\/har-din-hund-eller-katt-forsvunnit\/","title":{"rendered":"Har din hund eller katt f\u00f6rsvunnit?"},"content":{"rendered":"\n<p>Om din hund\/katt har f\u00f6rsvunnit finns det flera olika saker du kan g\u00f6ra f\u00f6r att agera:&nbsp;<\/p>\n\n\n\n<ul class=\"wp-block-list\"><li>S\u00e4tt upp lappar p\u00e5 anslagstavlor och i lokala aff\u00e4rer, p\u00e5 lyktstolpar (lapp i plastficka och tejpa eller anv\u00e4nd buntband), och l\u00e4gg lappar i grannarnas brevl\u00e5dor.<\/li><li>Knacka p\u00e5 hos grannarna, f\u00f6r att ALLA grannar ska kolla att djuret inte blivit inst\u00e4ngt. Tyv\u00e4rr h\u00e4nder det inte alltf\u00f6r s\u00e4llan, att djur har d\u00f6tt en utdragen och pl\u00e5gsam d\u00f6d p g a att de varit inst\u00e4ngda. Det f\u00e5r inte h\u00e4nda!<br><\/li><li>Annonsera p\u00e5 internet; Facebook, Blocket, och olika forum, t ex &#8221;Upphittade och f\u00f6rsvunna djur i Karlstad\/Grums\/Forshaga\/Kil: https:\/\/www.facebook.com\/groups\/267297000108485\/. Allm\u00e4nheten \u00e4r fantastiskt hj\u00e4lpsam vad g\u00e4ller spridning av efterlysningar, och m\u00e5nga g\u00e5nger \u00e4r det t ex delningar p\u00e5 Facebook som g\u00f6r att en efterlysning f\u00e5r ett lyckligt slut.<br><\/li><li>Annonsera i lokaltidningarna (NWT, VF m.fl.). \u00c4ven de lokala gratistidningarna som delas ut till alla hush\u00e5ll i omr\u00e5det \u00e4r suver\u00e4na att anv\u00e4nda f\u00f6r att efterlysa sitt djur. Alla prenumererar inte p\u00e5 en tidning, och alla har inte Facebook eller dator, men alla f\u00e5r gratistidningen! (Ex GV-nytt som t\u00e4cker Grums-V\u00e5lberg, eller Forshaga\/Deje-bladet).<br><\/li><li>Ring polisen och anm\u00e4l att ditt djur f\u00f6rsvunnit.<br><\/li><li>Kontakta de lokala djurhemmen f\u00f6r att se om de f\u00e5tt in ett djur som matchar din efterlysning.<br><\/li><li>Var ute och leta- ofta! Ropa djurets namn. Det kan k\u00e4nnas mycket tr\u00f6stl\u00f6st att g\u00f6ra det n\u00e4r man g\u00e5ng efter annan inte ser sitt djur. Men OM det sitter g\u00f6mt n\u00e5gonstans, kan din \u00e5terkommande r\u00f6st vara det som g\u00f6r att ditt djur inte l\u00e4mnar omr\u00e5det. Var ute och ropa sent p\u00e5 kv\u00e4llen d\u00e5 det \u00e4r lite lugnare och tystare ute. \u00c4ven om du inte ser ditt djur, forts\u00e4tt ropa s\u00e5 att din r\u00f6st h\u00f6rs i omr\u00e5det.<br><\/li><li>Om din hund\/katt \u00e4r ID-m\u00e4rkt- kolla att den \u00e4ven \u00e4r registrerad p\u00e5 dig som \u00e4gare. Det g\u00f6r du antingen genom att ringa Svenska Kennelklubben och\/eller Sverak eller g\u00e5 in p\u00e5 deras respektive hemsidor och s\u00f6k p\u00e5 ID-numret sj\u00e4lv. D\u00e5 ser du om djuret \u00e4r registrerat p\u00e5 dig samt om dina kontaktuppgifter \u00e4r offentliga och uppdaterade. Det \u00e4r mycket viktigt att det g\u00e5r att f\u00e5 tag p\u00e5 dig som \u00e4gare snabbt, om djuret i v\u00e4rsta fall hittas skadat.<br><\/li><li>Ring djursjukhusen f\u00f6r att h\u00f6ra om de f\u00e5tt in n\u00e5got djur som kan vara ditt. \u00c4ven om djuret \u00e4r ID-m\u00e4rkt, kan det m\u00e5nga g\u00e5nger vara sv\u00e5rt att tyda m\u00e4rkningen. Och i v\u00e4rsta fall kan djuret vara skadat p\u00e5 ett s\u00e4tt som g\u00f6r att det inte g\u00e5r att l\u00e4sa tatueringen.<br><\/li><li>Om tiden g\u00e5r, s\u00e4tt upp nya lappar, annonsera igen. Kolla upphittade djur nationellt.<\/li><\/ul>\n\n\n\n<p>Och slutligen en uppmaning till alla: st\u00e4ng ALDRIG d\u00f6rren till ett f\u00f6rr\u00e5d, uthus, garage eller liknande utan att ni har kollat s\u00e5 att inget djur (oftast katt) sprungit in och g\u00f6mt sig d\u00e4r. Detta \u00e4r ju framf\u00f6rallt viktigt om d\u00f6rrarna till detta utrymme inte kommer att \u00f6ppnas p\u00e5 n\u00e5gra dagar! Djuret g\u00e5r en l\u00e5ngsam och fruktansv\u00e4rd d\u00f6d till m\u00f6tes om det blir inst\u00e4ngt utan tillg\u00e5ng till varken mat eller vatten.<\/p>\n\n\n\n<p>Vi vill ha fler lyckliga slut, fler lyckliga \u00e5terf\u00f6reningar! Och om vi alla hj\u00e4lps \u00e5t att b\u00e5de anamma och sprida denna information vidare, s\u00e5 kommer vi med all s\u00e4kerhet tillsammans r\u00e4dda \u00e4nnu fler liv! Tack!<\/p>\n","protected":false},"excerpt":{"rendered":"<p>Om din hund\/katt har f\u00f6rsvunnit finns det flera olika saker du kan g\u00f6ra f\u00f6r att agera:&nbsp; S\u00e4tt upp lappar p\u00e5 anslagstavlor och i lokala aff\u00e4rer, p\u00e5 lyktstolpar (lapp i plastficka och tejpa eller anv\u00e4nd buntband), och l\u00e4gg lappar i grannarnas brevl\u00e5dor. Knacka p\u00e5 hos grannarna, f\u00f6r att ALLA grannar ska kolla att djuret inte blivit inst\u00e4ngt. Tyv\u00e4rr h\u00e4nder det inte alltf\u00f6r s\u00e4llan, att djur har d\u00f6tt en utdragen och pl\u00e5gsam&hellip;<\/p>\n<p><a class=\"more-link\" href=\"https:\/\/www.djurskyddet.se\/karlstad\/har-din-hund-eller-katt-forsvunnit\/\" title=\"Continue reading &lsquo;Har din hund eller katt f\u00f6rsvunnit?&rsquo;\">L&auml;s mer<span class=\"meta-nav\">&raquo;<\/span><\/a><\/p>\n","protected":false},"author":3,"featured_media":0,"parent":0,"menu_order":0,"comment_status":"closed","ping_status":"closed","template":"left-sidebar.php","meta":{"_acf_changed":false,"footnotes":""},"class_list":["post-5631","page","type-page","status-publish","hentry"],"acf":[],"_links":{"self":[{"href":"https:\/\/www.djurskyddet.se\/karlstad\/wp-json\/wp\/v2\/pages\/5631","targetHints":{"allow":["GET"]}}],"collection":[{"href":"https:\/\/www.djurskyddet.se\/karlstad\/wp-json\/wp\/v2\/pages"}],"about":[{"href":"https:\/\/www.djurskyddet.se\/karlstad\/wp-json\/wp\/v2\/types\/page"}],"author":[{"embeddable":true,"href":"https:\/\/www.djurskyddet.se\/karlstad\/wp-json\/wp\/v2\/users\/3"}],"replies":[{"embeddable":true,"href":"https:\/\/www.djurskyddet.se\/karlstad\/wp-json\/wp\/v2\/comments?post=5631"}],"version-history":[{"count":2,"href":"https:\/\/www.djurskyddet.se\/karlstad\/wp-json\/wp\/v2\/pages\/5631\/revisions"}],"predecessor-version":[{"id":5857,"href":"https:\/\/www.djurskyddet.se\/karlstad\/wp-json\/wp\/v2\/pages\/5631\/revisions\/5857"}],"wp:attachment":[{"href":"https:\/\/www.djurskyddet.se\/karlstad\/wp-json\/wp\/v2\/media?parent=5631"}],"curies":[{"name":"wp","href":"https:\/\/api.w.org\/{rel}","templated":true}]}}