{"id":5635,"date":"2020-02-13T16:02:22","date_gmt":"2020-02-13T16:02:22","guid":{"rendered":"https:\/\/www.djurskyddet.se\/karlstad\/?page_id=5635"},"modified":"2020-08-11T11:27:15","modified_gmt":"2020-08-11T11:27:15","slug":"djurhemmet","status":"publish","type":"page","link":"https:\/\/www.djurskyddet.se\/karlstad\/djurhemmet\/","title":{"rendered":"Djurhemmet"},"content":{"rendered":"\n<p>Djurskyddet Karlstad bedriver ett djurhem i Norra Grava, strax utanf\u00f6r Karlstad, d\u00e4r vi tar emot heml\u00f6sa eller vanv\u00e5rdade katter som beh\u00f6ver f\u00e5 en ny chans i livet. P\u00e5 v\u00e5rt djurhem har vi tillst\u00e5nd att ta emot upp till 47 katter, och vi har tillst\u00e5nd att ta emot ytterligare 45 katter i jourhem. Vi s\u00f6ker f\u00f6r n\u00e4rvarande nya lokaler f\u00f6r v\u00e5rt djurhem f\u00f6r att kunna ut\u00f6ka v\u00e5r verksamhet, s\u00e5 om du har tips p\u00e5 ny lokal, kontakta styrelsen p\u00e5 styrelsen@djurskyddetkarlstad.se!&nbsp;<\/p>\n\n\n\n<p>Personalen p\u00e5 v\u00e5rt djurhem samarbetar med veterin\u00e4rer, volont\u00e4rer, L\u00e4nsstyrelsen, Polisen, och allm\u00e4nheten f\u00f6r att hj\u00e4lpa s\u00e5 m\u00e5nga katter som m\u00f6jligt till ett b\u00e4ttre liv. F\u00f6rutom omh\u00e4ndertagande och omplacering av heml\u00f6sa eller vanv\u00e5rdade katter arbetar vi \u00e4ven med informationsspridning f\u00f6r att f\u00f6rb\u00e4ttra livsvillkoren f\u00f6r olika djur.<\/p>\n\n\n\n<ul class=\"wp-block-gallery columns-3 is-cropped wp-block-gallery-1 is-layout-flex wp-block-gallery-is-layout-flex\"><li class=\"blocks-gallery-item\"><figure><img loading=\"lazy\" decoding=\"async\" width=\"675\" height=\"600\" src=\"https:\/\/www.djurskyddet.se\/karlstad\/wp-content\/uploads\/sites\/42\/2020\/02\/3-2.jpg\" alt=\"\" data-id=\"5638\" data-link=\"https:\/\/www.djurskyddet.se\/karlstad\/3-3\/\" class=\"wp-image-5638\" srcset=\"https:\/\/www.djurskyddet.se\/karlstad\/wp-content\/uploads\/sites\/42\/2020\/02\/3-2.jpg 675w, https:\/\/www.djurskyddet.se\/karlstad\/wp-content\/uploads\/sites\/42\/2020\/02\/3-2-300x267.jpg 300w, https:\/\/www.djurskyddet.se\/karlstad\/wp-content\/uploads\/sites\/42\/2020\/02\/3-2-400x356.jpg 400w\" sizes=\"auto, (max-width: 675px) 100vw, 675px\" \/><\/figure><\/li><li class=\"blocks-gallery-item\"><figure><img loading=\"lazy\" decoding=\"async\" width=\"800\" height=\"533\" src=\"https:\/\/www.djurskyddet.se\/karlstad\/wp-content\/uploads\/sites\/42\/2020\/02\/2-2.jpg\" alt=\"\" data-id=\"5637\" data-link=\"https:\/\/www.djurskyddet.se\/karlstad\/2-3\/\" class=\"wp-image-5637\" srcset=\"https:\/\/www.djurskyddet.se\/karlstad\/wp-content\/uploads\/sites\/42\/2020\/02\/2-2.jpg 800w, https:\/\/www.djurskyddet.se\/karlstad\/wp-content\/uploads\/sites\/42\/2020\/02\/2-2-300x200.jpg 300w, https:\/\/www.djurskyddet.se\/karlstad\/wp-content\/uploads\/sites\/42\/2020\/02\/2-2-768x512.jpg 768w, https:\/\/www.djurskyddet.se\/karlstad\/wp-content\/uploads\/sites\/42\/2020\/02\/2-2-400x267.jpg 400w\" sizes=\"auto, (max-width: 800px) 100vw, 800px\" \/><\/figure><\/li><li class=\"blocks-gallery-item\"><figure><img loading=\"lazy\" decoding=\"async\" width=\"580\" height=\"600\" src=\"https:\/\/www.djurskyddet.se\/karlstad\/wp-content\/uploads\/sites\/42\/2020\/02\/1-2.jpg\" alt=\"\" data-id=\"5636\" data-link=\"https:\/\/www.djurskyddet.se\/karlstad\/1-3\/\" class=\"wp-image-5636\" srcset=\"https:\/\/www.djurskyddet.se\/karlstad\/wp-content\/uploads\/sites\/42\/2020\/02\/1-2.jpg 580w, https:\/\/www.djurskyddet.se\/karlstad\/wp-content\/uploads\/sites\/42\/2020\/02\/1-2-290x300.jpg 290w, https:\/\/www.djurskyddet.se\/karlstad\/wp-content\/uploads\/sites\/42\/2020\/02\/1-2-400x414.jpg 400w\" sizes=\"auto, (max-width: 580px) 100vw, 580px\" \/><\/figure><\/li><\/ul>\n\n\n\n<p>P\u00e5 v\u00e5rt djurhem har vi i dagsl\u00e4get fyra karant\u00e4nboxar samt totalt \u00e5tta boxar i lokalen, d\u00e4r ett par av dessa utrymmen \u00e4r lite st\u00f6rre och har plats f\u00f6r fler katter.<\/p>\n\n\n\n<p>N\u00e4r en katt kommer till djurhemmet m\u00e5ste katten sitta i en av v\u00e5ra karant\u00e4nboxar till att b\u00f6rja med. Det \u00e4r bara v\u00e5r personal som f\u00e5r vistas i karant\u00e4nboxarna p g a smittorisken och f\u00f6r att katterna i karant\u00e4nboxarna beh\u00f6ver lugn och ro.<\/p>\n\n\n\n<p>En del katter placeras direkt i jourhem ist\u00e4llet, f\u00f6r att det passar deras behov b\u00e4ttre (eller i vissa fall p g a att det \u00e4r fullt p\u00e5 djurhemmet). Dr\u00e4ktiga och digivande honkatter har prioritet att placeras i jourhem d\u00e5 de beh\u00f6ver mer lugn och ro.&nbsp;&nbsp;<\/p>\n\n\n\n<p>N\u00e4r en katt \u00e4r redo att flytta ut i lokalen s\u00e5 introduceras den gradvis till de andra katterna p\u00e5 djurhemmet. I de allra flesta fallen g\u00e5r det bra f\u00f6r alla katterna att r\u00f6ra sig fritt bland de andra katterna p\u00e5 djurhemmet p\u00e5 dagtid, n\u00e4r djurhemspersonalen finns p\u00e5 plats. P\u00e5 kv\u00e4llen g\u00e5r katterna in till \u201dsin\u201d box (de flesta katterna bor tillsammans med n\u00e5gon eller n\u00e5gra av de andra katterna p\u00e5 djurhemmet). De flesta av boxarna i lokalen har kattlucka ut till uteburar. Vi reglerar n\u00e4r katterna f\u00e5r g\u00e5 ut\/inte f\u00e5r g\u00e5 ut, men p\u00e5 sommartid brukar katterna kunna vistas i uteburarna b\u00e5de dagtid och nattetid.&nbsp;<\/p>\n\n\n\n<ul class=\"wp-block-gallery aligncenter columns-2 is-cropped wp-block-gallery-2 is-layout-flex wp-block-gallery-is-layout-flex\"><li class=\"blocks-gallery-item\"><figure><img loading=\"lazy\" decoding=\"async\" width=\"445\" height=\"429\" src=\"https:\/\/www.djurskyddet.se\/karlstad\/wp-content\/uploads\/sites\/42\/2020\/08\/Ska\u0308rmavbild-2020-08-11-kl.-13.23.46.png\" alt=\"\" data-id=\"6151\" data-link=\"https:\/\/www.djurskyddet.se\/karlstad\/djurhemmet\/attachment\/ska%cc%88rmavbild-2020-08-11-kl-13-23-46\/\" class=\"wp-image-6151\" srcset=\"https:\/\/www.djurskyddet.se\/karlstad\/wp-content\/uploads\/sites\/42\/2020\/08\/Ska\u0308rmavbild-2020-08-11-kl.-13.23.46.png 445w, https:\/\/www.djurskyddet.se\/karlstad\/wp-content\/uploads\/sites\/42\/2020\/08\/Ska\u0308rmavbild-2020-08-11-kl.-13.23.46-300x289.png 300w, https:\/\/www.djurskyddet.se\/karlstad\/wp-content\/uploads\/sites\/42\/2020\/08\/Ska\u0308rmavbild-2020-08-11-kl.-13.23.46-400x386.png 400w\" sizes=\"auto, (max-width: 445px) 100vw, 445px\" \/><\/figure><\/li><li class=\"blocks-gallery-item\"><figure><img loading=\"lazy\" decoding=\"async\" width=\"960\" height=\"960\" src=\"https:\/\/www.djurskyddet.se\/karlstad\/wp-content\/uploads\/sites\/42\/2020\/04\/Lillan.jpg\" alt=\"\" data-id=\"5882\" data-link=\"https:\/\/www.djurskyddet.se\/karlstad\/om-oss\/attachment\/lillan\/\" class=\"wp-image-5882\" srcset=\"https:\/\/www.djurskyddet.se\/karlstad\/wp-content\/uploads\/sites\/42\/2020\/04\/Lillan.jpg 960w, https:\/\/www.djurskyddet.se\/karlstad\/wp-content\/uploads\/sites\/42\/2020\/04\/Lillan-150x150.jpg 150w, https:\/\/www.djurskyddet.se\/karlstad\/wp-content\/uploads\/sites\/42\/2020\/04\/Lillan-300x300.jpg 300w, https:\/\/www.djurskyddet.se\/karlstad\/wp-content\/uploads\/sites\/42\/2020\/04\/Lillan-768x768.jpg 768w, https:\/\/www.djurskyddet.se\/karlstad\/wp-content\/uploads\/sites\/42\/2020\/04\/Lillan-400x400.jpg 400w\" sizes=\"auto, (max-width: 960px) 100vw, 960px\" \/><\/figure><\/li><\/ul>\n","protected":false},"excerpt":{"rendered":"<p>Djurskyddet Karlstad bedriver ett djurhem i Norra Grava, strax utanf\u00f6r Karlstad, d\u00e4r vi tar emot heml\u00f6sa eller vanv\u00e5rdade katter som beh\u00f6ver f\u00e5 en ny chans i livet. P\u00e5 v\u00e5rt djurhem har vi tillst\u00e5nd att ta emot upp till 47 katter, och vi har tillst\u00e5nd att ta emot ytterligare 45 katter i jourhem. Vi s\u00f6ker f\u00f6r n\u00e4rvarande nya lokaler f\u00f6r v\u00e5rt djurhem f\u00f6r att kunna ut\u00f6ka v\u00e5r verksamhet, s\u00e5 om du&hellip;<\/p>\n<p><a class=\"more-link\" href=\"https:\/\/www.djurskyddet.se\/karlstad\/djurhemmet\/\" title=\"Continue reading &lsquo;Djurhemmet&rsquo;\">L&auml;s mer<span class=\"meta-nav\">&raquo;<\/span><\/a><\/p>\n","protected":false},"author":3,"featured_media":0,"parent":0,"menu_order":0,"comment_status":"closed","ping_status":"closed","template":"left-sidebar.php","meta":{"_acf_changed":false,"footnotes":""},"class_list":["post-5635","page","type-page","status-publish","hentry"],"acf":[],"_links":{"self":[{"href":"https:\/\/www.djurskyddet.se\/karlstad\/wp-json\/wp\/v2\/pages\/5635","targetHints":{"allow":["GET"]}}],"collection":[{"href":"https:\/\/www.djurskyddet.se\/karlstad\/wp-json\/wp\/v2\/pages"}],"about":[{"href":"https:\/\/www.djurskyddet.se\/karlstad\/wp-json\/wp\/v2\/types\/page"}],"author":[{"embeddable":true,"href":"https:\/\/www.djurskyddet.se\/karlstad\/wp-json\/wp\/v2\/users\/3"}],"replies":[{"embeddable":true,"href":"https:\/\/www.djurskyddet.se\/karlstad\/wp-json\/wp\/v2\/comments?post=5635"}],"version-history":[{"count":4,"href":"https:\/\/www.djurskyddet.se\/karlstad\/wp-json\/wp\/v2\/pages\/5635\/revisions"}],"predecessor-version":[{"id":6153,"href":"https:\/\/www.djurskyddet.se\/karlstad\/wp-json\/wp\/v2\/pages\/5635\/revisions\/6153"}],"wp:attachment":[{"href":"https:\/\/www.djurskyddet.se\/karlstad\/wp-json\/wp\/v2\/media?parent=5635"}],"curies":[{"name":"wp","href":"https:\/\/api.w.org\/{rel}","templated":true}]}}