{"id":5640,"date":"2020-02-13T16:11:59","date_gmt":"2020-02-13T16:11:59","guid":{"rendered":"https:\/\/www.djurskyddet.se\/karlstad\/?page_id=5640"},"modified":"2025-12-06T11:17:22","modified_gmt":"2025-12-06T11:17:22","slug":"kalender-2022","status":"publish","type":"page","link":"https:\/\/www.djurskyddet.se\/karlstad\/kalender-2022\/","title":{"rendered":"KALENDER 2026"},"content":{"rendered":"\n<figure class=\"wp-block-image size-full\"><img loading=\"lazy\" decoding=\"async\" width=\"1024\" height=\"727\" src=\"https:\/\/www.djurskyddet.se\/karlstad\/wp-content\/uploads\/sites\/42\/2025\/12\/Djurskyddet_sid1_kalender.jpg\" alt=\"\" class=\"wp-image-8905\" srcset=\"https:\/\/www.djurskyddet.se\/karlstad\/wp-content\/uploads\/sites\/42\/2025\/12\/Djurskyddet_sid1_kalender.jpg 1024w, https:\/\/www.djurskyddet.se\/karlstad\/wp-content\/uploads\/sites\/42\/2025\/12\/Djurskyddet_sid1_kalender-300x213.jpg 300w, https:\/\/www.djurskyddet.se\/karlstad\/wp-content\/uploads\/sites\/42\/2025\/12\/Djurskyddet_sid1_kalender-768x545.jpg 768w, https:\/\/www.djurskyddet.se\/karlstad\/wp-content\/uploads\/sites\/42\/2025\/12\/Djurskyddet_sid1_kalender-400x284.jpg 400w\" sizes=\"auto, (max-width: 1024px) 100vw, 1024px\" \/><\/figure>\n\n\n\n<p>Nu \u00e4r \u00e4ntligen 2026 \u00e5rs kalender klar och ute p\u00e5 ett antal f\u00f6rs\u00e4ljningst\u00e4llen!  Det finns som vanligt \u00e4ven m\u00f6jlighet att best\u00e4lla den och f\u00e5 den hemskickad.<\/p>\n\n\n\n<p>Kalendern kostar 100 kr och alla int\u00e4kter g\u00e5r till v\u00e5r verksamhet p\u00e5 djurhemmet och i jourhemmen. \u00c5rets omslagskisse heter Brus och \u00e4r en av de katter som finns med i v\u00e5r nya kalender.<\/p>\n\n\n\n<p><strong>De st\u00e4llen kalendern finns att k\u00f6pa \u00e4r:<\/strong><\/p>\n\n\n\n<p>Westlund Salong, V\u00e4varegatan 12 &#8211; Norrstrand<\/p>\n\n\n\n<p>Evidensia Djursjukhuset Karlstad &#8211; F\u00e4rjestad<\/p>\n\n\n\n<p>Solstadens Sm\u00e5djursklinik &#8211; Gr\u00e4sdalen<\/p>\n\n\n\n<p>Hund &amp; Kattspecialisten &#8211; V\u00e5xn\u00e4s<\/p>\n\n\n\n<p>Djurcenter &#8211; V\u00e5xn\u00e4s<\/p>\n\n\n\n<p>Arken Zoo &#8211; V\u00e4lsviken<\/p>\n\n\n\n<p>Arken Zoo &#8211; Bergvik<\/p>\n\n\n\n<p>Maxi ICA Stormarknad &#8211; Bergvik<\/p>\n\n\n\n<p>ICA Supermarket &#8211; Sk\u00e5re<\/p>\n\n\n\n<p>Hundshopen &#8211; Forshaga<\/p>\n\n\n\n<p>Ewas Continental &#8211; Skoghall<\/p>\n\n\n\n<p>Wermlands skogsf\u00f6rr\u00e5d &#8211; Kil<\/p>\n\n\n\n<p>S\u00f6ta saker &#8211; V\u00e5lberg<\/p>\n\n\n\n<p><\/p>\n\n\n\n<p><strong>Vi ber er att helst anv\u00e4nda swish s\u00e5 mycket det g\u00e5r. Detta p\u00e5 grund av att det blir enklare f\u00f6r b\u00e5de f\u00f6reningen och v\u00e5ra f\u00f6rs\u00e4ljningsst\u00e4llen att hantera int\u00e4kterna. <\/strong><\/p>\n\n\n\n<p><em>Stort tack till v\u00e5ra f\u00f6rs\u00e4ljningsst\u00e4llen f\u00f6r att ni vill hj\u00e4lpa oss!<\/em><\/p>\n\n\n\n<p><\/p>\n\n\n\n<p>&#8212;&#8212;&#8212;&#8211;<\/p>\n\n\n\n<p><strong>F\u00c5 KALENDRAR HEMSKICKADE:<\/strong><\/p>\n\n\n\n<p>Om ni vill f\u00e5 kalendrar hemskickade med post ordnar vi detta! Fraktkostnader tillkommer och \u00e4r inkluderade i priserna som listas nedan.<\/p>\n\n\n\n<p>Maila till <a href=\"mailto:kalender@djurskyddetkarlstad.se\">kalender@djurskyddetkarlstad.se<\/a> och meddela antalet. Vi vill ha ert namn, adress, telefonnummer och hur m\u00e5nga ni vill k\u00f6pa.<\/p>\n\n\n\n<p>Betala sedan in totalsumman (se nedan) p\u00e5 plusgiro 70718-2 eller via swish 123 417 1690.<\/p>\n\n\n\n<p>Viktigt att ni m\u00e4rker betalningen med \u201dkalender brev\u201d s\u00e5 vi inte missat att ni betalar f\u00f6r kalenderutskick!<\/p>\n\n\n\n<p>N\u00e4r vi ser att betalningen kommit oss tillhanda tar det 5-10 dagar innan kalendern levereras till er.<\/p>\n\n\n\n<p><mark class=\"has-inline-color has-black-color\">Pris <strong>inklusive frakt<\/strong> f\u00f6r hemskick \u00e4r:<\/mark><\/p>\n\n\n\n<p>150 kr f\u00f6r 1 st kalender<\/p>\n\n\n\n<p>250 kr f\u00f6r 2 st kalendrar<\/p>\n\n\n\n<p>350 kr f\u00f6r 3 st kalendrar<\/p>\n\n\n\n<p>500 kr f\u00f6r 4 kalendrar<\/p>\n\n\n\n<p>600 kr f\u00f6r 5 kalendrar<\/p>\n\n\n\n<p>700 kr f\u00f6r 6 kalendrar<\/p>\n\n\n\n<p>Vill ni ha fler kalendrar maila till <a href=\"mailto:kalender@djurskyddetkarlstad.se\">kalender@djurskyddetkarlstad.se<\/a> och fr\u00e5ga hur vi b\u00e4st l\u00f6ser det.<\/p>\n\n\n\n<p>Den perfekta julklappen till den som har allt! (T\u00e4nk p\u00e5 att best\u00e4lla i god tid om ni vill vara s\u00e4kra p\u00e5 att f\u00e5 den levererad innan julafton.)<\/p>\n\n\n\n<p><em>Stort tack till er alla som vill k\u00f6pa v\u00e5r fina kalender!<\/em><\/p>\n\n\n\n<p><\/p>\n","protected":false},"excerpt":{"rendered":"<p>Nu \u00e4r \u00e4ntligen 2026 \u00e5rs kalender klar och ute p\u00e5 ett antal f\u00f6rs\u00e4ljningst\u00e4llen! Det finns som vanligt \u00e4ven m\u00f6jlighet att best\u00e4lla den och f\u00e5 den hemskickad. Kalendern kostar 100 kr och alla int\u00e4kter g\u00e5r till v\u00e5r verksamhet p\u00e5 djurhemmet och i jourhemmen. \u00c5rets omslagskisse heter Brus och \u00e4r en av de katter som finns med i v\u00e5r nya kalender. De st\u00e4llen kalendern finns att k\u00f6pa \u00e4r: Westlund Salong, V\u00e4varegatan 12&hellip;<\/p>\n<p><a class=\"more-link\" href=\"https:\/\/www.djurskyddet.se\/karlstad\/kalender-2022\/\" title=\"Continue reading &lsquo;KALENDER 2026&rsquo;\">L&auml;s mer<span class=\"meta-nav\">&raquo;<\/span><\/a><\/p>\n","protected":false},"author":63,"featured_media":0,"parent":0,"menu_order":0,"comment_status":"closed","ping_status":"closed","template":"left-sidebar.php","meta":{"_acf_changed":false,"footnotes":""},"class_list":["post-5640","page","type-page","status-publish","hentry"],"acf":[],"_links":{"self":[{"href":"https:\/\/www.djurskyddet.se\/karlstad\/wp-json\/wp\/v2\/pages\/5640","targetHints":{"allow":["GET"]}}],"collection":[{"href":"https:\/\/www.djurskyddet.se\/karlstad\/wp-json\/wp\/v2\/pages"}],"about":[{"href":"https:\/\/www.djurskyddet.se\/karlstad\/wp-json\/wp\/v2\/types\/page"}],"author":[{"embeddable":true,"href":"https:\/\/www.djurskyddet.se\/karlstad\/wp-json\/wp\/v2\/users\/63"}],"replies":[{"embeddable":true,"href":"https:\/\/www.djurskyddet.se\/karlstad\/wp-json\/wp\/v2\/comments?post=5640"}],"version-history":[{"count":58,"href":"https:\/\/www.djurskyddet.se\/karlstad\/wp-json\/wp\/v2\/pages\/5640\/revisions"}],"predecessor-version":[{"id":8911,"href":"https:\/\/www.djurskyddet.se\/karlstad\/wp-json\/wp\/v2\/pages\/5640\/revisions\/8911"}],"wp:attachment":[{"href":"https:\/\/www.djurskyddet.se\/karlstad\/wp-json\/wp\/v2\/media?parent=5640"}],"curies":[{"name":"wp","href":"https:\/\/api.w.org\/{rel}","templated":true}]}}