{"id":5959,"date":"2020-04-21T09:22:15","date_gmt":"2020-04-21T09:22:15","guid":{"rendered":"https:\/\/www.djurskyddet.se\/karlstad\/?page_id=5959"},"modified":"2020-08-24T09:09:29","modified_gmt":"2020-08-24T09:09:29","slug":"vanvard-anmalningar","status":"publish","type":"page","link":"https:\/\/www.djurskyddet.se\/karlstad\/vanvard-anmalningar\/","title":{"rendered":"Misst\u00e4nker du att ett djur far illa?"},"content":{"rendered":"\n<p>Om du ser att ett djur far illa eller har anledning att tro att ett djur far illa, anm\u00e4l till djurskyddshandl\u00e4ggare p\u00e5 L\u00e4nsstyrelsen.<\/p>\n\n\n\n<p>Om du vill g\u00e5r det att vara anonym n\u00e4r du g\u00f6r anm\u00e4lan, d\u00e5 beh\u00f6ver du ringa till L\u00e4nsstyrelsen. S\u00e4g att du vill vara anonym innan du presenterar dig. <\/p>\n\n\n\n<p>Du kan kontakta djurskyddshandl\u00e4ggare p\u00e5 L\u00e4nsstyrelsen p\u00e5 detta nummer: 010-224 71 20. Det g\u00e5r \u00e4ven att g\u00f6r webanm\u00e4lan, som finns p\u00e5 L\u00e4nsstyrelsens hemsida: <a href=\"https:\/\/www.lansstyrelsen.se\/varmland\/djur\/skotsel-av-djur\/anmal-bristande-djurhallning.html\">https:\/\/www.lansstyrelsen.se\/varmland\/djur\/skotsel-av-djur\/anmal-bristande-djurhallning.html<\/a><br><\/p>\n\n\n\n<p><strong>Om \u00e4rendet \u00e4r akut och L\u00e4nsstyrelsen inte kan n\u00e5s kan du kontakta polisen.&nbsp;<\/strong><br><strong>Om du vill anm\u00e4la ett brott eller tipsa polisen, ring 114 14<\/strong><br><strong>Vid p\u00e5g\u00e5ende brott, ring 112! <\/strong><br><\/p>\n","protected":false},"excerpt":{"rendered":"<p>Om du ser att ett djur far illa eller har anledning att tro att ett djur far illa, anm\u00e4l till djurskyddshandl\u00e4ggare p\u00e5 L\u00e4nsstyrelsen. Om du vill g\u00e5r det att vara anonym n\u00e4r du g\u00f6r anm\u00e4lan, d\u00e5 beh\u00f6ver du ringa till L\u00e4nsstyrelsen. S\u00e4g att du vill vara anonym innan du presenterar dig. Du kan kontakta djurskyddshandl\u00e4ggare p\u00e5 L\u00e4nsstyrelsen p\u00e5 detta nummer: 010-224 71 20. Det g\u00e5r \u00e4ven att g\u00f6r webanm\u00e4lan, som&hellip;<\/p>\n<p><a class=\"more-link\" href=\"https:\/\/www.djurskyddet.se\/karlstad\/vanvard-anmalningar\/\" title=\"Continue reading &lsquo;Misst\u00e4nker du att ett djur far illa?&rsquo;\">L&auml;s mer<span class=\"meta-nav\">&raquo;<\/span><\/a><\/p>\n","protected":false},"author":40,"featured_media":0,"parent":0,"menu_order":0,"comment_status":"closed","ping_status":"closed","template":"","meta":{"_acf_changed":false,"footnotes":""},"class_list":["post-5959","page","type-page","status-publish","hentry"],"acf":[],"_links":{"self":[{"href":"https:\/\/www.djurskyddet.se\/karlstad\/wp-json\/wp\/v2\/pages\/5959","targetHints":{"allow":["GET"]}}],"collection":[{"href":"https:\/\/www.djurskyddet.se\/karlstad\/wp-json\/wp\/v2\/pages"}],"about":[{"href":"https:\/\/www.djurskyddet.se\/karlstad\/wp-json\/wp\/v2\/types\/page"}],"author":[{"embeddable":true,"href":"https:\/\/www.djurskyddet.se\/karlstad\/wp-json\/wp\/v2\/users\/40"}],"replies":[{"embeddable":true,"href":"https:\/\/www.djurskyddet.se\/karlstad\/wp-json\/wp\/v2\/comments?post=5959"}],"version-history":[{"count":6,"href":"https:\/\/www.djurskyddet.se\/karlstad\/wp-json\/wp\/v2\/pages\/5959\/revisions"}],"predecessor-version":[{"id":6242,"href":"https:\/\/www.djurskyddet.se\/karlstad\/wp-json\/wp\/v2\/pages\/5959\/revisions\/6242"}],"wp:attachment":[{"href":"https:\/\/www.djurskyddet.se\/karlstad\/wp-json\/wp\/v2\/media?parent=5959"}],"curies":[{"name":"wp","href":"https:\/\/api.w.org\/{rel}","templated":true}]}}