{"id":10334,"date":"2020-07-09T13:19:14","date_gmt":"2020-07-09T13:19:14","guid":{"rendered":"https:\/\/www.djurskyddet.se\/kattfotenhalmstad\/?page_id=10334"},"modified":"2020-07-09T13:25:22","modified_gmt":"2020-07-09T13:25:22","slug":"zolo","status":"publish","type":"page","link":"https:\/\/www.djurskyddet.se\/kattfotenhalmstad\/adopterade-katter-2019\/zolo\/","title":{"rendered":"Zolo"},"content":{"rendered":"\n<p> Hej h\u00e4r kommer en h\u00e4lsning fr\u00e5n mig &#8211; Zolo! Jag kom till katthemmet 2019 och d\u00e4r fick jag namnet Zippo. I september 2019 fick jag med gl\u00e4dje flytta till mitt f\u00f6r alltid namn och lyssnar nu till namnet Zolo. Min familj s\u00e4ger att jag \u00e4r en supermysig kille som sm\u00e4lte direkt in i deras lilla flock. Den h\u00e4r flocken best\u00e5r av en annan katt och tv\u00e5 hundar, och en tredje hund som vi passar p\u00e5 obest\u00e4md tid. Jag sover g\u00e4rna i n\u00e5gon b\u00e4dd med hundarna eller med matte i s\u00e4ngen.<\/p>\n\n\n\n<div class=\"wp-block-image\"><figure class=\"aligncenter\"><img loading=\"lazy\" decoding=\"async\" width=\"311\" height=\"280\" src=\"https:\/\/www.djurskyddet.se\/kattfotenhalmstad\/wp-content\/uploads\/sites\/35\/2020\/07\/Zippo-Zolo-1.jpg\" alt=\"\" class=\"wp-image-10339\" srcset=\"https:\/\/www.djurskyddet.se\/kattfotenhalmstad\/wp-content\/uploads\/sites\/35\/2020\/07\/Zippo-Zolo-1.jpg 311w, https:\/\/www.djurskyddet.se\/kattfotenhalmstad\/wp-content\/uploads\/sites\/35\/2020\/07\/Zippo-Zolo-1-300x270.jpg 300w\" sizes=\"auto, (max-width: 311px) 100vw, 311px\" \/><\/figure><\/div>\n\n\n\n<div class=\"wp-block-image\"><figure class=\"aligncenter\"><img loading=\"lazy\" decoding=\"async\" width=\"256\" height=\"480\" src=\"https:\/\/www.djurskyddet.se\/kattfotenhalmstad\/wp-content\/uploads\/sites\/35\/2020\/07\/Zippo-Zolo-2.jpg\" alt=\"\" class=\"wp-image-10340\" srcset=\"https:\/\/www.djurskyddet.se\/kattfotenhalmstad\/wp-content\/uploads\/sites\/35\/2020\/07\/Zippo-Zolo-2.jpg 256w, https:\/\/www.djurskyddet.se\/kattfotenhalmstad\/wp-content\/uploads\/sites\/35\/2020\/07\/Zippo-Zolo-2-160x300.jpg 160w\" sizes=\"auto, (max-width: 256px) 100vw, 256px\" \/><\/figure><\/div>\n\n\n\n<div class=\"wp-block-image\"><figure class=\"aligncenter\"><img loading=\"lazy\" decoding=\"async\" width=\"459\" height=\"280\" src=\"https:\/\/www.djurskyddet.se\/kattfotenhalmstad\/wp-content\/uploads\/sites\/35\/2020\/07\/Zippo-Zolo-3-1.jpg\" alt=\"\" class=\"wp-image-10341\" srcset=\"https:\/\/www.djurskyddet.se\/kattfotenhalmstad\/wp-content\/uploads\/sites\/35\/2020\/07\/Zippo-Zolo-3-1.jpg 459w, https:\/\/www.djurskyddet.se\/kattfotenhalmstad\/wp-content\/uploads\/sites\/35\/2020\/07\/Zippo-Zolo-3-1-300x183.jpg 300w, https:\/\/www.djurskyddet.se\/kattfotenhalmstad\/wp-content\/uploads\/sites\/35\/2020\/07\/Zippo-Zolo-3-1-400x244.jpg 400w\" sizes=\"auto, (max-width: 459px) 100vw, 459px\" \/><\/figure><\/div>\n","protected":false},"excerpt":{"rendered":"<p>Hej h\u00e4r kommer en h\u00e4lsning fr\u00e5n mig &#8211; Zolo! Jag kom till katthemmet 2019 och d\u00e4r fick jag namnet Zippo. I september 2019 fick jag med gl\u00e4dje flytta till mitt f\u00f6r alltid namn och lyssnar nu till namnet Zolo. Min familj s\u00e4ger att jag \u00e4r en supermysig kille som sm\u00e4lte direkt in i deras lilla flock. Den h\u00e4r flocken best\u00e5r av en annan katt och tv\u00e5 hundar, och en tredje&hellip;<\/p>\n<p><a class=\"more-link\" href=\"https:\/\/www.djurskyddet.se\/kattfotenhalmstad\/adopterade-katter-2019\/zolo\/\" title=\"Continue reading &lsquo;Zolo&rsquo;\">L&auml;s mer<span class=\"meta-nav\">&raquo;<\/span><\/a><\/p>\n","protected":false},"author":36,"featured_media":0,"parent":8687,"menu_order":0,"comment_status":"closed","ping_status":"closed","template":"page-templates\/left-sidebar20200507.php","meta":{"_acf_changed":false,"footnotes":""},"class_list":["post-10334","page","type-page","status-publish","hentry"],"acf":[],"_links":{"self":[{"href":"https:\/\/www.djurskyddet.se\/kattfotenhalmstad\/wp-json\/wp\/v2\/pages\/10334","targetHints":{"allow":["GET"]}}],"collection":[{"href":"https:\/\/www.djurskyddet.se\/kattfotenhalmstad\/wp-json\/wp\/v2\/pages"}],"about":[{"href":"https:\/\/www.djurskyddet.se\/kattfotenhalmstad\/wp-json\/wp\/v2\/types\/page"}],"author":[{"embeddable":true,"href":"https:\/\/www.djurskyddet.se\/kattfotenhalmstad\/wp-json\/wp\/v2\/users\/36"}],"replies":[{"embeddable":true,"href":"https:\/\/www.djurskyddet.se\/kattfotenhalmstad\/wp-json\/wp\/v2\/comments?post=10334"}],"version-history":[{"count":2,"href":"https:\/\/www.djurskyddet.se\/kattfotenhalmstad\/wp-json\/wp\/v2\/pages\/10334\/revisions"}],"predecessor-version":[{"id":10342,"href":"https:\/\/www.djurskyddet.se\/kattfotenhalmstad\/wp-json\/wp\/v2\/pages\/10334\/revisions\/10342"}],"up":[{"embeddable":true,"href":"https:\/\/www.djurskyddet.se\/kattfotenhalmstad\/wp-json\/wp\/v2\/pages\/8687"}],"wp:attachment":[{"href":"https:\/\/www.djurskyddet.se\/kattfotenhalmstad\/wp-json\/wp\/v2\/media?parent=10334"}],"curies":[{"name":"wp","href":"https:\/\/api.w.org\/{rel}","templated":true}]}}