{"id":11580,"date":"2020-10-03T15:29:38","date_gmt":"2020-10-03T15:29:38","guid":{"rendered":"https:\/\/www.djurskyddet.se\/kattfotenhalmstad\/?page_id=11580"},"modified":"2020-10-03T15:29:39","modified_gmt":"2020-10-03T15:29:39","slug":"loop","status":"publish","type":"page","link":"https:\/\/www.djurskyddet.se\/kattfotenhalmstad\/lyckligt-slut-2\/adopterade-katter-2017\/loop\/","title":{"rendered":"Loop"},"content":{"rendered":"\n<p>Loop \u00e4r namnet, p\u00e5 katthemmet hette jag Lillan. \u00c5r 2017 adopterades jag och levde i mitt f\u00f6r alltid hem i tre underbara \u00e5r. D\u00e4refter blev jag pl\u00f6tsligt sjuk, blodkropp s\u00e4ger djurdoktorn. Idag vilar jag i katthimlen men mitt f\u00f6r alltid hem vill att jag st\u00e5r med h\u00e4r f\u00f6r att hedras och minnas. De ber\u00e4ttar att jag alltid varit lite egen, jag var social men h\u00f6ll mig alltid p\u00e5 min kant. Spenderade den mesta tiden utomhus f\u00f6r d\u00e4r trivdes jag b\u00e4st. Mitt f\u00f6r alltid hem s\u00e5g mig ofta sovandes p\u00e5 verandan eller lekandes med Void (min kattkompis). \u00c4lskade att bli kliad p\u00e5 magen!<\/p>\n\n\n\n<div class=\"wp-block-image\"><figure class=\"aligncenter\"><img loading=\"lazy\" decoding=\"async\" width=\"480\" height=\"506\" src=\"https:\/\/www.djurskyddet.se\/kattfotenhalmstad\/wp-content\/uploads\/sites\/35\/2020\/10\/Lillan-Loop-2017.jpg\" alt=\"\" class=\"wp-image-11582\" srcset=\"https:\/\/www.djurskyddet.se\/kattfotenhalmstad\/wp-content\/uploads\/sites\/35\/2020\/10\/Lillan-Loop-2017.jpg 480w, https:\/\/www.djurskyddet.se\/kattfotenhalmstad\/wp-content\/uploads\/sites\/35\/2020\/10\/Lillan-Loop-2017-285x300.jpg 285w, https:\/\/www.djurskyddet.se\/kattfotenhalmstad\/wp-content\/uploads\/sites\/35\/2020\/10\/Lillan-Loop-2017-400x422.jpg 400w\" sizes=\"auto, (max-width: 480px) 100vw, 480px\" \/><\/figure><\/div>\n","protected":false},"excerpt":{"rendered":"<p>Loop \u00e4r namnet, p\u00e5 katthemmet hette jag Lillan. \u00c5r 2017 adopterades jag och levde i mitt f\u00f6r alltid hem i tre underbara \u00e5r. D\u00e4refter blev jag pl\u00f6tsligt sjuk, blodkropp s\u00e4ger djurdoktorn. Idag vilar jag i katthimlen men mitt f\u00f6r alltid hem vill att jag st\u00e5r med h\u00e4r f\u00f6r att hedras och minnas. De ber\u00e4ttar att jag alltid varit lite egen, jag var social men h\u00f6ll mig alltid p\u00e5 min kant.&hellip;<\/p>\n<p><a class=\"more-link\" href=\"https:\/\/www.djurskyddet.se\/kattfotenhalmstad\/lyckligt-slut-2\/adopterade-katter-2017\/loop\/\" title=\"Continue reading &lsquo;Loop&rsquo;\">L&auml;s mer<span class=\"meta-nav\">&raquo;<\/span><\/a><\/p>\n","protected":false},"author":36,"featured_media":0,"parent":8755,"menu_order":0,"comment_status":"closed","ping_status":"closed","template":"page-templates\/left-sidebar20200507.php","meta":{"_acf_changed":false,"footnotes":""},"class_list":["post-11580","page","type-page","status-publish","hentry"],"acf":[],"_links":{"self":[{"href":"https:\/\/www.djurskyddet.se\/kattfotenhalmstad\/wp-json\/wp\/v2\/pages\/11580","targetHints":{"allow":["GET"]}}],"collection":[{"href":"https:\/\/www.djurskyddet.se\/kattfotenhalmstad\/wp-json\/wp\/v2\/pages"}],"about":[{"href":"https:\/\/www.djurskyddet.se\/kattfotenhalmstad\/wp-json\/wp\/v2\/types\/page"}],"author":[{"embeddable":true,"href":"https:\/\/www.djurskyddet.se\/kattfotenhalmstad\/wp-json\/wp\/v2\/users\/36"}],"replies":[{"embeddable":true,"href":"https:\/\/www.djurskyddet.se\/kattfotenhalmstad\/wp-json\/wp\/v2\/comments?post=11580"}],"version-history":[{"count":1,"href":"https:\/\/www.djurskyddet.se\/kattfotenhalmstad\/wp-json\/wp\/v2\/pages\/11580\/revisions"}],"predecessor-version":[{"id":11583,"href":"https:\/\/www.djurskyddet.se\/kattfotenhalmstad\/wp-json\/wp\/v2\/pages\/11580\/revisions\/11583"}],"up":[{"embeddable":true,"href":"https:\/\/www.djurskyddet.se\/kattfotenhalmstad\/wp-json\/wp\/v2\/pages\/8755"}],"wp:attachment":[{"href":"https:\/\/www.djurskyddet.se\/kattfotenhalmstad\/wp-json\/wp\/v2\/media?parent=11580"}],"curies":[{"name":"wp","href":"https:\/\/api.w.org\/{rel}","templated":true}]}}